49.12.13.109 - - [09/May/2023:21:36:09 +0200] "HEAD / HTTP/1.1" 200 - "-" "Alert_Alligator_webmonitoring_service_1.6.3_(alertalligator.com)"
80.249.163.145 - - [09/May/2023:21:36:12 +0200] "POST /wp-cron.php?doing_wp_cron=1683660972.2745099067687988281250 HTTP/1.1" 200 20 "http://sobarlang-terapia.hu/wp-cron.php?doing_wp_cron=1683660972.2745099067687988281250" "WordPress/5.3.14; http://sobarlang-terapia.hu"
85.1.114.83 - - [09/May/2023:21:37:06 +0200] "GET /wp-config.php.bak HTTP/1.1" 404 17960 "-" "Mozilla/5.0 (X11; Ubuntu; Linux x86_64; rv:62.0) Gecko/20100101 Firefox/62.0"
49.12.13.109 - - [09/May/2023:22:35:23 +0200] "HEAD / HTTP/1.1" 200 - "-" "Alert_Alligator_webmonitoring_service_1.6.3_(alertalligator.com)"
80.249.163.145 - - [09/May/2023:22:35:26 +0200] "POST /wp-cron.php?doing_wp_cron=1683664526.1986770629882812500000 HTTP/1.1" 200 20 "http://sobarlang-terapia.hu/wp-cron.php?doing_wp_cron=1683664526.1986770629882812500000" "WordPress/5.3.14; http://sobarlang-terapia.hu"
103.46.8.58 - - [09/May/2023:22:55:59 +0200] "GET /wp-login.php HTTP/1.1" 200 4807 "-" "Mozilla/5.0 (Windows NT 6.1) AppleWebKit/537.36 (KHTML, like Gecko) Chrome/45.0.2454.85 Safari/537.36 OPR/32.0.1948.45"
103.46.8.58 - - [09/May/2023:22:56:01 +0200] "POST /wp-login.php HTTP/1.1" 200 5717 "http://sobarlang-terapia.hu/wp-login.php" "Mozilla/5.0 (Windows NT 6.1) AppleWebKit/537.36 (KHTML, like Gecko) Chrome/45.0.2454.85 Safari/537.36 OPR/32.0.1948.45"
52.167.144.133 - - [09/May/2023:22:59:39 +0200] "GET /robots.txt HTTP/1.1" 200 114 "-" "Mozilla/5.0 AppleWebKit/537.36 (KHTML, like Gecko; compatible; bingbot/2.0; +http://www.bing.com/bingbot.htm) Chrome/103.0.5060.134 Safari/537.36"
40.77.167.131 - - [09/May/2023:22:59:49 +0200] "GET /log/ HTTP/1.1" 200 1163 "-" "Mozilla/5.0 AppleWebKit/537.36 (KHTML, like Gecko; compatible; bingbot/2.0; +http://www.bing.com/bingbot.htm) Chrome/103.0.5060.134 Safari/537.36"
49.12.13.109 - - [09/May/2023:23:34:30 +0200] "HEAD / HTTP/1.1" 200 - "-" "Alert_Alligator_webmonitoring_service_1.6.3_(alertalligator.com)"
80.249.163.145 - - [09/May/2023:23:34:30 +0200] "POST /wp-cron.php?doing_wp_cron=1683668070.8898050785064697265625 HTTP/1.1" 200 20 "http://sobarlang-terapia.hu/wp-cron.php?doing_wp_cron=1683668070.8898050785064697265625" "WordPress/5.3.14; http://sobarlang-terapia.hu"
185.129.61.3 - - [09/May/2023:23:43:13 +0200] "GET / HTTP/1.1" 200 52940 "sobarlang-terapia.hu" "Mozilla/5.0 (X11; U; Linux i686; en-US; rv:1.9.1.2) Gecko/20090729 Firefox/3.5.2"
66.249.66.89 - - [10/May/2023:00:02:54 +0200] "GET /robots.txt HTTP/1.1" 200 114 "-" "Mozilla/5.0 (compatible; Googlebot/2.1; +http://www.google.com/bot.html)"
80.249.163.145 - - [10/May/2023:00:02:54 +0200] "POST /wp-cron.php?doing_wp_cron=1683669774.9038150310516357421875 HTTP/1.1" 200 20 "http://sobarlang-terapia.hu/wp-cron.php?doing_wp_cron=1683669774.9038150310516357421875" "WordPress/5.3.14; http://sobarlang-terapia.hu"
66.249.66.12 - - [10/May/2023:00:02:56 +0200] "GET /sitemap-misc.xml HTTP/1.1" 200 503 "-" "Mozilla/5.0 (compatible; Googlebot/2.1; +http://www.google.com/bot.html)"
213.159.215.68 - - [10/May/2023:00:20:20 +0200] "GET /wp-login.php HTTP/1.1" 200 4807 "-" "Mozilla/5.0 (Windows NT 6.1; rv:60.0) Gecko/20100101 Firefox/60.0"
213.159.215.68 - - [10/May/2023:00:20:21 +0200] "GET /?author=3 HTTP/1.1" 404 52287 "-" "Mozilla/5.0 (Windows NT 6.1; rv:60.0) Gecko/20100101 Firefox/60.0"
212.237.51.151 - - [10/May/2023:00:38:40 +0200] "HEAD / HTTP/1.1" 200 - "-" "Alert_Alligator_webmonitoring_service_1.6.4_(alertalligator.com)"
80.249.163.145 - - [10/May/2023:00:38:45 +0200] "POST /wp-cron.php?doing_wp_cron=1683671924.6415150165557861328125 HTTP/1.1" 200 20 "http://sobarlang-terapia.hu/wp-cron.php?doing_wp_cron=1683671924.6415150165557861328125" "WordPress/5.3.14; http://sobarlang-terapia.hu"
95.214.26.15 - - [10/May/2023:01:25:33 +0200] "GET /wp-content/themes/seotheme/mar.php HTTP/1.1" 200 18341 "-" "Mozilla/5.0 (Windows; U; Windows NT 6.1; en-US; rv:1.9.1.5) Gecko/20091102 Firefox/3.5.5 (.NET CLR 3.5.30729)"
80.249.163.145 - - [10/May/2023:01:25:34 +0200] "POST /wp-cron.php?doing_wp_cron=1683674734.7485570907592773437500 HTTP/1.1" 200 20 "http://sobarlang-terapia.hu/wp-cron.php?doing_wp_cron=1683674734.7485570907592773437500" "WordPress/5.3.14; http://sobarlang-terapia.hu"
49.12.13.109 - - [10/May/2023:01:37:53 +0200] "HEAD / HTTP/1.1" 200 - "-" "Alert_Alligator_webmonitoring_service_1.6.3_(alertalligator.com)"
128.199.26.128 - - [10/May/2023:02:59:38 +0200] "GET /wp-login.php HTTP/1.1" 200 1762 "" "Mozilla/5.0 (Windows NT 6.3; Win64; x64; rv:109.0) Gecko/20100101 Firefox/111.0"
80.249.163.145 - - [10/May/2023:02:59:39 +0200] "POST /wp-cron.php?doing_wp_cron=1683680379.7675929069519042968750 HTTP/1.1" 200 20 "http://sobarlang-terapia.hu/wp-cron.php?doing_wp_cron=1683680379.7675929069519042968750" "WordPress/5.3.14; http://sobarlang-terapia.hu"
128.199.26.128 - - [10/May/2023:02:59:41 +0200] "GET /wp-json/wp/v2/users HTTP/1.1" 200 593 "" "Mozilla/5.0 (Windows NT 6.3; Win64; x64; rv:109.0) Gecko/20100101 Firefox/111.0"
128.199.26.128 - - [10/May/2023:02:59:42 +0200] "POST /wp-login.php HTTP/1.1" 200 2151 "http://sobarlang-terapia.hu/wp-login.php?redirect_to=http%3A%2F%2Fsobarlang-terapia.hu%2Fwp-admin%2F" "Mozilla/5.0 (Windows NT 6.3; Win64; x64; rv:109.0) Gecko/20100101 Firefox/111.0"
128.199.26.128 - - [10/May/2023:02:59:43 +0200] "POST /wp-login.php HTTP/1.1" 200 2151 "http://sobarlang-terapia.hu/wp-login.php?redirect_to=http%3A%2F%2Fsobarlang-terapia.hu%2Fwp-admin%2F" "Mozilla/5.0 (Windows NT 6.3; Win64; x64; rv:109.0) Gecko/20100101 Firefox/111.0"
172.104.47.193 - - [10/May/2023:03:06:23 +0200] "GET /wp-login.php HTTP/1.1" 200 1762 "" "Mozilla/5.0 (Windows NT 6.3; Win64; x64; rv:109.0) Gecko/20100101 Firefox/111.0"
172.104.47.193 - - [10/May/2023:03:06:25 +0200] "GET /wp-json/wp/v2/users HTTP/1.1" 200 593 "" "Mozilla/5.0 (Windows NT 6.3; Win64; x64; rv:109.0) Gecko/20100101 Firefox/111.0"
172.104.47.193 - - [10/May/2023:03:06:26 +0200] "POST /wp-login.php HTTP/1.1" 200 2151 "http://sobarlang-terapia.hu/wp-login.php?redirect_to=http%3A%2F%2Fsobarlang-terapia.hu%2Fwp-admin%2F" "Mozilla/5.0 (Windows NT 6.3; Win64; x64; rv:109.0) Gecko/20100101 Firefox/111.0"
172.104.47.193 - - [10/May/2023:03:06:28 +0200] "POST /wp-login.php HTTP/1.1" 200 2151 "http://sobarlang-terapia.hu/wp-login.php?redirect_to=http%3A%2F%2Fsobarlang-terapia.hu%2Fwp-admin%2F" "Mozilla/5.0 (Windows NT 6.3; Win64; x64; rv:109.0) Gecko/20100101 Firefox/111.0"
114.119.140.178 - - [10/May/2023:03:08:00 +0200] "GET /robots.txt HTTP/1.1" 200 114 "-" "Mozilla/5.0 (compatible;PetalBot;+https://webmaster.petalsearch.com/site/petalbot)"
212.237.51.151 - - [10/May/2023:03:10:43 +0200] "HEAD / HTTP/1.1" 200 - "-" "Alert_Alligator_webmonitoring_service_1.6.4_(alertalligator.com)"
49.12.13.109 - - [10/May/2023:04:27:43 +0200] "HEAD / HTTP/1.1" 200 - "-" "Alert_Alligator_webmonitoring_service_1.6.3_(alertalligator.com)"
80.249.163.145 - - [10/May/2023:04:27:44 +0200] "POST /wp-cron.php?doing_wp_cron=1683685664.5899040699005126953125 HTTP/1.1" 200 20 "http://sobarlang-terapia.hu/wp-cron.php?doing_wp_cron=1683685664.5899040699005126953125" "WordPress/5.3.14; http://sobarlang-terapia.hu"
49.12.13.109 - - [10/May/2023:05:26:53 +0200] "HEAD / HTTP/1.1" 200 - "-" "Alert_Alligator_webmonitoring_service_1.6.3_(alertalligator.com)"
80.249.163.145 - - [10/May/2023:05:26:54 +0200] "POST /wp-cron.php?doing_wp_cron=1683689214.5634980201721191406250 HTTP/1.1" 200 20 "http://sobarlang-terapia.hu/wp-cron.php?doing_wp_cron=1683689214.5634980201721191406250" "WordPress/5.3.14; http://sobarlang-terapia.hu"
212.237.51.151 - - [10/May/2023:06:28:22 +0200] "HEAD / HTTP/1.1" 200 - "-" "Alert_Alligator_webmonitoring_service_1.6.4_(alertalligator.com)"
80.249.163.145 - - [10/May/2023:06:28:23 +0200] "POST /wp-cron.php?doing_wp_cron=1683692903.0511898994445800781250 HTTP/1.1" 200 20 "http://sobarlang-terapia.hu/wp-cron.php?doing_wp_cron=1683692903.0511898994445800781250" "WordPress/5.3.14; http://sobarlang-terapia.hu"
54.36.148.213 - - [10/May/2023:07:00:25 +0200] "GET / HTTP/1.1" 200 18012 "-" "Mozilla/5.0 (compatible; AhrefsBot/7.0; +http://ahrefs.com/robot/)"
49.12.13.109 - - [10/May/2023:07:49:57 +0200] "HEAD / HTTP/1.1" 200 - "-" "Alert_Alligator_webmonitoring_service_1.6.4_(alertalligator.com)"
80.249.163.145 - - [10/May/2023:07:50:03 +0200] "POST /wp-cron.php?doing_wp_cron=1683697803.1429491043090820312500 HTTP/1.1" 200 20 "http://sobarlang-terapia.hu/wp-cron.php?doing_wp_cron=1683697803.1429491043090820312500" "WordPress/5.3.14; http://sobarlang-terapia.hu"
34.175.73.202 - - [10/May/2023:08:31:40 +0200] "GET /wp-login.php HTTP/1.1" 200 1762 "" "Mozilla/5.0 (Windows NT 6.3; Win64; x64; rv:109.0) Gecko/20100101 Firefox/111.0"
80.249.163.145 - - [10/May/2023:08:31:41 +0200] "POST /wp-cron.php?doing_wp_cron=1683700301.6720180511474609375000 HTTP/1.1" 200 20 "http://sobarlang-terapia.hu/wp-cron.php?doing_wp_cron=1683700301.6720180511474609375000" "WordPress/5.3.14; http://sobarlang-terapia.hu"
34.175.73.202 - - [10/May/2023:08:31:43 +0200] "GET /wp-json/wp/v2/users HTTP/1.1" 200 593 "" "Mozilla/5.0 (Windows NT 6.3; Win64; x64; rv:109.0) Gecko/20100101 Firefox/111.0"
34.175.73.202 - - [10/May/2023:08:31:44 +0200] "POST /wp-login.php HTTP/1.1" 200 2151 "http://sobarlang-terapia.hu/wp-login.php?redirect_to=http%3A%2F%2Fsobarlang-terapia.hu%2Fwp-admin%2F" "Mozilla/5.0 (Windows NT 6.3; Win64; x64; rv:109.0) Gecko/20100101 Firefox/111.0"
34.175.73.202 - - [10/May/2023:08:31:45 +0200] "POST /wp-login.php HTTP/1.1" 200 2151 "http://sobarlang-terapia.hu/wp-login.php?redirect_to=http%3A%2F%2Fsobarlang-terapia.hu%2Fwp-admin%2F" "Mozilla/5.0 (Windows NT 6.3; Win64; x64; rv:109.0) Gecko/20100101 Firefox/111.0"
49.12.13.109 - - [10/May/2023:08:49:21 +0200] "HEAD / HTTP/1.1" 200 - "-" "Alert_Alligator_webmonitoring_service_1.6.3_(alertalligator.com)"
52.167.144.133 - - [10/May/2023:09:17:11 +0200] "GET /robots.txt HTTP/1.1" 200 114 "-" "Mozilla/5.0 AppleWebKit/537.36 (KHTML, like Gecko; compatible; bingbot/2.0; +http://www.bing.com/bingbot.htm) Chrome/103.0.5060.134 Safari/537.36"
40.77.167.117 - - [10/May/2023:09:17:21 +0200] "GET /sobarlangmukodese-sobarlang-terapia.htm HTTP/1.1" 404 17957 "-" "Mozilla/5.0 AppleWebKit/537.36 (KHTML, like Gecko; compatible; bingbot/2.0; +http://www.bing.com/bingbot.htm) Chrome/103.0.5060.134 Safari/537.36"
49.12.13.109 - - [10/May/2023:09:31:48 +0200] "HEAD / HTTP/1.1" 200 - "-" "Alert_Alligator_webmonitoring_service_1.6.4_(alertalligator.com)"
80.249.163.145 - - [10/May/2023:09:31:49 +0200] "POST /wp-cron.php?doing_wp_cron=1683703909.4723351001739501953125 HTTP/1.1" 200 20 "http://sobarlang-terapia.hu/wp-cron.php?doing_wp_cron=1683703909.4723351001739501953125" "WordPress/5.3.14; http://sobarlang-terapia.hu"
212.237.51.151 - - [10/May/2023:10:33:43 +0200] "HEAD / HTTP/1.1" 200 - "-" "Alert_Alligator_webmonitoring_service_1.6.4_(alertalligator.com)"
80.249.163.145 - - [10/May/2023:10:33:44 +0200] "POST /wp-cron.php?doing_wp_cron=1683707624.5921208858489990234375 HTTP/1.1" 200 20 "http://sobarlang-terapia.hu/wp-cron.php?doing_wp_cron=1683707624.5921208858489990234375" "WordPress/5.3.14; http://sobarlang-terapia.hu"
34.219.144.185 - - [10/May/2023:11:28:01 +0200] "GET / HTTP/1.1" 200 18012 "-" "Mozilla/5.0 (Macintosh; Intel Mac OS X 13_3_1) AppleWebKit/537.36 (KHTML, like Gecko) Chrome/113.0.0.0 Safari/537.36"
80.249.163.145 - - [10/May/2023:11:28:02 +0200] "POST /wp-cron.php?doing_wp_cron=1683710882.6981279850006103515625 HTTP/1.1" 200 20 "http://sobarlang-terapia.hu/wp-cron.php?doing_wp_cron=1683710882.6981279850006103515625" "WordPress/5.3.14; http://sobarlang-terapia.hu"
212.237.51.151 - - [10/May/2023:11:34:33 +0200] "HEAD / HTTP/1.1" 200 - "-" "Alert_Alligator_webmonitoring_service_1.6.4_(alertalligator.com)"
49.12.13.109 - - [10/May/2023:12:34:17 +0200] "HEAD / HTTP/1.1" 200 - "-" "Alert_Alligator_webmonitoring_service_1.6.3_(alertalligator.com)"
80.249.163.145 - - [10/May/2023:12:34:18 +0200] "POST /wp-cron.php?doing_wp_cron=1683714858.1065089702606201171875 HTTP/1.1" 200 20 "http://sobarlang-terapia.hu/wp-cron.php?doing_wp_cron=1683714858.1065089702606201171875" "WordPress/5.3.14; http://sobarlang-terapia.hu"
89.253.225.164 - - [10/May/2023:12:35:45 +0200] "GET /wp-login.php HTTP/1.1" 200 1762 "" "Mozilla/5.0 (Windows NT 6.3; Win64; x64; rv:109.0) Gecko/20100101 Firefox/111.0"
89.253.225.164 - - [10/May/2023:12:35:46 +0200] "GET /wp-json/wp/v2/users HTTP/1.1" 200 593 "" "Mozilla/5.0 (Windows NT 6.3; Win64; x64; rv:109.0) Gecko/20100101 Firefox/111.0"
89.253.225.164 - - [10/May/2023:12:35:47 +0200] "POST /wp-login.php HTTP/1.1" 200 2151 "http://sobarlang-terapia.hu/wp-login.php?redirect_to=http%3A%2F%2Fsobarlang-terapia.hu%2Fwp-admin%2F" "Mozilla/5.0 (Windows NT 6.3; Win64; x64; rv:109.0) Gecko/20100101 Firefox/111.0"
89.253.225.164 - - [10/May/2023:12:35:47 +0200] "POST /wp-login.php HTTP/1.1" 200 2151 "http://sobarlang-terapia.hu/wp-login.php?redirect_to=http%3A%2F%2Fsobarlang-terapia.hu%2Fwp-admin%2F" "Mozilla/5.0 (Windows NT 6.3; Win64; x64; rv:109.0) Gecko/20100101 Firefox/111.0"
54.36.149.74 - - [10/May/2023:13:13:55 +0200] "GET /robots.txt HTTP/1.1" 200 114 "-" "Mozilla/5.0 (compatible; AhrefsBot/7.0; +http://ahrefs.com/robot/)"
54.36.148.182 - - [10/May/2023:13:13:58 +0200] "GET / HTTP/1.1" 200 18015 "-" "Mozilla/5.0 (compatible; AhrefsBot/7.0; +http://ahrefs.com/robot/)"
49.12.13.109 - - [10/May/2023:13:33:55 +0200] "HEAD / HTTP/1.1" 200 - "-" "Alert_Alligator_webmonitoring_service_1.6.3_(alertalligator.com)"
80.249.163.145 - - [10/May/2023:13:33:55 +0200] "POST /wp-cron.php?doing_wp_cron=1683718435.8458409309387207031250 HTTP/1.1" 200 20 "http://sobarlang-terapia.hu/wp-cron.php?doing_wp_cron=1683718435.8458409309387207031250" "WordPress/5.3.14; http://sobarlang-terapia.hu"
212.237.51.151 - - [10/May/2023:14:34:36 +0200] "HEAD / HTTP/1.1" 200 - "-" "Alert_Alligator_webmonitoring_service_1.6.4_(alertalligator.com)"
80.249.163.145 - - [10/May/2023:14:34:37 +0200] "POST /wp-cron.php?doing_wp_cron=1683722077.2574400901794433593750 HTTP/1.1" 200 20 "http://sobarlang-terapia.hu/wp-cron.php?doing_wp_cron=1683722077.2574400901794433593750" "WordPress/5.3.14; http://sobarlang-terapia.hu"
141.98.6.209 - - [10/May/2023:15:20:14 +0200] "GET /wp-includes/images/wlw/ HTTP/1.1" 200 451 "-" "python-requests/2.27.1"
141.98.6.209 - - [10/May/2023:15:20:29 +0200] "GET /wp-includes/images/wlw/ HTTP/1.1" 200 451 "-" "python-requests/2.27.1"
97.74.81.30 - - [10/May/2023:15:24:36 +0200] "GET /wp-login.php HTTP/1.1" 200 1762 "" "Mozilla/5.0 (Windows NT 6.3; Win64; x64; rv:109.0) Gecko/20100101 Firefox/111.0"
80.249.163.145 - - [10/May/2023:15:24:36 +0200] "POST /wp-cron.php?doing_wp_cron=1683725076.9251511096954345703125 HTTP/1.1" 200 20 "http://sobarlang-terapia.hu/wp-cron.php?doing_wp_cron=1683725076.9251511096954345703125" "WordPress/5.3.14; http://sobarlang-terapia.hu"
97.74.81.30 - - [10/May/2023:15:24:38 +0200] "GET /wp-json/wp/v2/users HTTP/1.1" 200 593 "" "Mozilla/5.0 (Windows NT 6.3; Win64; x64; rv:109.0) Gecko/20100101 Firefox/111.0"
97.74.81.30 - - [10/May/2023:15:24:40 +0200] "POST /wp-login.php HTTP/1.1" 200 2151 "http://sobarlang-terapia.hu/wp-login.php?redirect_to=http%3A%2F%2Fsobarlang-terapia.hu%2Fwp-admin%2F" "Mozilla/5.0 (Windows NT 6.3; Win64; x64; rv:109.0) Gecko/20100101 Firefox/111.0"
97.74.81.30 - - [10/May/2023:15:24:41 +0200] "POST /wp-login.php HTTP/1.1" 200 2151 "http://sobarlang-terapia.hu/wp-login.php?redirect_to=http%3A%2F%2Fsobarlang-terapia.hu%2Fwp-admin%2F" "Mozilla/5.0 (Windows NT 6.3; Win64; x64; rv:109.0) Gecko/20100101 Firefox/111.0"
51.83.238.159 - - [10/May/2023:15:33:35 +0200] "GET / HTTP/1.1" 200 52940 "-" "cpp-httplib/0.10.9"
80.249.163.145 - - [10/May/2023:15:33:36 +0200] "POST /wp-cron.php?doing_wp_cron=1683725616.2419190406799316406250 HTTP/1.1" 200 20 "http://sobarlang-terapia.hu/wp-cron.php?doing_wp_cron=1683725616.2419190406799316406250" "WordPress/5.3.14; http://sobarlang-terapia.hu"
49.12.13.109 - - [10/May/2023:15:34:18 +0200] "HEAD / HTTP/1.1" 200 - "-" "Alert_Alligator_webmonitoring_service_1.6.3_(alertalligator.com)"
51.83.238.159 - - [10/May/2023:15:35:12 +0200] "GET /comments/feed/ HTTP/1.1" 200 754 "-" "cpp-httplib/0.10.9"
51.83.238.159 - - [10/May/2023:15:36:56 +0200] "GET /comments/feed/ HTTP/1.1" 200 754 "-" "cpp-httplib/0.10.9"
44.229.34.189 - - [10/May/2023:15:53:15 +0200] "GET / HTTP/1.1" 200 18012 "-" "Mozilla/5.0 (Macintosh; Intel Mac OS X 13_3_1) AppleWebKit/537.36 (KHTML, like Gecko) Chrome/113.0.0.0 Safari/537.36"
49.12.13.109 - - [10/May/2023:16:33:23 +0200] "HEAD / HTTP/1.1" 200 - "-" "Alert_Alligator_webmonitoring_service_1.6.3_(alertalligator.com)"
80.249.163.145 - - [10/May/2023:16:33:24 +0200] "POST /wp-cron.php?doing_wp_cron=1683729204.0285849571228027343750 HTTP/1.1" 200 20 "http://sobarlang-terapia.hu/wp-cron.php?doing_wp_cron=1683729204.0285849571228027343750" "WordPress/5.3.14; http://sobarlang-terapia.hu"
49.12.13.109 - - [10/May/2023:17:12:05 +0200] "HEAD / HTTP/1.1" 200 - "-" "Alert_Alligator_webmonitoring_service_1.6.4_(alertalligator.com)"
49.12.13.109 - - [10/May/2023:18:11:10 +0200] "HEAD / HTTP/1.1" 200 - "-" "Alert_Alligator_webmonitoring_service_1.6.3_(alertalligator.com)"
80.249.163.145 - - [10/May/2023:18:11:12 +0200] "POST /wp-cron.php?doing_wp_cron=1683735072.0083620548248291015625 HTTP/1.1" 200 20 "http://sobarlang-terapia.hu/wp-cron.php?doing_wp_cron=1683735072.0083620548248291015625" "WordPress/5.3.14; http://sobarlang-terapia.hu"
212.237.51.151 - - [10/May/2023:19:09:10 +0200] "HEAD / HTTP/1.1" 200 - "-" "Alert_Alligator_webmonitoring_service_1.6.4_(alertalligator.com)"
80.249.163.145 - - [10/May/2023:19:09:10 +0200] "POST /wp-cron.php?doing_wp_cron=1683738550.8117671012878417968750 HTTP/1.1" 200 20 "http://sobarlang-terapia.hu/wp-cron.php?doing_wp_cron=1683738550.8117671012878417968750" "WordPress/5.3.14; http://sobarlang-terapia.hu"
212.237.51.151 - - [10/May/2023:20:08:32 +0200] "HEAD / HTTP/1.1" 200 - "-" "Alert_Alligator_webmonitoring_service_1.6.4_(alertalligator.com)"
80.249.163.145 - - [10/May/2023:20:08:33 +0200] "POST /wp-cron.php?doing_wp_cron=1683742113.0119740962982177734375 HTTP/1.1" 200 20 "http://sobarlang-terapia.hu/wp-cron.php?doing_wp_cron=1683742113.0119740962982177734375" "WordPress/5.3.14; http://sobarlang-terapia.hu"
49.12.13.109 - - [10/May/2023:21:07:42 +0200] "HEAD / HTTP/1.1" 200 - "-" "Alert_Alligator_webmonitoring_service_1.6.3_(alertalligator.com)"
80.249.163.145 - - [10/May/2023:21:07:45 +0200] "POST /wp-cron.php?doing_wp_cron=1683745664.6601040363311767578125 HTTP/1.1" 200 20 "http://sobarlang-terapia.hu/wp-cron.php?doing_wp_cron=1683745664.6601040363311767578125" "WordPress/5.3.14; http://sobarlang-terapia.hu"
185.106.208.50 - - [10/May/2023:21:16:04 +0200] "GET /wp-login.php HTTP/1.1" 200 1762 "" "Mozilla/5.0 (Windows NT 6.3; Win64; x64; rv:109.0) Gecko/20100101 Firefox/111.0"
185.106.208.50 - - [10/May/2023:21:16:05 +0200] "GET /wp-json/wp/v2/users HTTP/1.1" 200 593 "" "Mozilla/5.0 (Windows NT 6.3; Win64; x64; rv:109.0) Gecko/20100101 Firefox/111.0"
185.106.208.50 - - [10/May/2023:21:16:06 +0200] "POST /wp-login.php HTTP/1.1" 200 2151 "http://sobarlang-terapia.hu/wp-login.php?redirect_to=http%3A%2F%2Fsobarlang-terapia.hu%2Fwp-admin%2F" "Mozilla/5.0 (Windows NT 6.3; Win64; x64; rv:109.0) Gecko/20100101 Firefox/111.0"
185.106.208.50 - - [10/May/2023:21:16:07 +0200] "POST /wp-login.php HTTP/1.1" 200 2151 "http://sobarlang-terapia.hu/wp-login.php?redirect_to=http%3A%2F%2Fsobarlang-terapia.hu%2Fwp-admin%2F" "Mozilla/5.0 (Windows NT 6.3; Win64; x64; rv:109.0) Gecko/20100101 Firefox/111.0"
18.237.39.143 - - [10/May/2023:21:19:38 +0200] "GET / HTTP/1.1" 200 18012 "-" "Mozilla/5.0 (X11; Linux x86_64) AppleWebKit/537.36 (KHTML, like Gecko) Chrome/83.0.4103.97 Safari/537.36"
18.237.235.158 - - [10/May/2023:21:20:12 +0200] "GET / HTTP/1.1" 200 18012 "-" "Mozilla/5.0 (X11; Linux x86_64) AppleWebKit/537.36 (KHTML, like Gecko) Chrome/83.0.4103.97 Safari/537.36"
49.12.13.109 - - [10/May/2023:22:07:11 +0200] "HEAD / HTTP/1.1" 200 - "-" "Alert_Alligator_webmonitoring_service_1.6.3_(alertalligator.com)"
80.249.163.145 - - [10/May/2023:22:07:12 +0200] "POST /wp-cron.php?doing_wp_cron=1683749232.1925520896911621093750 HTTP/1.1" 200 20 "http://sobarlang-terapia.hu/wp-cron.php?doing_wp_cron=1683749232.1925520896911621093750" "WordPress/5.3.14; http://sobarlang-terapia.hu"
114.119.137.67 - - [10/May/2023:22:18:03 +0200] "GET /robots.txt HTTP/1.1" 200 114 "-" "Mozilla/5.0 (compatible;PetalBot;+https://webmaster.petalsearch.com/site/petalbot)"
212.237.51.151 - - [10/May/2023:23:07:18 +0200] "HEAD / HTTP/1.1" 200 - "-" "Alert_Alligator_webmonitoring_service_1.6.4_(alertalligator.com)"
80.249.163.145 - - [10/May/2023:23:07:19 +0200] "POST /wp-cron.php?doing_wp_cron=1683752839.4375040531158447265625 HTTP/1.1" 200 20 "http://sobarlang-terapia.hu/wp-cron.php?doing_wp_cron=1683752839.4375040531158447265625" "WordPress/5.3.14; http://sobarlang-terapia.hu"
212.237.51.151 - - [11/May/2023:00:20:44 +0200] "HEAD / HTTP/1.1" 200 - "-" "Alert_Alligator_webmonitoring_service_1.6.4_(alertalligator.com)"
80.249.163.145 - - [11/May/2023:00:20:44 +0200] "POST /wp-cron.php?doing_wp_cron=1683757244.6746649742126464843750 HTTP/1.1" 200 20 "http://sobarlang-terapia.hu/wp-cron.php?doing_wp_cron=1683757244.6746649742126464843750" "WordPress/5.3.14; http://sobarlang-terapia.hu"
173.252.95.116 - - [11/May/2023:01:12:35 +0200] "GET /robots.txt HTTP/1.1" 206 114 "-" "facebookexternalhit/1.1 (+http://www.facebook.com/externalhit_uatext.php)"
80.249.163.145 - - [11/May/2023:01:12:36 +0200] "POST /wp-cron.php?doing_wp_cron=1683760356.8589510917663574218750 HTTP/1.1" 200 20 "http://sobarlang-terapia.hu/wp-cron.php?doing_wp_cron=1683760356.8589510917663574218750" "WordPress/5.3.14; http://sobarlang-terapia.hu"
173.252.127.24 - - [11/May/2023:01:12:45 +0200] "GET /?fbclid=IwAR0_6AvLp3_ph_MtA_rAuF1vqSzsZR2fdpQA43l9Frq0irfkhcRrqP-7SJ0 HTTP/1.1" 200 18012 "-" "Mozilla/5.0 (Windows NT 10.0; Win64; x64) AppleWebKit/537.36 (KHTML, like Gecko) Chrome/113.0.0.0 Safari/537.36"
173.252.127.7 - - [11/May/2023:01:12:46 +0200] "GET /wp-includes/css/dist/block-library/theme.min.css?ver=5.3.14 HTTP/1.1" 200 639 "http://sobarlang-terapia.hu/?fbclid=IwAR0_6AvLp3_ph_MtA_rAuF1vqSzsZR2fdpQA43l9Frq0irfkhcRrqP-7SJ0" "Mozilla/5.0 (Windows NT 10.0; Win64; x64) AppleWebKit/537.36 (KHTML, like Gecko) Chrome/113.0.0.0 Safari/537.36"
173.252.127.6 - - [11/May/2023:01:12:46 +0200] "GET /wp-includes/css/dist/block-library/style.min.css?ver=5.3.14 HTTP/1.1" 200 6132 "http://sobarlang-terapia.hu/?fbclid=IwAR0_6AvLp3_ph_MtA_rAuF1vqSzsZR2fdpQA43l9Frq0irfkhcRrqP-7SJ0" "Mozilla/5.0 (Windows NT 10.0; Win64; x64) AppleWebKit/537.36 (KHTML, like Gecko) Chrome/113.0.0.0 Safari/537.36"
173.252.127.14 - - [11/May/2023:01:12:46 +0200] "GET /wp-content/themes/twentyseventeen/style.css?ver=20190507 HTTP/1.1" 200 15806 "http://sobarlang-terapia.hu/?fbclid=IwAR0_6AvLp3_ph_MtA_rAuF1vqSzsZR2fdpQA43l9Frq0irfkhcRrqP-7SJ0" "Mozilla/5.0 (Windows NT 10.0; Win64; x64) AppleWebKit/537.36 (KHTML, like Gecko) Chrome/113.0.0.0 Safari/537.36"
173.252.127.7 - - [11/May/2023:01:12:46 +0200] "GET /wp-content/themes/twentyseventeen/assets/css/blocks.css?ver=20190105 HTTP/1.1" 200 1862 "http://sobarlang-terapia.hu/?fbclid=IwAR0_6AvLp3_ph_MtA_rAuF1vqSzsZR2fdpQA43l9Frq0irfkhcRrqP-7SJ0" "Mozilla/5.0 (Windows NT 10.0; Win64; x64) AppleWebKit/537.36 (KHTML, like Gecko) Chrome/113.0.0.0 Safari/537.36"
173.252.127.6 - - [11/May/2023:01:12:46 +0200] "GET /wp-includes/js/jquery/jquery.js?ver=1.12.4-wp HTTP/1.1" 200 33776 "http://sobarlang-terapia.hu/?fbclid=IwAR0_6AvLp3_ph_MtA_rAuF1vqSzsZR2fdpQA43l9Frq0irfkhcRrqP-7SJ0" "Mozilla/5.0 (Windows NT 10.0; Win64; x64) AppleWebKit/537.36 (KHTML, like Gecko) Chrome/113.0.0.0 Safari/537.36"
173.252.127.7 - - [11/May/2023:01:12:46 +0200] "GET /wp-includes/js/jquery/jquery-migrate.min.js?ver=1.4.1 HTTP/1.1" 200 4014 "http://sobarlang-terapia.hu/?fbclid=IwAR0_6AvLp3_ph_MtA_rAuF1vqSzsZR2fdpQA43l9Frq0irfkhcRrqP-7SJ0" "Mozilla/5.0 (Windows NT 10.0; Win64; x64) AppleWebKit/537.36 (KHTML, like Gecko) Chrome/113.0.0.0 Safari/537.36"
173.252.127.7 - - [11/May/2023:01:12:47 +0200] "GET /wp-content/themes/twentyseventeen/assets/js/skip-link-focus-fix.js?ver=20161114 HTTP/1.1" 200 416 "http://sobarlang-terapia.hu/?fbclid=IwAR0_6AvLp3_ph_MtA_rAuF1vqSzsZR2fdpQA43l9Frq0irfkhcRrqP-7SJ0" "Mozilla/5.0 (Windows NT 10.0; Win64; x64) AppleWebKit/537.36 (KHTML, like Gecko) Chrome/113.0.0.0 Safari/537.36"
173.252.127.6 - - [11/May/2023:01:12:47 +0200] "GET /wp-content/themes/twentyseventeen/assets/js/global.js?ver=20190121 HTTP/1.1" 200 2612 "http://sobarlang-terapia.hu/?fbclid=IwAR0_6AvLp3_ph_MtA_rAuF1vqSzsZR2fdpQA43l9Frq0irfkhcRrqP-7SJ0" "Mozilla/5.0 (Windows NT 10.0; Win64; x64) AppleWebKit/537.36 (KHTML, like Gecko) Chrome/113.0.0.0 Safari/537.36"
173.252.127.14 - - [11/May/2023:01:12:47 +0200] "GET /wp-content/themes/twentyseventeen/assets/js/jquery.scrollTo.js?ver=2.1.2 HTTP/1.1" 200 2409 "http://sobarlang-terapia.hu/?fbclid=IwAR0_6AvLp3_ph_MtA_rAuF1vqSzsZR2fdpQA43l9Frq0irfkhcRrqP-7SJ0" "Mozilla/5.0 (Windows NT 10.0; Win64; x64) AppleWebKit/537.36 (KHTML, like Gecko) Chrome/113.0.0.0 Safari/537.36"
173.252.127.7 - - [11/May/2023:01:12:47 +0200] "GET /wp-includes/js/wp-embed.min.js?ver=5.3.14 HTTP/1.1" 200 739 "http://sobarlang-terapia.hu/?fbclid=IwAR0_6AvLp3_ph_MtA_rAuF1vqSzsZR2fdpQA43l9Frq0irfkhcRrqP-7SJ0" "Mozilla/5.0 (Windows NT 10.0; Win64; x64) AppleWebKit/537.36 (KHTML, like Gecko) Chrome/113.0.0.0 Safari/537.36"
173.252.127.6 - - [11/May/2023:01:12:47 +0200] "GET /wp-includes/js/wp-emoji-release.min.js?ver=5.3.14 HTTP/1.1" 200 4619 "http://sobarlang-terapia.hu/?fbclid=IwAR0_6AvLp3_ph_MtA_rAuF1vqSzsZR2fdpQA43l9Frq0irfkhcRrqP-7SJ0" "Mozilla/5.0 (Windows NT 10.0; Win64; x64) AppleWebKit/537.36 (KHTML, like Gecko) Chrome/113.0.0.0 Safari/537.36"
173.252.127.14 - - [11/May/2023:01:12:47 +0200] "GET /wp-content/uploads/2019/12/cropped-3-fa-scaled-1-1536x934.jpg HTTP/1.1" 200 170199 "http://sobarlang-terapia.hu/?fbclid=IwAR0_6AvLp3_ph_MtA_rAuF1vqSzsZR2fdpQA43l9Frq0irfkhcRrqP-7SJ0" "Mozilla/5.0 (Windows NT 10.0; Win64; x64) AppleWebKit/537.36 (KHTML, like Gecko) Chrome/113.0.0.0 Safari/537.36"
173.252.127.14 - - [11/May/2023:01:12:47 +0200] "GET /favicon.ico HTTP/1.1" 200 - "http://sobarlang-terapia.hu/?fbclid=IwAR0_6AvLp3_ph_MtA_rAuF1vqSzsZR2fdpQA43l9Frq0irfkhcRrqP-7SJ0" "Mozilla/5.0 (Windows NT 10.0; Win64; x64) AppleWebKit/537.36 (KHTML, like Gecko) Chrome/113.0.0.0 Safari/537.36"
49.12.13.109 - - [11/May/2023:01:19:48 +0200] "HEAD / HTTP/1.1" 200 - "-" "Alert_Alligator_webmonitoring_service_1.6.3_(alertalligator.com)"
20.25.190.163 - - [11/May/2023:01:21:54 +0200] "GET /wp-admin/css/ HTTP/1.1" 200 1481 "binance.com" "Mozilla/5.0 (Windows NT 10.0; Win64; x64) AppleWebKit/537.36 (KHTML, like Gecko) Chrome/90.0.4430.85 Safari/537.36"
20.25.190.163 - - [11/May/2023:01:21:56 +0200] "GET /wp-content/uploads/2023/05/ HTTP/1.1" 200 360 "binance.com" "Mozilla/5.0 (Windows NT 10.0; Win64; x64) AppleWebKit/537.36 (KHTML, like Gecko) Chrome/90.0.4430.85 Safari/537.36"
20.25.190.163 - - [11/May/2023:01:21:58 +0200] "GET /wp-content/uploads/2023/04/ HTTP/1.1" 200 361 "binance.com" "Mozilla/5.0 (Windows NT 10.0; Win64; x64) AppleWebKit/537.36 (KHTML, like Gecko) Chrome/90.0.4430.85 Safari/537.36"
20.25.190.163 - - [11/May/2023:01:22:00 +0200] "GET /wp-content/uploads/ HTTP/1.1" 200 457 "binance.com" "Mozilla/5.0 (Windows NT 10.0; Win64; x64) AppleWebKit/537.36 (KHTML, like Gecko) Chrome/90.0.4430.85 Safari/537.36"
20.25.190.163 - - [11/May/2023:01:22:02 +0200] "GET /wp-content/upgrade/ HTTP/1.1" 200 350 "binance.com" "Mozilla/5.0 (Windows NT 10.0; Win64; x64) AppleWebKit/537.36 (KHTML, like Gecko) Chrome/90.0.4430.85 Safari/537.36"
20.25.190.163 - - [11/May/2023:01:22:06 +0200] "GET /wp-content/languages/ HTTP/1.1" 200 1110 "binance.com" "Mozilla/5.0 (Windows NT 10.0; Win64; x64) AppleWebKit/537.36 (KHTML, like Gecko) Chrome/90.0.4430.85 Safari/537.36"
20.25.190.163 - - [11/May/2023:01:22:09 +0200] "GET /wp-admin/includes/ HTTP/1.1" 200 1961 "binance.com" "Mozilla/5.0 (Windows NT 10.0; Win64; x64) AppleWebKit/537.36 (KHTML, like Gecko) Chrome/90.0.4430.85 Safari/537.36"
20.25.190.163 - - [11/May/2023:01:22:12 +0200] "GET /wp-admin/includes/ HTTP/1.1" 200 1961 "binance.com" "Mozilla/5.0 (Windows NT 10.0; Win64; x64) AppleWebKit/537.36 (KHTML, like Gecko) Chrome/90.0.4430.85 Safari/537.36"
20.25.190.163 - - [11/May/2023:01:22:16 +0200] "GET /wp-admin/maint/ HTTP/1.1" 200 404 "binance.com" "Mozilla/5.0 (Windows NT 10.0; Win64; x64) AppleWebKit/537.36 (KHTML, like Gecko) Chrome/90.0.4430.85 Safari/537.36"
20.25.190.163 - - [11/May/2023:01:22:20 +0200] "GET /wp-admin/maint/ HTTP/1.1" 200 404 "binance.com" "Mozilla/5.0 (Windows NT 10.0; Win64; x64) AppleWebKit/537.36 (KHTML, like Gecko) Chrome/90.0.4430.85 Safari/537.36"
20.25.190.163 - - [11/May/2023:01:22:24 +0200] "GET /wp-admin/network/ HTTP/1.1" 302 20 "binance.com" "Mozilla/5.0 (Windows NT 10.0; Win64; x64) AppleWebKit/537.36 (KHTML, like Gecko) Chrome/90.0.4430.85 Safari/537.36"
20.25.190.163 - - [11/May/2023:01:22:26 +0200] "GET /wp-login.php?redirect_to=http%3A%2F%2Fsobarlang-terapia.hu%2Fwp-admin%2Fnetwork%2F&reauth=1 HTTP/1.1" 200 1762 "binance.com" "Mozilla/5.0 (Windows NT 10.0; Win64; x64) AppleWebKit/537.36 (KHTML, like Gecko) Chrome/90.0.4430.85 Safari/537.36"
20.25.190.163 - - [11/May/2023:01:22:30 +0200] "GET /wp-admin/user/ HTTP/1.1" 302 20 "binance.com" "Mozilla/5.0 (Windows NT 10.0; Win64; x64) AppleWebKit/537.36 (KHTML, like Gecko) Chrome/90.0.4430.85 Safari/537.36"
20.25.190.163 - - [11/May/2023:01:22:31 +0200] "GET /wp-login.php?redirect_to=http%3A%2F%2Fsobarlang-terapia.hu%2Fwp-admin%2Fuser%2F&reauth=1 HTTP/1.1" 200 1762 "binance.com" "Mozilla/5.0 (Windows NT 10.0; Win64; x64) AppleWebKit/537.36 (KHTML, like Gecko) Chrome/90.0.4430.85 Safari/537.36"
20.25.190.163 - - [11/May/2023:01:22:35 +0200] "GET /wp-admin/css/ HTTP/1.1" 200 1481 "binance.com" "Mozilla/5.0 (Windows NT 10.0; Win64; x64) AppleWebKit/537.36 (KHTML, like Gecko) Chrome/90.0.4430.85 Safari/537.36"
20.25.190.163 - - [11/May/2023:01:22:38 +0200] "GET /wp-admin/css/colors/ HTTP/1.1" 200 548 "binance.com" "Mozilla/5.0 (Windows NT 10.0; Win64; x64) AppleWebKit/537.36 (KHTML, like Gecko) Chrome/90.0.4430.85 Safari/537.36"
20.25.190.163 - - [11/May/2023:01:22:41 +0200] "GET /wp-admin/css/colors/blue/ HTTP/1.1" 200 480 "binance.com" "Mozilla/5.0 (Windows NT 10.0; Win64; x64) AppleWebKit/537.36 (KHTML, like Gecko) Chrome/90.0.4430.85 Safari/537.36"
20.25.190.163 - - [11/May/2023:01:22:45 +0200] "GET /wp-admin/css/colors/coffee/ HTTP/1.1" 200 481 "binance.com" "Mozilla/5.0 (Windows NT 10.0; Win64; x64) AppleWebKit/537.36 (KHTML, like Gecko) Chrome/90.0.4430.85 Safari/537.36"
20.25.190.163 - - [11/May/2023:01:22:49 +0200] "GET /wp-admin/css/colors/ectoplasm/ HTTP/1.1" 200 484 "binance.com" "Mozilla/5.0 (Windows NT 10.0; Win64; x64) AppleWebKit/537.36 (KHTML, like Gecko) Chrome/90.0.4430.85 Safari/537.36"
20.25.190.163 - - [11/May/2023:01:22:52 +0200] "GET /wp-admin/css/colors/light/ HTTP/1.1" 200 480 "binance.com" "Mozilla/5.0 (Windows NT 10.0; Win64; x64) AppleWebKit/537.36 (KHTML, like Gecko) Chrome/90.0.4430.85 Safari/537.36"
20.25.190.163 - - [11/May/2023:01:22:56 +0200] "GET /wp-admin/css/colors/midnight/ HTTP/1.1" 200 483 "binance.com" "Mozilla/5.0 (Windows NT 10.0; Win64; x64) AppleWebKit/537.36 (KHTML, like Gecko) Chrome/90.0.4430.85 Safari/537.36"
20.25.190.163 - - [11/May/2023:01:22:59 +0200] "GET /wp-admin/css/colors/modern/ HTTP/1.1" 404 17961 "binance.com" "Mozilla/5.0 (Windows NT 10.0; Win64; x64) AppleWebKit/537.36 (KHTML, like Gecko) Chrome/90.0.4430.85 Safari/537.36"
20.25.190.163 - - [11/May/2023:01:23:04 +0200] "GET /wp-admin/css/colors/ocean/ HTTP/1.1" 200 482 "binance.com" "Mozilla/5.0 (Windows NT 10.0; Win64; x64) AppleWebKit/537.36 (KHTML, like Gecko) Chrome/90.0.4430.85 Safari/537.36"
20.25.190.163 - - [11/May/2023:01:23:08 +0200] "GET /wp-admin/css/colors/sunrise/%20 HTTP/1.1" 404 17970 "binance.com" "Mozilla/5.0 (Windows NT 10.0; Win64; x64) AppleWebKit/537.36 (KHTML, like Gecko) Chrome/90.0.4430.85 Safari/537.36"
20.25.190.163 - - [11/May/2023:01:23:11 +0200] "GET /wp-admin/images/ HTTP/1.1" 200 1245 "binance.com" "Mozilla/5.0 (Windows NT 10.0; Win64; x64) AppleWebKit/537.36 (KHTML, like Gecko) Chrome/90.0.4430.85 Safari/537.36"
20.25.190.163 - - [11/May/2023:01:23:13 +0200] "GET /wp-admin/js/ HTTP/1.1" 200 1677 "binance.com" "Mozilla/5.0 (Windows NT 10.0; Win64; x64) AppleWebKit/537.36 (KHTML, like Gecko) Chrome/90.0.4430.85 Safari/537.36"
20.25.190.163 - - [11/May/2023:01:23:16 +0200] "GET /wp-admin/js/widgets/ HTTP/1.1" 200 621 "binance.com" "Mozilla/5.0 (Windows NT 10.0; Win64; x64) AppleWebKit/537.36 (KHTML, like Gecko) Chrome/90.0.4430.85 Safari/537.36"
20.25.190.163 - - [11/May/2023:01:23:19 +0200] "GET /wp-includes/ HTTP/1.1" 200 3365 "binance.com" "Mozilla/5.0 (Windows NT 10.0; Win64; x64) AppleWebKit/537.36 (KHTML, like Gecko) Chrome/90.0.4430.85 Safari/537.36"
20.25.190.163 - - [11/May/2023:01:23:34 +0200] "GET /wp-includes/ HTTP/1.1" 200 3365 "binance.com" "Mozilla/5.0 (Windows NT 10.0; Win64; x64) AppleWebKit/537.36 (KHTML, like Gecko) Chrome/90.0.4430.85 Safari/537.36"
20.25.190.163 - - [11/May/2023:01:23:37 +0200] "GET /wp-includes/ID3/ HTTP/1.1" 200 728 "binance.com" "Mozilla/5.0 (Windows NT 10.0; Win64; x64) AppleWebKit/537.36 (KHTML, like Gecko) Chrome/90.0.4430.85 Safari/537.36"
20.25.190.163 - - [11/May/2023:01:23:40 +0200] "GET /wp-includes/ID3/ HTTP/1.1" 200 728 "binance.com" "Mozilla/5.0 (Windows NT 10.0; Win64; x64) AppleWebKit/537.36 (KHTML, like Gecko) Chrome/90.0.4430.85 Safari/537.36"
20.25.190.163 - - [11/May/2023:01:23:44 +0200] "GET /wp-includes/IXR/ HTTP/1.1" 200 570 "binance.com" "Mozilla/5.0 (Windows NT 10.0; Win64; x64) AppleWebKit/537.36 (KHTML, like Gecko) Chrome/90.0.4430.85 Safari/537.36"
20.25.190.163 - - [11/May/2023:01:23:48 +0200] "GET /wp-includes/IXR/ HTTP/1.1" 200 570 "binance.com" "Mozilla/5.0 (Windows NT 10.0; Win64; x64) AppleWebKit/537.36 (KHTML, like Gecko) Chrome/90.0.4430.85 Safari/537.36"
20.25.190.163 - - [11/May/2023:01:23:51 +0200] "GET /wp-includes/PHPMailer/ HTTP/1.1" 404 17961 "binance.com" "Mozilla/5.0 (Windows NT 10.0; Win64; x64) AppleWebKit/537.36 (KHTML, like Gecko) Chrome/90.0.4430.85 Safari/537.36"
20.25.190.163 - - [11/May/2023:01:23:54 +0200] "GET /wp-includes/Text/ HTTP/1.1" 200 432 "binance.com" "Mozilla/5.0 (Windows NT 10.0; Win64; x64) AppleWebKit/537.36 (KHTML, like Gecko) Chrome/90.0.4430.85 Safari/537.36"
20.25.190.163 - - [11/May/2023:01:23:57 +0200] "GET /wp-includes/Text/ HTTP/1.1" 200 432 "binance.com" "Mozilla/5.0 (Windows NT 10.0; Win64; x64) AppleWebKit/537.36 (KHTML, like Gecko) Chrome/90.0.4430.85 Safari/537.36"
20.25.190.163 - - [11/May/2023:01:24:04 +0200] "GET /wp-includes/Text/Diff/ HTTP/1.1" 200 452 "binance.com" "Mozilla/5.0 (Windows NT 10.0; Win64; x64) AppleWebKit/537.36 (KHTML, like Gecko) Chrome/90.0.4430.85 Safari/537.36"
20.25.190.163 - - [11/May/2023:01:24:07 +0200] "GET /wp-includes/Text/Diff/ HTTP/1.1" 200 452 "binance.com" "Mozilla/5.0 (Windows NT 10.0; Win64; x64) AppleWebKit/537.36 (KHTML, like Gecko) Chrome/90.0.4430.85 Safari/537.36"
20.25.190.163 - - [11/May/2023:01:24:10 +0200] "GET /wp-includes/Text/Diff/Engine/ HTTP/1.1" 200 465 "binance.com" "Mozilla/5.0 (Windows NT 10.0; Win64; x64) AppleWebKit/537.36 (KHTML, like Gecko) Chrome/90.0.4430.85 Safari/537.36"
20.25.190.163 - - [11/May/2023:01:24:13 +0200] "GET /wp-includes/Text/Diff/Engine/ HTTP/1.1" 200 465 "binance.com" "Mozilla/5.0 (Windows NT 10.0; Win64; x64) AppleWebKit/537.36 (KHTML, like Gecko) Chrome/90.0.4430.85 Safari/537.36"
20.25.190.163 - - [11/May/2023:01:24:16 +0200] "GET /wp-includes/Text/Diff/Renderer/ HTTP/1.1" 200 420 "binance.com" "Mozilla/5.0 (Windows NT 10.0; Win64; x64) AppleWebKit/537.36 (KHTML, like Gecko) Chrome/90.0.4430.85 Safari/537.36"
20.25.190.163 - - [11/May/2023:01:24:18 +0200] "GET /wp-includes/Text/Diff/Renderer/ HTTP/1.1" 200 420 "binance.com" "Mozilla/5.0 (Windows NT 10.0; Win64; x64) AppleWebKit/537.36 (KHTML, like Gecko) Chrome/90.0.4430.85 Safari/537.36"
20.25.190.163 - - [11/May/2023:01:24:21 +0200] "GET /wp-includes/blocks/ HTTP/1.1" 200 596 "binance.com" "Mozilla/5.0 (Windows NT 10.0; Win64; x64) AppleWebKit/537.36 (KHTML, like Gecko) Chrome/90.0.4430.85 Safari/537.36"
20.25.190.163 - - [11/May/2023:01:24:24 +0200] "GET /wp-includes/blocks/ HTTP/1.1" 200 596 "binance.com" "Mozilla/5.0 (Windows NT 10.0; Win64; x64) AppleWebKit/537.36 (KHTML, like Gecko) Chrome/90.0.4430.85 Safari/537.36"
20.25.190.163 - - [11/May/2023:01:24:27 +0200] "GET /wp-includes/pomo/ HTTP/1.1" 200 487 "binance.com" "Mozilla/5.0 (Windows NT 10.0; Win64; x64) AppleWebKit/537.36 (KHTML, like Gecko) Chrome/90.0.4430.85 Safari/537.36"
20.25.190.163 - - [11/May/2023:01:24:40 +0200] "GET /wp-includes/pomo/ HTTP/1.1" 200 487 "binance.com" "Mozilla/5.0 (Windows NT 10.0; Win64; x64) AppleWebKit/537.36 (KHTML, like Gecko) Chrome/90.0.4430.85 Safari/537.36"
20.25.190.163 - - [11/May/2023:01:24:44 +0200] "GET /wp-includes/sitemaps/ HTTP/1.1" 404 17958 "binance.com" "Mozilla/5.0 (Windows NT 10.0; Win64; x64) AppleWebKit/537.36 (KHTML, like Gecko) Chrome/90.0.4430.85 Safari/537.36"
80.249.163.145 - - [11/May/2023:01:24:44 +0200] "POST /wp-cron.php?doing_wp_cron=1683761084.8106958866119384765625 HTTP/1.1" 200 20 "http://sobarlang-terapia.hu/wp-cron.php?doing_wp_cron=1683761084.8106958866119384765625" "WordPress/5.3.14; http://sobarlang-terapia.hu"
20.25.190.163 - - [11/May/2023:01:24:48 +0200] "GET /wp-includes/sitemaps/providers/ HTTP/1.1" 404 17967 "binance.com" "Mozilla/5.0 (Windows NT 10.0; Win64; x64) AppleWebKit/537.36 (KHTML, like Gecko) Chrome/90.0.4430.85 Safari/537.36"
20.25.190.163 - - [11/May/2023:01:24:52 +0200] "GET /wp-includes/widgets/ HTTP/1.1" 200 687 "binance.com" "Mozilla/5.0 (Windows NT 10.0; Win64; x64) AppleWebKit/537.36 (KHTML, like Gecko) Chrome/90.0.4430.85 Safari/537.36"
20.25.190.163 - - [11/May/2023:01:24:54 +0200] "GET /wp-includes/widgets/ HTTP/1.1" 200 687 "binance.com" "Mozilla/5.0 (Windows NT 10.0; Win64; x64) AppleWebKit/537.36 (KHTML, like Gecko) Chrome/90.0.4430.85 Safari/537.36"
20.25.190.163 - - [11/May/2023:01:24:57 +0200] "GET /wp-includes/css/ HTTP/1.1" 200 875 "binance.com" "Mozilla/5.0 (Windows NT 10.0; Win64; x64) AppleWebKit/537.36 (KHTML, like Gecko) Chrome/90.0.4430.85 Safari/537.36"
20.25.190.163 - - [11/May/2023:01:25:00 +0200] "GET /wp-includes/css/dist/ HTTP/1.1" 200 492 "binance.com" "Mozilla/5.0 (Windows NT 10.0; Win64; x64) AppleWebKit/537.36 (KHTML, like Gecko) Chrome/90.0.4430.85 Safari/537.36"
20.25.190.163 - - [11/May/2023:01:25:02 +0200] "GET /wp-includes/fonts/ HTTP/1.1" 200 479 "binance.com" "Mozilla/5.0 (Windows NT 10.0; Win64; x64) AppleWebKit/537.36 (KHTML, like Gecko) Chrome/90.0.4430.85 Safari/537.36"
20.25.190.163 - - [11/May/2023:01:25:05 +0200] "GET /wp-includes/images/ HTTP/1.1" 200 800 "binance.com" "Mozilla/5.0 (Windows NT 10.0; Win64; x64) AppleWebKit/537.36 (KHTML, like Gecko) Chrome/90.0.4430.85 Safari/537.36"
20.25.190.163 - - [11/May/2023:01:25:07 +0200] "GET /wp-includes/images/crystal/ HTTP/1.1" 200 570 "binance.com" "Mozilla/5.0 (Windows NT 10.0; Win64; x64) AppleWebKit/537.36 (KHTML, like Gecko) Chrome/90.0.4430.85 Safari/537.36"
20.25.190.163 - - [11/May/2023:01:25:10 +0200] "GET /wp-includes/images/media/ HTTP/1.1" 200 539 "binance.com" "Mozilla/5.0 (Windows NT 10.0; Win64; x64) AppleWebKit/537.36 (KHTML, like Gecko) Chrome/90.0.4430.85 Safari/537.36"
20.25.190.163 - - [11/May/2023:01:25:12 +0200] "GET /wp-includes/images/smilies/ HTTP/1.1" 200 749 "binance.com" "Mozilla/5.0 (Windows NT 10.0; Win64; x64) AppleWebKit/537.36 (KHTML, like Gecko) Chrome/90.0.4430.85 Safari/537.36"
20.25.190.163 - - [11/May/2023:01:25:17 +0200] "GET /wp-includes/images/wlw/ HTTP/1.1" 200 451 "binance.com" "Mozilla/5.0 (Windows NT 10.0; Win64; x64) AppleWebKit/537.36 (KHTML, like Gecko) Chrome/90.0.4430.85 Safari/537.36"
20.25.190.163 - - [11/May/2023:01:25:19 +0200] "GET /wp-includes/js/%20 HTTP/1.1" 404 17960 "binance.com" "Mozilla/5.0 (Windows NT 10.0; Win64; x64) AppleWebKit/537.36 (KHTML, like Gecko) Chrome/90.0.4430.85 Safari/537.36"
20.25.190.163 - - [11/May/2023:01:25:23 +0200] "GET /wp-includes/js/codemirror/ HTTP/1.1" 200 531 "binance.com" "Mozilla/5.0 (Windows NT 10.0; Win64; x64) AppleWebKit/537.36 (KHTML, like Gecko) Chrome/90.0.4430.85 Safari/537.36"
20.25.190.163 - - [11/May/2023:01:25:25 +0200] "GET /wp-includes/js/plupload/ HTTP/1.1" 200 549 "binance.com" "Mozilla/5.0 (Windows NT 10.0; Win64; x64) AppleWebKit/537.36 (KHTML, like Gecko) Chrome/90.0.4430.85 Safari/537.36"
20.25.190.163 - - [11/May/2023:01:25:27 +0200] "GET /.well-known/ HTTP/1.1" 404 17951 "binance.com" "Mozilla/5.0 (Windows NT 10.0; Win64; x64) AppleWebKit/537.36 (KHTML, like Gecko) Chrome/90.0.4430.85 Safari/537.36"
125.253.127.65 - - [11/May/2023:02:23:25 +0200] "GET /wp-login.php HTTP/1.1" 200 1762 "" "Mozilla/5.0 (Windows NT 6.3; Win64; x64; rv:109.0) Gecko/20100101 Firefox/111.0"
125.253.127.65 - - [11/May/2023:02:23:29 +0200] "GET /wp-json/wp/v2/users HTTP/1.1" 200 593 "" "Mozilla/5.0 (Windows NT 6.3; Win64; x64; rv:109.0) Gecko/20100101 Firefox/111.0"
125.253.127.65 - - [11/May/2023:02:23:31 +0200] "POST /wp-login.php HTTP/1.1" 200 2151 "http://sobarlang-terapia.hu/wp-login.php?redirect_to=http%3A%2F%2Fsobarlang-terapia.hu%2Fwp-admin%2F" "Mozilla/5.0 (Windows NT 6.3; Win64; x64; rv:109.0) Gecko/20100101 Firefox/111.0"
125.253.127.65 - - [11/May/2023:02:23:35 +0200] "POST /wp-login.php HTTP/1.1" 200 2151 "http://sobarlang-terapia.hu/wp-login.php?redirect_to=http%3A%2F%2Fsobarlang-terapia.hu%2Fwp-admin%2F" "Mozilla/5.0 (Windows NT 6.3; Win64; x64; rv:109.0) Gecko/20100101 Firefox/111.0"
49.12.13.109 - - [11/May/2023:02:37:10 +0200] "HEAD / HTTP/1.1" 200 - "-" "Alert_Alligator_webmonitoring_service_1.6.3_(alertalligator.com)"
80.249.163.145 - - [11/May/2023:02:37:11 +0200] "POST /wp-cron.php?doing_wp_cron=1683765431.2209079265594482421875 HTTP/1.1" 200 20 "http://sobarlang-terapia.hu/wp-cron.php?doing_wp_cron=1683765431.2209079265594482421875" "WordPress/5.3.14; http://sobarlang-terapia.hu"
95.213.186.158 - - [11/May/2023:03:27:22 +0200] "GET /wp-login.php HTTP/1.1" 200 1762 "" "Mozilla/5.0 (Windows NT 6.3; Win64; x64; rv:109.0) Gecko/20100101 Firefox/111.0"
80.249.163.145 - - [11/May/2023:03:27:23 +0200] "POST /wp-cron.php?doing_wp_cron=1683768443.2059960365295410156250 HTTP/1.1" 200 20 "http://sobarlang-terapia.hu/wp-cron.php?doing_wp_cron=1683768443.2059960365295410156250" "WordPress/5.3.14; http://sobarlang-terapia.hu"
95.213.186.158 - - [11/May/2023:03:27:24 +0200] "GET /wp-json/wp/v2/users HTTP/1.1" 200 593 "" "Mozilla/5.0 (Windows NT 6.3; Win64; x64; rv:109.0) Gecko/20100101 Firefox/111.0"
95.213.186.158 - - [11/May/2023:03:27:25 +0200] "POST /wp-login.php HTTP/1.1" 200 2151 "http://sobarlang-terapia.hu/wp-login.php?redirect_to=http%3A%2F%2Fsobarlang-terapia.hu%2Fwp-admin%2F" "Mozilla/5.0 (Windows NT 6.3; Win64; x64; rv:109.0) Gecko/20100101 Firefox/111.0"
95.213.186.158 - - [11/May/2023:03:27:26 +0200] "POST /wp-login.php HTTP/1.1" 200 2151 "http://sobarlang-terapia.hu/wp-login.php?redirect_to=http%3A%2F%2Fsobarlang-terapia.hu%2Fwp-admin%2F" "Mozilla/5.0 (Windows NT 6.3; Win64; x64; rv:109.0) Gecko/20100101 Firefox/111.0"
49.12.13.109 - - [11/May/2023:03:53:30 +0200] "HEAD / HTTP/1.1" 200 - "-" "Alert_Alligator_webmonitoring_service_1.6.3_(alertalligator.com)"
80.249.163.145 - - [11/May/2023:03:53:31 +0200] "POST /wp-cron.php?doing_wp_cron=1683770010.9451520442962646484375 HTTP/1.1" 200 20 "http://sobarlang-terapia.hu/wp-cron.php?doing_wp_cron=1683770010.9451520442962646484375" "WordPress/5.3.14; http://sobarlang-terapia.hu"
49.12.13.109 - - [11/May/2023:05:12:53 +0200] "HEAD / HTTP/1.1" 200 - "-" "Alert_Alligator_webmonitoring_service_1.6.3_(alertalligator.com)"
80.249.163.145 - - [11/May/2023:05:12:54 +0200] "POST /wp-cron.php?doing_wp_cron=1683774774.0651559829711914062500 HTTP/1.1" 200 20 "http://sobarlang-terapia.hu/wp-cron.php?doing_wp_cron=1683774774.0651559829711914062500" "WordPress/5.3.14; http://sobarlang-terapia.hu"
49.12.13.109 - - [11/May/2023:06:12:16 +0200] "HEAD / HTTP/1.1" 200 - "-" "Alert_Alligator_webmonitoring_service_1.6.3_(alertalligator.com)"
80.249.163.145 - - [11/May/2023:06:12:17 +0200] "POST /wp-cron.php?doing_wp_cron=1683778337.4591360092163085937500 HTTP/1.1" 200 20 "http://sobarlang-terapia.hu/wp-cron.php?doing_wp_cron=1683778337.4591360092163085937500" "WordPress/5.3.14; http://sobarlang-terapia.hu"
49.12.13.109 - - [11/May/2023:07:28:35 +0200] "HEAD / HTTP/1.1" 200 - "-" "Alert_Alligator_webmonitoring_service_1.6.3_(alertalligator.com)"
80.249.163.145 - - [11/May/2023:07:28:38 +0200] "POST /wp-cron.php?doing_wp_cron=1683782918.4516909122467041015625 HTTP/1.1" 200 20 "http://sobarlang-terapia.hu/wp-cron.php?doing_wp_cron=1683782918.4516909122467041015625" "WordPress/5.3.14; http://sobarlang-terapia.hu"
66.249.66.38 - - [11/May/2023:08:12:42 +0200] "GET /robots.txt HTTP/1.1" 200 114 "-" "Mozilla/5.0 (compatible; Googlebot/2.1; +http://www.google.com/bot.html)"
66.249.66.37 - - [11/May/2023:08:12:43 +0200] "GET /comments/feed/ HTTP/1.1" 200 426 "-" "Mozilla/5.0 (Linux; Android 6.0.1; Nexus 5X Build/MMB29P) AppleWebKit/537.36 (KHTML, like Gecko) Chrome/112.0.5615.142 Mobile Safari/537.36 (compatible; Googlebot/2.1; +http://www.google.com/bot.html)"
66.249.66.39 - - [11/May/2023:08:30:49 +0200] "GET /comments/feed/ HTTP/1.1" 200 426 "-" "Mozilla/5.0 (compatible; Googlebot/2.1; +http://www.google.com/bot.html)"
80.249.163.145 - - [11/May/2023:08:30:50 +0200] "POST /wp-cron.php?doing_wp_cron=1683786650.5135750770568847656250 HTTP/1.1" 200 20 "http://sobarlang-terapia.hu/wp-cron.php?doing_wp_cron=1683786650.5135750770568847656250" "WordPress/5.3.14; http://sobarlang-terapia.hu"
54.36.148.124 - - [11/May/2023:08:31:13 +0200] "GET /robots.txt HTTP/1.1" 200 114 "-" "Mozilla/5.0 (compatible; AhrefsBot/7.0; +http://ahrefs.com/robot/)"
54.36.149.28 - - [11/May/2023:08:31:16 +0200] "GET / HTTP/1.1" 200 18012 "-" "Mozilla/5.0 (compatible; AhrefsBot/7.0; +http://ahrefs.com/robot/)"
54.36.148.151 - - [11/May/2023:08:31:19 +0200] "GET /wp-includes/js/wp-embed.min.js?ver=5.3.14 HTTP/1.1" 200 739 "-" "Mozilla/5.0 (compatible; AhrefsBot/7.0; +http://ahrefs.com/robot/)"
54.36.148.89 - - [11/May/2023:08:31:19 +0200] "GET /wp-content/themes/twentyseventeen/assets/js/jquery.scrollTo.js?ver=2.1.2 HTTP/1.1" 200 2409 "-" "Mozilla/5.0 (compatible; AhrefsBot/7.0; +http://ahrefs.com/robot/)"
54.36.148.165 - - [11/May/2023:08:31:20 +0200] "GET /wp-content/themes/twentyseventeen/style.css?ver=20190507 HTTP/1.1" 200 15806 "-" "Mozilla/5.0 (compatible; AhrefsBot/7.0; +http://ahrefs.com/robot/)"
54.36.148.85 - - [11/May/2023:08:31:21 +0200] "GET /wp-content/themes/twentyseventeen/assets/css/blocks.css?ver=20190105 HTTP/1.1" 200 1862 "-" "Mozilla/5.0 (compatible; AhrefsBot/7.0; +http://ahrefs.com/robot/)"
54.36.148.13 - - [11/May/2023:08:31:21 +0200] "GET /wp-includes/css/dist/block-library/theme.min.css?ver=5.3.14 HTTP/1.1" 200 639 "-" "Mozilla/5.0 (compatible; AhrefsBot/7.0; +http://ahrefs.com/robot/)"
54.36.149.103 - - [11/May/2023:08:31:21 +0200] "GET /wp-includes/css/dist/block-library/style.min.css?ver=5.3.14 HTTP/1.1" 200 6132 "-" "Mozilla/5.0 (compatible; AhrefsBot/7.0; +http://ahrefs.com/robot/)"
54.36.148.237 - - [11/May/2023:08:31:22 +0200] "GET /wp-includes/js/jquery/jquery.js?ver=1.12.4-wp HTTP/1.1" 200 33776 "-" "Mozilla/5.0 (compatible; AhrefsBot/7.0; +http://ahrefs.com/robot/)"
54.36.149.43 - - [11/May/2023:08:31:23 +0200] "GET /wp-includes/js/jquery/jquery-migrate.min.js?ver=1.4.1 HTTP/1.1" 200 4014 "-" "Mozilla/5.0 (compatible; AhrefsBot/7.0; +http://ahrefs.com/robot/)"
54.36.148.240 - - [11/May/2023:08:31:23 +0200] "GET /wp-content/themes/twentyseventeen/assets/js/skip-link-focus-fix.js?ver=20161114 HTTP/1.1" 200 416 "-" "Mozilla/5.0 (compatible; AhrefsBot/7.0; +http://ahrefs.com/robot/)"
54.36.149.79 - - [11/May/2023:08:31:24 +0200] "GET /wp-content/themes/twentyseventeen/assets/js/global.js?ver=20190121 HTTP/1.1" 200 2612 "-" "Mozilla/5.0 (compatible; AhrefsBot/7.0; +http://ahrefs.com/robot/)"
49.12.13.109 - - [11/May/2023:08:43:31 +0200] "HEAD / HTTP/1.1" 200 - "-" "Alert_Alligator_webmonitoring_service_1.6.3_(alertalligator.com)"
47.242.224.214 - - [11/May/2023:08:45:59 +0200] "GET /wp-login.php HTTP/1.1" 200 1762 "" "Mozilla/5.0 (Windows NT 6.3; Win64; x64; rv:109.0) Gecko/20100101 Firefox/111.0"
47.242.224.214 - - [11/May/2023:08:46:00 +0200] "GET /wp-json/wp/v2/users HTTP/1.1" 200 593 "" "Mozilla/5.0 (Windows NT 6.3; Win64; x64; rv:109.0) Gecko/20100101 Firefox/111.0"
47.242.224.214 - - [11/May/2023:08:46:03 +0200] "POST /wp-login.php HTTP/1.1" 200 2151 "http://sobarlang-terapia.hu/wp-login.php?redirect_to=http%3A%2F%2Fsobarlang-terapia.hu%2Fwp-admin%2F" "Mozilla/5.0 (Windows NT 6.3; Win64; x64; rv:109.0) Gecko/20100101 Firefox/111.0"
47.242.224.214 - - [11/May/2023:08:46:04 +0200] "POST /wp-login.php HTTP/1.1" 200 2151 "http://sobarlang-terapia.hu/wp-login.php?redirect_to=http%3A%2F%2Fsobarlang-terapia.hu%2Fwp-admin%2F" "Mozilla/5.0 (Windows NT 6.3; Win64; x64; rv:109.0) Gecko/20100101 Firefox/111.0"
95.214.26.15 - - [11/May/2023:08:55:56 +0200] "GET /wp-content/updates.php HTTP/1.1" 200 18334 "-" "Mozilla/5.0 (Windows; U; Windows NT 6.1; en-US; rv:1.9.1.5) Gecko/20091102 Firefox/3.5.5 (.NET CLR 3.5.30729)"
212.237.51.151 - - [11/May/2023:10:01:11 +0200] "HEAD / HTTP/1.1" 200 - "-" "Alert_Alligator_webmonitoring_service_1.6.4_(alertalligator.com)"
