170.106.196.227 - - [03/May/2023:18:15:25 +0200] "GET /wp-includes/images/wlw/ HTTP/1.1" 200 451 "binance.com" "Mozilla/5.0 (Windows NT 10.0; Win64; x64) AppleWebKit/537.36 (KHTML, like Gecko) Chrome/90.0.4430.85 Safari/537.36"
170.106.196.227 - - [03/May/2023:18:15:26 +0200] "GET /wp-includes/js/%20 HTTP/1.1" 404 17960 "binance.com" "Mozilla/5.0 (Windows NT 10.0; Win64; x64) AppleWebKit/537.36 (KHTML, like Gecko) Chrome/90.0.4430.85 Safari/537.36"
170.106.196.227 - - [03/May/2023:18:15:27 +0200] "GET /wp-includes/js/codemirror/ HTTP/1.1" 200 531 "binance.com" "Mozilla/5.0 (Windows NT 10.0; Win64; x64) AppleWebKit/537.36 (KHTML, like Gecko) Chrome/90.0.4430.85 Safari/537.36"
170.106.196.227 - - [03/May/2023:18:15:28 +0200] "GET /wp-includes/js/plupload/ HTTP/1.1" 200 549 "binance.com" "Mozilla/5.0 (Windows NT 10.0; Win64; x64) AppleWebKit/537.36 (KHTML, like Gecko) Chrome/90.0.4430.85 Safari/537.36"
170.106.196.227 - - [03/May/2023:18:15:29 +0200] "GET /.well-known/ HTTP/1.1" 404 17951 "binance.com" "Mozilla/5.0 (Windows NT 10.0; Win64; x64) AppleWebKit/537.36 (KHTML, like Gecko) Chrome/90.0.4430.85 Safari/537.36"
180.94.151.39 - - [03/May/2023:18:23:00 +0200] "GET /backup.gz HTTP/1.1" 404 17951 "-" "Mozilla/5.0 (X11; Ubuntu; Linux x86_64; rv:62.0) Gecko/20100101 Firefox/62.0"
49.12.13.109 - - [03/May/2023:18:39:10 +0200] "HEAD / HTTP/1.1" 200 - "-" "Alert_Alligator_webmonitoring_service_1.6.4_(alertalligator.com)"
80.249.163.145 - - [03/May/2023:18:39:11 +0200] "POST /wp-cron.php?doing_wp_cron=1683131951.7649021148681640625000 HTTP/1.1" 200 20 "http://sobarlang-terapia.hu/wp-cron.php?doing_wp_cron=1683131951.7649021148681640625000" "WordPress/5.3.14; http://sobarlang-terapia.hu"
212.237.51.151 - - [03/May/2023:19:20:35 +0200] "HEAD / HTTP/1.1" 200 - "-" "Alert_Alligator_webmonitoring_service_1.6.4_(alertalligator.com)"
195.154.44.176 - - [03/May/2023:19:26:59 +0200] "GET /wp-login.php HTTP/1.1" 200 1762 "" "Mozilla/5.0 (Windows NT 6.3; Win64; x64; rv:109.0) Gecko/20100101 Firefox/111.0"
80.249.163.145 - - [03/May/2023:19:27:00 +0200] "POST /wp-cron.php?doing_wp_cron=1683134820.7578771114349365234375 HTTP/1.1" 200 20 "http://sobarlang-terapia.hu/wp-cron.php?doing_wp_cron=1683134820.7578771114349365234375" "WordPress/5.3.14; http://sobarlang-terapia.hu"
195.154.44.176 - - [03/May/2023:19:27:01 +0200] "POST /wp-login.php HTTP/1.1" 200 2151 "http://sobarlang-terapia.hu/wp-login.php?redirect_to=http%3A%2F%2Fsobarlang-terapia.hu%2Fwp-admin%2F" "Mozilla/5.0 (Windows NT 6.3; Win64; x64; rv:109.0) Gecko/20100101 Firefox/111.0"
212.237.51.151 - - [03/May/2023:19:59:24 +0200] "HEAD / HTTP/1.1" 200 - "-" "Alert_Alligator_webmonitoring_service_1.6.4_(alertalligator.com)"
212.237.51.151 - - [03/May/2023:20:52:02 +0200] "HEAD / HTTP/1.1" 200 - "-" "Alert_Alligator_webmonitoring_service_1.6.4_(alertalligator.com)"
80.249.163.145 - - [03/May/2023:20:52:10 +0200] "POST /wp-cron.php?doing_wp_cron=1683139929.9716019630432128906250 HTTP/1.1" 200 20 "http://sobarlang-terapia.hu/wp-cron.php?doing_wp_cron=1683139929.9716019630432128906250" "WordPress/5.3.14; http://sobarlang-terapia.hu"
34.212.133.180 - - [03/May/2023:20:52:59 +0200] "GET / HTTP/1.1" 200 18012 "-" "Mozilla/5.0 (X11; Linux x86_64) AppleWebKit/537.36 (KHTML, like Gecko) Chrome/83.0.4103.97 Safari/537.36"
52.24.227.148 - - [03/May/2023:20:53:29 +0200] "GET /favicon.ico HTTP/1.1" 200 - "-" "Mozilla/5.0 (X11; Linux x86_64) AppleWebKit/537.36 (KHTML, like Gecko) Chrome/83.0.4103.97 Safari/537.36"
31.31.196.244 - - [03/May/2023:20:59:51 +0200] "GET /wp-login.php HTTP/1.1" 200 1762 "" "Mozilla/5.0 (Windows NT 6.3; Win64; x64; rv:109.0) Gecko/20100101 Firefox/111.0"
31.31.196.244 - - [03/May/2023:20:59:53 +0200] "POST /wp-login.php HTTP/1.1" 200 2151 "http://sobarlang-terapia.hu/wp-login.php?redirect_to=http%3A%2F%2Fsobarlang-terapia.hu%2Fwp-admin%2F" "Mozilla/5.0 (Windows NT 6.3; Win64; x64; rv:109.0) Gecko/20100101 Firefox/111.0"
49.12.13.109 - - [03/May/2023:21:22:32 +0200] "HEAD / HTTP/1.1" 200 - "-" "Alert_Alligator_webmonitoring_service_1.6.4_(alertalligator.com)"
5.104.107.75 - - [03/May/2023:21:58:07 +0200] "GET /wp-login.php HTTP/1.1" 200 1762 "" "Mozilla/5.0 (Windows NT 6.3; Win64; x64; rv:109.0) Gecko/20100101 Firefox/111.0"
5.104.107.75 - - [03/May/2023:21:58:09 +0200] "POST /wp-login.php HTTP/1.1" 200 2151 "http://sobarlang-terapia.hu/wp-login.php?redirect_to=http%3A%2F%2Fsobarlang-terapia.hu%2Fwp-admin%2F" "Mozilla/5.0 (Windows NT 6.3; Win64; x64; rv:109.0) Gecko/20100101 Firefox/111.0"
80.249.163.145 - - [03/May/2023:21:58:08 +0200] "POST /wp-cron.php?doing_wp_cron=1683143888.5911610126495361328125 HTTP/1.1" 200 20 "http://sobarlang-terapia.hu/wp-cron.php?doing_wp_cron=1683143888.5911610126495361328125" "WordPress/5.3.14; http://sobarlang-terapia.hu"
185.179.83.247 - - [03/May/2023:22:03:47 +0200] "GET /wp-login.php HTTP/1.1" 200 1762 "" "Mozilla/5.0 (Windows NT 6.3; Win64; x64; rv:109.0) Gecko/20100101 Firefox/111.0"
185.179.83.247 - - [03/May/2023:22:03:48 +0200] "POST /wp-login.php HTTP/1.1" 200 2151 "http://sobarlang-terapia.hu/wp-login.php?redirect_to=http%3A%2F%2Fsobarlang-terapia.hu%2Fwp-admin%2F" "Mozilla/5.0 (Windows NT 6.3; Win64; x64; rv:109.0) Gecko/20100101 Firefox/111.0"
49.12.13.109 - - [03/May/2023:22:21:42 +0200] "HEAD / HTTP/1.1" 200 - "-" "Alert_Alligator_webmonitoring_service_1.6.3_(alertalligator.com)"
192.71.12.140 - - [03/May/2023:22:58:22 +0200] "GET /robots.txt HTTP/1.1" 200 114 "-" "Mozilla/5.0 (Linux; Android 9; BDL8051C Build/BDL3552T; wv) AppleWebKit/537.36 (KHTML, like Gecko) Version/4.0 Chrome/66.0.3359.158 Safari/537.36"
80.249.163.145 - - [03/May/2023:22:58:23 +0200] "POST /wp-cron.php?doing_wp_cron=1683147503.4268600940704345703125 HTTP/1.1" 200 20 "http://sobarlang-terapia.hu/wp-cron.php?doing_wp_cron=1683147503.4268600940704345703125" "WordPress/5.3.14; http://sobarlang-terapia.hu"
192.71.36.158 - - [03/May/2023:22:58:24 +0200] "GET /sitemap.xml HTTP/1.1" 200 495 "-" "Mozilla/5.0 (Linux; Android 9; BDL8051C Build/BDL3552T; wv) AppleWebKit/537.36 (KHTML, like Gecko) Version/4.0 Chrome/66.0.3359.158 Safari/537.36"
192.36.70.176 - - [03/May/2023:22:58:25 +0200] "GET /humans.txt HTTP/1.1" 404 17953 "-" "Mozilla/5.0 (Linux; Android 9; BDL8051C Build/BDL3552T; wv) AppleWebKit/537.36 (KHTML, like Gecko) Version/4.0 Chrome/66.0.3359.158 Safari/537.36"
192.36.71.133 - - [03/May/2023:22:58:26 +0200] "GET /ads.txt HTTP/1.1" 404 17950 "-" "Mozilla/5.0 (Linux; Android 9; BDL8051C Build/BDL3552T; wv) AppleWebKit/537.36 (KHTML, like Gecko) Version/4.0 Chrome/66.0.3359.158 Safari/537.36"
192.71.225.127 - - [03/May/2023:22:58:27 +0200] "GET / HTTP/1.1" 200 18012 "-" "Mozilla/5.0 (Linux; Android 9; BDL8051C Build/BDL3552T; wv) AppleWebKit/537.36 (KHTML, like Gecko) Version/4.0 Chrome/66.0.3359.158 Safari/537.36"
49.12.13.109 - - [03/May/2023:23:20:08 +0200] "HEAD / HTTP/1.1" 200 - "-" "Alert_Alligator_webmonitoring_service_1.6.3_(alertalligator.com)"
212.237.51.151 - - [04/May/2023:00:02:25 +0200] "HEAD / HTTP/1.1" 200 - "-" "Alert_Alligator_webmonitoring_service_1.6.4_(alertalligator.com)"
80.249.163.145 - - [04/May/2023:00:02:26 +0200] "POST /wp-cron.php?doing_wp_cron=1683151346.7035770416259765625000 HTTP/1.1" 200 20 "http://sobarlang-terapia.hu/wp-cron.php?doing_wp_cron=1683151346.7035770416259765625000" "WordPress/5.3.14; http://sobarlang-terapia.hu"
16.162.65.135 - - [04/May/2023:00:06:35 +0200] "GET /wp-login.php HTTP/1.1" 200 1762 "" "Mozilla/5.0 (Windows NT 6.3; Win64; x64; rv:109.0) Gecko/20100101 Firefox/111.0"
16.162.65.135 - - [04/May/2023:00:06:37 +0200] "POST /wp-login.php HTTP/1.1" 200 2151 "http://sobarlang-terapia.hu/wp-login.php?redirect_to=http%3A%2F%2Fsobarlang-terapia.hu%2Fwp-admin%2F" "Mozilla/5.0 (Windows NT 6.3; Win64; x64; rv:109.0) Gecko/20100101 Firefox/111.0"
141.98.6.209 - - [04/May/2023:00:31:51 +0200] "GET /wp-admin/css/colors/ HTTP/1.1" 200 548 "-" "python-requests/2.27.1"
141.98.6.209 - - [04/May/2023:00:31:57 +0200] "GET /wp-admin/css/colors/ HTTP/1.1" 200 548 "-" "python-requests/2.27.1"
141.98.6.209 - - [04/May/2023:00:32:05 +0200] "GET /wp-admin/css/colors/blue/ HTTP/1.1" 200 480 "-" "python-requests/2.27.1"
141.98.6.209 - - [04/May/2023:00:32:14 +0200] "GET /wp-admin/css/colors/blue//wp-admin/css/colors/ HTTP/1.1" 404 17966 "-" "python-requests/2.27.1"
80.249.163.145 - - [04/May/2023:00:32:15 +0200] "POST /wp-cron.php?doing_wp_cron=1683153135.0739850997924804687500 HTTP/1.1" 200 20 "http://sobarlang-terapia.hu/wp-cron.php?doing_wp_cron=1683153135.0739850997924804687500" "WordPress/5.3.14; http://sobarlang-terapia.hu"
141.98.6.209 - - [04/May/2023:00:32:23 +0200] "GET /wp-admin/css/colors/coffee/ HTTP/1.1" 200 481 "-" "python-requests/2.27.1"
141.98.6.209 - - [04/May/2023:00:32:33 +0200] "GET /wp-admin/css/colors/coffee//wp-admin/css/colors/ HTTP/1.1" 404 17965 "-" "python-requests/2.27.1"
141.98.6.209 - - [04/May/2023:00:32:42 +0200] "GET /wp-admin/css/colors/ectoplasm/ HTTP/1.1" 200 484 "-" "python-requests/2.27.1"
141.98.6.209 - - [04/May/2023:00:32:54 +0200] "GET /wp-admin/css/colors/ectoplasm//wp-admin/css/colors/ HTTP/1.1" 404 17970 "-" "python-requests/2.27.1"
141.98.6.209 - - [04/May/2023:00:33:01 +0200] "GET /wp-admin/css/colors/light/ HTTP/1.1" 200 480 "-" "python-requests/2.27.1"
141.98.6.209 - - [04/May/2023:00:33:08 +0200] "GET /wp-admin/css/colors/light//wp-admin/css/colors/ HTTP/1.1" 404 17966 "-" "python-requests/2.27.1"
141.98.6.209 - - [04/May/2023:00:33:20 +0200] "GET /wp-admin/css/colors/midnight/ HTTP/1.1" 200 483 "-" "python-requests/2.27.1"
141.98.6.209 - - [04/May/2023:00:33:27 +0200] "GET /wp-admin/css/colors/midnight//wp-admin/css/colors/ HTTP/1.1" 404 17966 "-" "python-requests/2.27.1"
141.98.6.209 - - [04/May/2023:00:33:33 +0200] "GET /wp-admin/css/colors/ocean/ HTTP/1.1" 200 482 "-" "python-requests/2.27.1"
141.98.6.209 - - [04/May/2023:00:33:38 +0200] "GET /wp-admin/css/colors/ocean//wp-admin/css/colors/ HTTP/1.1" 404 17966 "-" "python-requests/2.27.1"
141.98.6.209 - - [04/May/2023:00:33:44 +0200] "GET /wp-admin/css/colors/sunrise/ HTTP/1.1" 200 484 "-" "python-requests/2.27.1"
141.98.6.209 - - [04/May/2023:00:33:50 +0200] "GET /wp-admin/css/colors/sunrise//wp-admin/css/colors/ HTTP/1.1" 404 17968 "-" "python-requests/2.27.1"
49.12.13.109 - - [04/May/2023:01:02:40 +0200] "HEAD / HTTP/1.1" 200 - "-" "Alert_Alligator_webmonitoring_service_1.6.3_(alertalligator.com)"
80.249.163.145 - - [04/May/2023:01:02:41 +0200] "POST /wp-cron.php?doing_wp_cron=1683154961.8032948970794677734375 HTTP/1.1" 200 20 "http://sobarlang-terapia.hu/wp-cron.php?doing_wp_cron=1683154961.8032948970794677734375" "WordPress/5.3.14; http://sobarlang-terapia.hu"
34.250.67.194 - - [04/May/2023:01:15:46 +0200] "GET / HTTP/1.0" 200 52940 "-" "Mozilla/5.0 (compatible; NetcraftSurveyAgent/1.0; +info@netcraft.com)"
212.237.51.151 - - [04/May/2023:01:43:43 +0200] "HEAD / HTTP/1.1" 200 - "-" "Alert_Alligator_webmonitoring_service_1.6.4_(alertalligator.com)"
80.249.163.145 - - [04/May/2023:01:43:44 +0200] "POST /wp-cron.php?doing_wp_cron=1683157424.8499050140380859375000 HTTP/1.1" 200 20 "http://sobarlang-terapia.hu/wp-cron.php?doing_wp_cron=1683157424.8499050140380859375000" "WordPress/5.3.14; http://sobarlang-terapia.hu"
54.36.148.194 - - [04/May/2023:02:09:44 +0200] "GET /robots.txt HTTP/1.1" 200 114 "-" "Mozilla/5.0 (compatible; AhrefsBot/7.0; +http://ahrefs.com/robot/)"
54.36.148.177 - - [04/May/2023:02:09:45 +0200] "GET / HTTP/1.1" 200 18012 "-" "Mozilla/5.0 (compatible; AhrefsBot/7.0; +http://ahrefs.com/robot/)"
54.36.149.19 - - [04/May/2023:02:09:47 +0200] "GET /wp-includes/js/wp-embed.min.js?ver=5.3.14 HTTP/1.1" 200 739 "-" "Mozilla/5.0 (compatible; AhrefsBot/7.0; +http://ahrefs.com/robot/)"
54.36.148.46 - - [04/May/2023:02:09:47 +0200] "GET /wp-content/themes/twentyseventeen/assets/js/jquery.scrollTo.js?ver=2.1.2 HTTP/1.1" 200 2409 "-" "Mozilla/5.0 (compatible; AhrefsBot/7.0; +http://ahrefs.com/robot/)"
54.36.149.72 - - [04/May/2023:02:09:47 +0200] "GET /wp-content/themes/twentyseventeen/style.css?ver=20190507 HTTP/1.1" 200 15806 "-" "Mozilla/5.0 (compatible; AhrefsBot/7.0; +http://ahrefs.com/robot/)"
54.36.148.242 - - [04/May/2023:02:09:47 +0200] "GET /wp-content/themes/twentyseventeen/assets/css/blocks.css?ver=20190105 HTTP/1.1" 200 1862 "-" "Mozilla/5.0 (compatible; AhrefsBot/7.0; +http://ahrefs.com/robot/)"
54.36.149.99 - - [04/May/2023:02:09:47 +0200] "GET /wp-includes/css/dist/block-library/theme.min.css?ver=5.3.14 HTTP/1.1" 200 639 "-" "Mozilla/5.0 (compatible; AhrefsBot/7.0; +http://ahrefs.com/robot/)"
54.36.148.18 - - [04/May/2023:02:09:47 +0200] "GET /wp-includes/css/dist/block-library/style.min.css?ver=5.3.14 HTTP/1.1" 200 6132 "-" "Mozilla/5.0 (compatible; AhrefsBot/7.0; +http://ahrefs.com/robot/)"
54.36.149.88 - - [04/May/2023:02:09:47 +0200] "GET /wp-includes/js/jquery/jquery.js?ver=1.12.4-wp HTTP/1.1" 200 33776 "-" "Mozilla/5.0 (compatible; AhrefsBot/7.0; +http://ahrefs.com/robot/)"
54.36.148.170 - - [04/May/2023:02:09:48 +0200] "GET /wp-includes/js/jquery/jquery-migrate.min.js?ver=1.4.1 HTTP/1.1" 200 4014 "-" "Mozilla/5.0 (compatible; AhrefsBot/7.0; +http://ahrefs.com/robot/)"
54.36.148.71 - - [04/May/2023:02:09:48 +0200] "GET /wp-content/uploads/2019/12/cropped-3-fa-scaled-1.jpg HTTP/1.1" 200 280237 "-" "Mozilla/5.0 (compatible; AhrefsBot/7.0; +http://ahrefs.com/robot/)"
54.36.148.76 - - [04/May/2023:02:09:48 +0200] "GET /wp-content/themes/twentyseventeen/assets/js/skip-link-focus-fix.js?ver=20161114 HTTP/1.1" 200 416 "-" "Mozilla/5.0 (compatible; AhrefsBot/7.0; +http://ahrefs.com/robot/)"
54.36.148.167 - - [04/May/2023:02:09:48 +0200] "GET /wp-content/themes/twentyseventeen/assets/js/global.js?ver=20190121 HTTP/1.1" 200 2612 "-" "Mozilla/5.0 (compatible; AhrefsBot/7.0; +http://ahrefs.com/robot/)"
212.237.51.151 - - [04/May/2023:02:42:13 +0200] "HEAD / HTTP/1.1" 200 - "-" "Alert_Alligator_webmonitoring_service_1.6.4_(alertalligator.com)"
80.249.163.145 - - [04/May/2023:02:42:14 +0200] "POST /wp-cron.php?doing_wp_cron=1683160934.3577370643615722656250 HTTP/1.1" 200 20 "http://sobarlang-terapia.hu/wp-cron.php?doing_wp_cron=1683160934.3577370643615722656250" "WordPress/5.3.14; http://sobarlang-terapia.hu"
49.12.13.109 - - [04/May/2023:03:41:17 +0200] "HEAD / HTTP/1.1" 200 - "-" "Alert_Alligator_webmonitoring_service_1.6.3_(alertalligator.com)"
80.249.163.145 - - [04/May/2023:03:41:18 +0200] "POST /wp-cron.php?doing_wp_cron=1683164478.9126338958740234375000 HTTP/1.1" 200 20 "http://sobarlang-terapia.hu/wp-cron.php?doing_wp_cron=1683164478.9126338958740234375000" "WordPress/5.3.14; http://sobarlang-terapia.hu"
95.213.186.158 - - [04/May/2023:03:43:04 +0200] "GET /wp-login.php HTTP/1.1" 200 1762 "" "Mozilla/5.0 (Windows NT 6.3; Win64; x64; rv:109.0) Gecko/20100101 Firefox/111.0"
95.213.186.158 - - [04/May/2023:03:43:05 +0200] "POST /wp-login.php HTTP/1.1" 200 2151 "http://sobarlang-terapia.hu/wp-login.php?redirect_to=http%3A%2F%2Fsobarlang-terapia.hu%2Fwp-admin%2F" "Mozilla/5.0 (Windows NT 6.3; Win64; x64; rv:109.0) Gecko/20100101 Firefox/111.0"
212.237.51.151 - - [04/May/2023:04:21:35 +0200] "HEAD / HTTP/1.1" 200 - "-" "Alert_Alligator_webmonitoring_service_1.6.4_(alertalligator.com)"
49.12.13.109 - - [04/May/2023:05:20:53 +0200] "HEAD / HTTP/1.1" 200 - "-" "Alert_Alligator_webmonitoring_service_1.6.3_(alertalligator.com)"
80.249.163.145 - - [04/May/2023:05:20:55 +0200] "POST /wp-cron.php?doing_wp_cron=1683170454.9738080501556396484375 HTTP/1.1" 200 20 "http://sobarlang-terapia.hu/wp-cron.php?doing_wp_cron=1683170454.9738080501556396484375" "WordPress/5.3.14; http://sobarlang-terapia.hu"
5.255.253.85 - - [04/May/2023:05:30:12 +0200] "GET /robots.txt HTTP/1.1" 200 117 "-" "Mozilla/5.0 (compatible; YandexBot/3.0; +http://yandex.com/bots)"
213.180.203.223 - - [04/May/2023:05:30:14 +0200] "GET /log/transfer.log HTTP/1.1" 200 114958 "-" "Mozilla/5.0 (compatible; YandexBot/3.0; +http://yandex.com/bots)"
80.249.163.145 - - [04/May/2023:05:30:13 +0200] "POST /wp-cron.php?doing_wp_cron=1683171013.3995299339294433593750 HTTP/1.1" 200 20 "http://sobarlang-terapia.hu/wp-cron.php?doing_wp_cron=1683171013.3995299339294433593750" "WordPress/5.3.14; http://sobarlang-terapia.hu"
49.12.13.109 - - [04/May/2023:06:21:20 +0200] "HEAD / HTTP/1.1" 200 - "-" "Alert_Alligator_webmonitoring_service_1.6.3_(alertalligator.com)"
170.106.197.52 - - [04/May/2023:06:46:32 +0200] "GET /wp-admin/css/ HTTP/1.1" 200 1481 "binance.com" "Mozilla/5.0 (Windows NT 10.0; Win64; x64) AppleWebKit/537.36 (KHTML, like Gecko) Chrome/90.0.4430.85 Safari/537.36"
170.106.197.52 - - [04/May/2023:06:46:41 +0200] "GET /wp-content/uploads/2023/05/ HTTP/1.1" 200 360 "binance.com" "Mozilla/5.0 (Windows NT 10.0; Win64; x64) AppleWebKit/537.36 (KHTML, like Gecko) Chrome/90.0.4430.85 Safari/537.36"
170.106.197.52 - - [04/May/2023:06:46:44 +0200] "GET /wp-content/uploads/2023/04/ HTTP/1.1" 200 361 "binance.com" "Mozilla/5.0 (Windows NT 10.0; Win64; x64) AppleWebKit/537.36 (KHTML, like Gecko) Chrome/90.0.4430.85 Safari/537.36"
170.106.197.52 - - [04/May/2023:06:46:45 +0200] "GET /wp-content/uploads/ HTTP/1.1" 200 457 "binance.com" "Mozilla/5.0 (Windows NT 10.0; Win64; x64) AppleWebKit/537.36 (KHTML, like Gecko) Chrome/90.0.4430.85 Safari/537.36"
170.106.197.52 - - [04/May/2023:06:46:45 +0200] "GET /wp-content/upgrade/ HTTP/1.1" 200 350 "binance.com" "Mozilla/5.0 (Windows NT 10.0; Win64; x64) AppleWebKit/537.36 (KHTML, like Gecko) Chrome/90.0.4430.85 Safari/537.36"
170.106.197.52 - - [04/May/2023:06:46:46 +0200] "GET /wp-content/languages/ HTTP/1.1" 200 1110 "binance.com" "Mozilla/5.0 (Windows NT 10.0; Win64; x64) AppleWebKit/537.36 (KHTML, like Gecko) Chrome/90.0.4430.85 Safari/537.36"
170.106.197.52 - - [04/May/2023:06:46:47 +0200] "GET /wp-admin/includes/ HTTP/1.1" 200 1961 "binance.com" "Mozilla/5.0 (Windows NT 10.0; Win64; x64) AppleWebKit/537.36 (KHTML, like Gecko) Chrome/90.0.4430.85 Safari/537.36"
170.106.197.52 - - [04/May/2023:06:46:47 +0200] "GET /wp-admin/includes/ HTTP/1.1" 200 1961 "binance.com" "Mozilla/5.0 (Windows NT 10.0; Win64; x64) AppleWebKit/537.36 (KHTML, like Gecko) Chrome/90.0.4430.85 Safari/537.36"
170.106.197.52 - - [04/May/2023:06:46:48 +0200] "GET /wp-admin/maint/ HTTP/1.1" 200 404 "binance.com" "Mozilla/5.0 (Windows NT 10.0; Win64; x64) AppleWebKit/537.36 (KHTML, like Gecko) Chrome/90.0.4430.85 Safari/537.36"
170.106.197.52 - - [04/May/2023:06:46:48 +0200] "GET /wp-admin/maint/ HTTP/1.1" 200 404 "binance.com" "Mozilla/5.0 (Windows NT 10.0; Win64; x64) AppleWebKit/537.36 (KHTML, like Gecko) Chrome/90.0.4430.85 Safari/537.36"
170.106.197.52 - - [04/May/2023:06:46:49 +0200] "GET /wp-admin/network/ HTTP/1.1" 302 20 "binance.com" "Mozilla/5.0 (Windows NT 10.0; Win64; x64) AppleWebKit/537.36 (KHTML, like Gecko) Chrome/90.0.4430.85 Safari/537.36"
80.249.163.145 - - [04/May/2023:06:46:50 +0200] "POST /wp-cron.php?doing_wp_cron=1683175610.6637990474700927734375 HTTP/1.1" 200 20 "http://sobarlang-terapia.hu/wp-cron.php?doing_wp_cron=1683175610.6637990474700927734375" "WordPress/5.3.14; http://sobarlang-terapia.hu"
170.106.197.52 - - [04/May/2023:06:46:52 +0200] "GET /wp-login.php?redirect_to=http%3A%2F%2Fsobarlang-terapia.hu%2Fwp-admin%2Fnetwork%2F&reauth=1 HTTP/1.1" 200 1762 "binance.com" "Mozilla/5.0 (Windows NT 10.0; Win64; x64) AppleWebKit/537.36 (KHTML, like Gecko) Chrome/90.0.4430.85 Safari/537.36"
170.106.197.52 - - [04/May/2023:06:47:02 +0200] "GET /wp-admin/user/ HTTP/1.1" 302 20 "binance.com" "Mozilla/5.0 (Windows NT 10.0; Win64; x64) AppleWebKit/537.36 (KHTML, like Gecko) Chrome/90.0.4430.85 Safari/537.36"
170.106.197.52 - - [04/May/2023:06:47:03 +0200] "GET /wp-login.php?redirect_to=http%3A%2F%2Fsobarlang-terapia.hu%2Fwp-admin%2Fuser%2F&reauth=1 HTTP/1.1" 200 1762 "binance.com" "Mozilla/5.0 (Windows NT 10.0; Win64; x64) AppleWebKit/537.36 (KHTML, like Gecko) Chrome/90.0.4430.85 Safari/537.36"
170.106.197.52 - - [04/May/2023:06:47:11 +0200] "GET /wp-admin/css/ HTTP/1.1" 200 1481 "binance.com" "Mozilla/5.0 (Windows NT 10.0; Win64; x64) AppleWebKit/537.36 (KHTML, like Gecko) Chrome/90.0.4430.85 Safari/537.36"
170.106.197.52 - - [04/May/2023:06:47:14 +0200] "GET /wp-admin/css/colors/ HTTP/1.1" 200 548 "binance.com" "Mozilla/5.0 (Windows NT 10.0; Win64; x64) AppleWebKit/537.36 (KHTML, like Gecko) Chrome/90.0.4430.85 Safari/537.36"
170.106.197.52 - - [04/May/2023:06:47:18 +0200] "GET /wp-admin/css/colors/blue/ HTTP/1.1" 200 480 "binance.com" "Mozilla/5.0 (Windows NT 10.0; Win64; x64) AppleWebKit/537.36 (KHTML, like Gecko) Chrome/90.0.4430.85 Safari/537.36"
170.106.197.52 - - [04/May/2023:06:47:23 +0200] "GET /wp-admin/css/colors/coffee/ HTTP/1.1" 200 481 "binance.com" "Mozilla/5.0 (Windows NT 10.0; Win64; x64) AppleWebKit/537.36 (KHTML, like Gecko) Chrome/90.0.4430.85 Safari/537.36"
170.106.197.52 - - [04/May/2023:06:47:27 +0200] "GET /wp-admin/css/colors/ectoplasm/ HTTP/1.1" 200 484 "binance.com" "Mozilla/5.0 (Windows NT 10.0; Win64; x64) AppleWebKit/537.36 (KHTML, like Gecko) Chrome/90.0.4430.85 Safari/537.36"
170.106.197.52 - - [04/May/2023:06:47:30 +0200] "GET /wp-admin/css/colors/light/ HTTP/1.1" 200 480 "binance.com" "Mozilla/5.0 (Windows NT 10.0; Win64; x64) AppleWebKit/537.36 (KHTML, like Gecko) Chrome/90.0.4430.85 Safari/537.36"
170.106.197.52 - - [04/May/2023:06:47:33 +0200] "GET /wp-admin/css/colors/midnight/ HTTP/1.1" 200 483 "binance.com" "Mozilla/5.0 (Windows NT 10.0; Win64; x64) AppleWebKit/537.36 (KHTML, like Gecko) Chrome/90.0.4430.85 Safari/537.36"
170.106.197.52 - - [04/May/2023:06:47:36 +0200] "GET /wp-admin/css/colors/modern/ HTTP/1.1" 404 17961 "binance.com" "Mozilla/5.0 (Windows NT 10.0; Win64; x64) AppleWebKit/537.36 (KHTML, like Gecko) Chrome/90.0.4430.85 Safari/537.36"
170.106.197.52 - - [04/May/2023:06:47:41 +0200] "GET /wp-admin/css/colors/ocean/ HTTP/1.1" 200 482 "binance.com" "Mozilla/5.0 (Windows NT 10.0; Win64; x64) AppleWebKit/537.36 (KHTML, like Gecko) Chrome/90.0.4430.85 Safari/537.36"
170.106.197.52 - - [04/May/2023:06:47:45 +0200] "GET /wp-admin/css/colors/sunrise/%20 HTTP/1.1" 404 17970 "binance.com" "Mozilla/5.0 (Windows NT 10.0; Win64; x64) AppleWebKit/537.36 (KHTML, like Gecko) Chrome/90.0.4430.85 Safari/537.36"
170.106.197.52 - - [04/May/2023:06:47:49 +0200] "GET /wp-admin/images/ HTTP/1.1" 200 1245 "binance.com" "Mozilla/5.0 (Windows NT 10.0; Win64; x64) AppleWebKit/537.36 (KHTML, like Gecko) Chrome/90.0.4430.85 Safari/537.36"
170.106.197.52 - - [04/May/2023:06:47:53 +0200] "GET /wp-admin/js/ HTTP/1.1" 200 1677 "binance.com" "Mozilla/5.0 (Windows NT 10.0; Win64; x64) AppleWebKit/537.36 (KHTML, like Gecko) Chrome/90.0.4430.85 Safari/537.36"
170.106.197.52 - - [04/May/2023:06:47:56 +0200] "GET /wp-admin/js/widgets/ HTTP/1.1" 200 621 "binance.com" "Mozilla/5.0 (Windows NT 10.0; Win64; x64) AppleWebKit/537.36 (KHTML, like Gecko) Chrome/90.0.4430.85 Safari/537.36"
170.106.197.52 - - [04/May/2023:06:48:00 +0200] "GET /wp-includes/ HTTP/1.1" 200 3365 "binance.com" "Mozilla/5.0 (Windows NT 10.0; Win64; x64) AppleWebKit/537.36 (KHTML, like Gecko) Chrome/90.0.4430.85 Safari/537.36"
170.106.197.52 - - [04/May/2023:06:48:03 +0200] "GET /wp-includes/ HTTP/1.1" 200 3365 "binance.com" "Mozilla/5.0 (Windows NT 10.0; Win64; x64) AppleWebKit/537.36 (KHTML, like Gecko) Chrome/90.0.4430.85 Safari/537.36"
170.106.197.52 - - [04/May/2023:06:48:05 +0200] "GET /wp-includes/ID3/ HTTP/1.1" 200 728 "binance.com" "Mozilla/5.0 (Windows NT 10.0; Win64; x64) AppleWebKit/537.36 (KHTML, like Gecko) Chrome/90.0.4430.85 Safari/537.36"
170.106.197.52 - - [04/May/2023:06:48:06 +0200] "GET /wp-includes/ID3/ HTTP/1.1" 200 728 "binance.com" "Mozilla/5.0 (Windows NT 10.0; Win64; x64) AppleWebKit/537.36 (KHTML, like Gecko) Chrome/90.0.4430.85 Safari/537.36"
170.106.197.52 - - [04/May/2023:06:48:08 +0200] "GET /wp-includes/IXR/ HTTP/1.1" 200 570 "binance.com" "Mozilla/5.0 (Windows NT 10.0; Win64; x64) AppleWebKit/537.36 (KHTML, like Gecko) Chrome/90.0.4430.85 Safari/537.36"
170.106.197.52 - - [04/May/2023:06:48:10 +0200] "GET /wp-includes/IXR/ HTTP/1.1" 200 570 "binance.com" "Mozilla/5.0 (Windows NT 10.0; Win64; x64) AppleWebKit/537.36 (KHTML, like Gecko) Chrome/90.0.4430.85 Safari/537.36"
170.106.197.52 - - [04/May/2023:06:48:12 +0200] "GET /wp-includes/PHPMailer/ HTTP/1.1" 404 17961 "binance.com" "Mozilla/5.0 (Windows NT 10.0; Win64; x64) AppleWebKit/537.36 (KHTML, like Gecko) Chrome/90.0.4430.85 Safari/537.36"
170.106.197.52 - - [04/May/2023:06:48:15 +0200] "GET /wp-includes/Text/ HTTP/1.1" 200 432 "binance.com" "Mozilla/5.0 (Windows NT 10.0; Win64; x64) AppleWebKit/537.36 (KHTML, like Gecko) Chrome/90.0.4430.85 Safari/537.36"
170.106.197.52 - - [04/May/2023:06:48:17 +0200] "GET /wp-includes/Text/ HTTP/1.1" 200 432 "binance.com" "Mozilla/5.0 (Windows NT 10.0; Win64; x64) AppleWebKit/537.36 (KHTML, like Gecko) Chrome/90.0.4430.85 Safari/537.36"
170.106.197.52 - - [04/May/2023:06:48:21 +0200] "GET /wp-includes/Text/Diff/ HTTP/1.1" 200 452 "binance.com" "Mozilla/5.0 (Windows NT 10.0; Win64; x64) AppleWebKit/537.36 (KHTML, like Gecko) Chrome/90.0.4430.85 Safari/537.36"
170.106.197.52 - - [04/May/2023:06:48:23 +0200] "GET /wp-includes/Text/Diff/ HTTP/1.1" 200 452 "binance.com" "Mozilla/5.0 (Windows NT 10.0; Win64; x64) AppleWebKit/537.36 (KHTML, like Gecko) Chrome/90.0.4430.85 Safari/537.36"
170.106.197.52 - - [04/May/2023:06:48:24 +0200] "GET /wp-includes/Text/Diff/Engine/ HTTP/1.1" 200 465 "binance.com" "Mozilla/5.0 (Windows NT 10.0; Win64; x64) AppleWebKit/537.36 (KHTML, like Gecko) Chrome/90.0.4430.85 Safari/537.36"
170.106.197.52 - - [04/May/2023:06:48:26 +0200] "GET /wp-includes/Text/Diff/Engine/ HTTP/1.1" 200 465 "binance.com" "Mozilla/5.0 (Windows NT 10.0; Win64; x64) AppleWebKit/537.36 (KHTML, like Gecko) Chrome/90.0.4430.85 Safari/537.36"
170.106.197.52 - - [04/May/2023:06:48:28 +0200] "GET /wp-includes/Text/Diff/Renderer/ HTTP/1.1" 200 420 "binance.com" "Mozilla/5.0 (Windows NT 10.0; Win64; x64) AppleWebKit/537.36 (KHTML, like Gecko) Chrome/90.0.4430.85 Safari/537.36"
170.106.197.52 - - [04/May/2023:06:48:30 +0200] "GET /wp-includes/Text/Diff/Renderer/ HTTP/1.1" 200 420 "binance.com" "Mozilla/5.0 (Windows NT 10.0; Win64; x64) AppleWebKit/537.36 (KHTML, like Gecko) Chrome/90.0.4430.85 Safari/537.36"
170.106.197.52 - - [04/May/2023:06:48:31 +0200] "GET /wp-includes/blocks/ HTTP/1.1" 200 596 "binance.com" "Mozilla/5.0 (Windows NT 10.0; Win64; x64) AppleWebKit/537.36 (KHTML, like Gecko) Chrome/90.0.4430.85 Safari/537.36"
170.106.197.52 - - [04/May/2023:06:48:32 +0200] "GET /wp-includes/blocks/ HTTP/1.1" 200 596 "binance.com" "Mozilla/5.0 (Windows NT 10.0; Win64; x64) AppleWebKit/537.36 (KHTML, like Gecko) Chrome/90.0.4430.85 Safari/537.36"
170.106.197.52 - - [04/May/2023:06:48:33 +0200] "GET /wp-includes/pomo/ HTTP/1.1" 200 487 "binance.com" "Mozilla/5.0 (Windows NT 10.0; Win64; x64) AppleWebKit/537.36 (KHTML, like Gecko) Chrome/90.0.4430.85 Safari/537.36"
170.106.197.52 - - [04/May/2023:06:48:34 +0200] "GET /wp-includes/pomo/ HTTP/1.1" 200 487 "binance.com" "Mozilla/5.0 (Windows NT 10.0; Win64; x64) AppleWebKit/537.36 (KHTML, like Gecko) Chrome/90.0.4430.85 Safari/537.36"
170.106.197.52 - - [04/May/2023:06:48:36 +0200] "GET /wp-includes/sitemaps/ HTTP/1.1" 404 17958 "binance.com" "Mozilla/5.0 (Windows NT 10.0; Win64; x64) AppleWebKit/537.36 (KHTML, like Gecko) Chrome/90.0.4430.85 Safari/537.36"
170.106.197.52 - - [04/May/2023:06:48:39 +0200] "GET /wp-includes/sitemaps/providers/ HTTP/1.1" 404 17967 "binance.com" "Mozilla/5.0 (Windows NT 10.0; Win64; x64) AppleWebKit/537.36 (KHTML, like Gecko) Chrome/90.0.4430.85 Safari/537.36"
170.106.197.52 - - [04/May/2023:06:48:41 +0200] "GET /wp-includes/widgets/ HTTP/1.1" 200 687 "binance.com" "Mozilla/5.0 (Windows NT 10.0; Win64; x64) AppleWebKit/537.36 (KHTML, like Gecko) Chrome/90.0.4430.85 Safari/537.36"
170.106.197.52 - - [04/May/2023:06:48:43 +0200] "GET /wp-includes/widgets/ HTTP/1.1" 200 687 "binance.com" "Mozilla/5.0 (Windows NT 10.0; Win64; x64) AppleWebKit/537.36 (KHTML, like Gecko) Chrome/90.0.4430.85 Safari/537.36"
170.106.197.52 - - [04/May/2023:06:48:44 +0200] "GET /wp-includes/css/ HTTP/1.1" 200 875 "binance.com" "Mozilla/5.0 (Windows NT 10.0; Win64; x64) AppleWebKit/537.36 (KHTML, like Gecko) Chrome/90.0.4430.85 Safari/537.36"
170.106.197.52 - - [04/May/2023:06:48:46 +0200] "GET /wp-includes/css/dist/ HTTP/1.1" 200 492 "binance.com" "Mozilla/5.0 (Windows NT 10.0; Win64; x64) AppleWebKit/537.36 (KHTML, like Gecko) Chrome/90.0.4430.85 Safari/537.36"
170.106.197.52 - - [04/May/2023:06:48:48 +0200] "GET /wp-includes/fonts/ HTTP/1.1" 200 479 "binance.com" "Mozilla/5.0 (Windows NT 10.0; Win64; x64) AppleWebKit/537.36 (KHTML, like Gecko) Chrome/90.0.4430.85 Safari/537.36"
170.106.197.52 - - [04/May/2023:06:48:49 +0200] "GET /wp-includes/images/ HTTP/1.1" 200 800 "binance.com" "Mozilla/5.0 (Windows NT 10.0; Win64; x64) AppleWebKit/537.36 (KHTML, like Gecko) Chrome/90.0.4430.85 Safari/537.36"
170.106.197.52 - - [04/May/2023:06:48:50 +0200] "GET /wp-includes/images/crystal/ HTTP/1.1" 200 570 "binance.com" "Mozilla/5.0 (Windows NT 10.0; Win64; x64) AppleWebKit/537.36 (KHTML, like Gecko) Chrome/90.0.4430.85 Safari/537.36"
170.106.197.52 - - [04/May/2023:06:48:51 +0200] "GET /wp-includes/images/media/ HTTP/1.1" 200 539 "binance.com" "Mozilla/5.0 (Windows NT 10.0; Win64; x64) AppleWebKit/537.36 (KHTML, like Gecko) Chrome/90.0.4430.85 Safari/537.36"
170.106.197.52 - - [04/May/2023:06:48:52 +0200] "GET /wp-includes/images/smilies/ HTTP/1.1" 200 749 "binance.com" "Mozilla/5.0 (Windows NT 10.0; Win64; x64) AppleWebKit/537.36 (KHTML, like Gecko) Chrome/90.0.4430.85 Safari/537.36"
170.106.197.52 - - [04/May/2023:06:48:53 +0200] "GET /wp-includes/images/wlw/ HTTP/1.1" 200 451 "binance.com" "Mozilla/5.0 (Windows NT 10.0; Win64; x64) AppleWebKit/537.36 (KHTML, like Gecko) Chrome/90.0.4430.85 Safari/537.36"
170.106.197.52 - - [04/May/2023:06:48:55 +0200] "GET /wp-includes/js/%20 HTTP/1.1" 404 17960 "binance.com" "Mozilla/5.0 (Windows NT 10.0; Win64; x64) AppleWebKit/537.36 (KHTML, like Gecko) Chrome/90.0.4430.85 Safari/537.36"
170.106.197.52 - - [04/May/2023:06:48:57 +0200] "GET /wp-includes/js/codemirror/ HTTP/1.1" 200 531 "binance.com" "Mozilla/5.0 (Windows NT 10.0; Win64; x64) AppleWebKit/537.36 (KHTML, like Gecko) Chrome/90.0.4430.85 Safari/537.36"
170.106.197.52 - - [04/May/2023:06:48:59 +0200] "GET /wp-includes/js/plupload/ HTTP/1.1" 200 549 "binance.com" "Mozilla/5.0 (Windows NT 10.0; Win64; x64) AppleWebKit/537.36 (KHTML, like Gecko) Chrome/90.0.4430.85 Safari/537.36"
170.106.197.52 - - [04/May/2023:06:49:00 +0200] "GET /.well-known/ HTTP/1.1" 404 17951 "binance.com" "Mozilla/5.0 (Windows NT 10.0; Win64; x64) AppleWebKit/537.36 (KHTML, like Gecko) Chrome/90.0.4430.85 Safari/537.36"
49.12.13.109 - - [04/May/2023:07:20:27 +0200] "HEAD / HTTP/1.1" 200 - "-" "Alert_Alligator_webmonitoring_service_1.6.3_(alertalligator.com)"
40.77.167.117 - - [04/May/2023:07:47:53 +0200] "GET /sitemap-misc.xml.gz HTTP/1.1" 200 505 "-" "Mozilla/5.0 AppleWebKit/537.36 (KHTML, like Gecko; compatible; bingbot/2.0; +http://www.bing.com/bingbot.htm) Chrome/103.0.5060.134 Safari/537.36"
80.249.163.145 - - [04/May/2023:07:47:58 +0200] "POST /wp-cron.php?doing_wp_cron=1683179278.5113210678100585937500 HTTP/1.1" 200 20 "http://sobarlang-terapia.hu/wp-cron.php?doing_wp_cron=1683179278.5113210678100585937500" "WordPress/5.3.14; http://sobarlang-terapia.hu"
49.12.13.109 - - [04/May/2023:07:52:24 +0200] "HEAD / HTTP/1.1" 200 - "-" "Alert_Alligator_webmonitoring_service_1.6.4_(alertalligator.com)"
34.142.161.75 - - [04/May/2023:07:55:41 +0200] "GET /wp-login.php HTTP/1.1" 200 1762 "" "Mozilla/5.0 (Windows NT 6.3; Win64; x64; rv:109.0) Gecko/20100101 Firefox/111.0"
34.142.161.75 - - [04/May/2023:07:55:43 +0200] "POST /wp-login.php HTTP/1.1" 200 2151 "http://sobarlang-terapia.hu/wp-login.php?redirect_to=http%3A%2F%2Fsobarlang-terapia.hu%2Fwp-admin%2F" "Mozilla/5.0 (Windows NT 6.3; Win64; x64; rv:109.0) Gecko/20100101 Firefox/111.0"
40.77.167.131 - - [04/May/2023:08:11:42 +0200] "GET /sitemap.xml.gz HTTP/1.1" 200 496 "-" "Mozilla/5.0 AppleWebKit/537.36 (KHTML, like Gecko; compatible; bingbot/2.0; +http://www.bing.com/bingbot.htm) Chrome/103.0.5060.134 Safari/537.36"
40.77.167.162 - - [04/May/2023:08:37:26 +0200] "GET /sitemap-pt-page-2019-12.xml.gz HTTP/1.1" 200 514 "-" "Mozilla/5.0 AppleWebKit/537.36 (KHTML, like Gecko; compatible; bingbot/2.0; +http://www.bing.com/bingbot.htm) Chrome/103.0.5060.134 Safari/537.36"
80.249.163.145 - - [04/May/2023:08:37:27 +0200] "POST /wp-cron.php?doing_wp_cron=1683182247.7544031143188476562500 HTTP/1.1" 200 20 "http://sobarlang-terapia.hu/wp-cron.php?doing_wp_cron=1683182247.7544031143188476562500" "WordPress/5.3.14; http://sobarlang-terapia.hu"
40.77.167.131 - - [04/May/2023:08:40:45 +0200] "GET /sitemap-pt-page-2012-01.xml.gz HTTP/1.1" 200 488 "-" "Mozilla/5.0 AppleWebKit/537.36 (KHTML, like Gecko; compatible; bingbot/2.0; +http://www.bing.com/bingbot.htm) Chrome/103.0.5060.134 Safari/537.36"
109.171.32.37 - - [04/May/2023:08:50:12 +0200] "GET /wp-login.php HTTP/1.1" 200 1762 "" "Mozilla/5.0 (Windows NT 6.3; Win64; x64; rv:109.0) Gecko/20100101 Firefox/111.0"
109.171.32.37 - - [04/May/2023:08:50:13 +0200] "POST /wp-login.php HTTP/1.1" 200 2151 "http://sobarlang-terapia.hu/wp-login.php?redirect_to=http%3A%2F%2Fsobarlang-terapia.hu%2Fwp-admin%2F" "Mozilla/5.0 (Windows NT 6.3; Win64; x64; rv:109.0) Gecko/20100101 Firefox/111.0"
49.12.13.109 - - [04/May/2023:10:02:07 +0200] "HEAD / HTTP/1.1" 200 - "-" "Alert_Alligator_webmonitoring_service_1.6.3_(alertalligator.com)"
80.249.163.145 - - [04/May/2023:10:02:08 +0200] "POST /wp-cron.php?doing_wp_cron=1683187328.5344359874725341796875 HTTP/1.1" 200 20 "http://sobarlang-terapia.hu/wp-cron.php?doing_wp_cron=1683187328.5344359874725341796875" "WordPress/5.3.14; http://sobarlang-terapia.hu"
49.12.13.109 - - [04/May/2023:11:01:42 +0200] "HEAD / HTTP/1.1" 200 - "-" "Alert_Alligator_webmonitoring_service_1.6.3_(alertalligator.com)"
80.249.163.145 - - [04/May/2023:11:01:43 +0200] "POST /wp-cron.php?doing_wp_cron=1683190902.9703359603881835937500 HTTP/1.1" 200 20 "http://sobarlang-terapia.hu/wp-cron.php?doing_wp_cron=1683190902.9703359603881835937500" "WordPress/5.3.14; http://sobarlang-terapia.hu"
212.237.51.151 - - [04/May/2023:11:50:06 +0200] "HEAD / HTTP/1.1" 200 - "-" "Alert_Alligator_webmonitoring_service_1.6.4_(alertalligator.com)"
80.249.163.145 - - [04/May/2023:11:50:07 +0200] "POST /wp-cron.php?doing_wp_cron=1683193807.7784359455108642578125 HTTP/1.1" 200 20 "http://sobarlang-terapia.hu/wp-cron.php?doing_wp_cron=1683193807.7784359455108642578125" "WordPress/5.3.14; http://sobarlang-terapia.hu"
89.253.225.164 - - [04/May/2023:12:04:38 +0200] "GET /wp-login.php HTTP/1.1" 200 1762 "" "Mozilla/5.0 (Windows NT 6.3; Win64; x64; rv:109.0) Gecko/20100101 Firefox/111.0"
89.253.225.164 - - [04/May/2023:12:04:39 +0200] "POST /wp-login.php HTTP/1.1" 200 2151 "http://sobarlang-terapia.hu/wp-login.php?redirect_to=http%3A%2F%2Fsobarlang-terapia.hu%2Fwp-admin%2F" "Mozilla/5.0 (Windows NT 6.3; Win64; x64; rv:109.0) Gecko/20100101 Firefox/111.0"
212.237.51.151 - - [04/May/2023:12:48:20 +0200] "HEAD / HTTP/1.1" 200 - "-" "Alert_Alligator_webmonitoring_service_1.6.4_(alertalligator.com)"
80.249.163.145 - - [04/May/2023:12:48:21 +0200] "POST /wp-cron.php?doing_wp_cron=1683197301.1417930126190185546875 HTTP/1.1" 200 20 "http://sobarlang-terapia.hu/wp-cron.php?doing_wp_cron=1683197301.1417930126190185546875" "WordPress/5.3.14; http://sobarlang-terapia.hu"
20.83.188.5 - - [04/May/2023:13:15:38 +0200] "GET /wp-admin/shell20211028.php HTTP/1.1" 404 17965 "-" "Mozlila/5.0 (Linux; Android 7.0; SM-G892A Bulid/NRD90M; wv) AppleWebKit/537.36 (KHTML, like Gecko) Version/4.0 Chrome/60.0.3112.107 Moblie Safari/537.36"
212.237.51.151 - - [04/May/2023:13:37:01 +0200] "HEAD / HTTP/1.1" 200 - "-" "Alert_Alligator_webmonitoring_service_1.6.4_(alertalligator.com)"
80.249.163.145 - - [04/May/2023:13:37:02 +0200] "POST /wp-cron.php?doing_wp_cron=1683200222.1144659519195556640625 HTTP/1.1" 200 20 "http://sobarlang-terapia.hu/wp-cron.php?doing_wp_cron=1683200222.1144659519195556640625" "WordPress/5.3.14; http://sobarlang-terapia.hu"
185.179.83.247 - - [04/May/2023:14:31:32 +0200] "GET /wp-login.php HTTP/1.1" 200 1762 "" "Mozilla/5.0 (Windows NT 6.3; Win64; x64; rv:109.0) Gecko/20100101 Firefox/111.0"
80.249.163.145 - - [04/May/2023:14:31:33 +0200] "POST /wp-cron.php?doing_wp_cron=1683203493.3772430419921875000000 HTTP/1.1" 200 20 "http://sobarlang-terapia.hu/wp-cron.php?doing_wp_cron=1683203493.3772430419921875000000" "WordPress/5.3.14; http://sobarlang-terapia.hu"
185.179.83.247 - - [04/May/2023:14:31:34 +0200] "POST /wp-login.php HTTP/1.1" 200 2151 "http://sobarlang-terapia.hu/wp-login.php?redirect_to=http%3A%2F%2Fsobarlang-terapia.hu%2Fwp-admin%2F" "Mozilla/5.0 (Windows NT 6.3; Win64; x64; rv:109.0) Gecko/20100101 Firefox/111.0"
51.83.238.159 - - [04/May/2023:14:34:18 +0200] "GET / HTTP/1.1" 200 52940 "-" "cpp-httplib/0.10.9"
51.83.238.159 - - [04/May/2023:14:35:34 +0200] "GET /comments/feed/ HTTP/1.1" 200 754 "-" "cpp-httplib/0.10.9"
49.12.13.109 - - [04/May/2023:14:36:09 +0200] "HEAD / HTTP/1.1" 200 - "-" "Alert_Alligator_webmonitoring_service_1.6.3_(alertalligator.com)"
51.83.238.159 - - [04/May/2023:14:37:10 +0200] "GET /comments/feed/ HTTP/1.1" 200 754 "-" "cpp-httplib/0.10.9"
51.83.238.159 - - [04/May/2023:14:38:35 +0200] "GET /feed/ HTTP/1.1" 200 846 "-" "cpp-httplib/0.10.9"
51.83.238.159 - - [04/May/2023:14:40:11 +0200] "GET /wp-json/ HTTP/1.1" 200 91657 "-" "cpp-httplib/0.10.9"
51.83.238.159 - - [04/May/2023:14:41:56 +0200] "GET /wp-json/oembed/1.0/embed HTTP/1.1" 400 124 "-" "cpp-httplib/0.10.9"
51.83.238.159 - - [04/May/2023:14:44:07 +0200] "GET /xmlrpc.php HTTP/1.1" 405 42 "-" "cpp-httplib/0.10.9"
51.83.238.159 - - [04/May/2023:14:45:49 +0200] "GET / HTTP/1.1" 200 52940 "-" "cpp-httplib/0.10.9"
212.237.51.151 - - [04/May/2023:15:38:52 +0200] "HEAD / HTTP/1.1" 200 - "-" "Alert_Alligator_webmonitoring_service_1.6.4_(alertalligator.com)"
80.249.163.145 - - [04/May/2023:15:38:53 +0200] "POST /wp-cron.php?doing_wp_cron=1683207533.4743909835815429687500 HTTP/1.1" 200 20 "http://sobarlang-terapia.hu/wp-cron.php?doing_wp_cron=1683207533.4743909835815429687500" "WordPress/5.3.14; http://sobarlang-terapia.hu"
212.237.51.151 - - [04/May/2023:16:26:15 +0200] "HEAD / HTTP/1.1" 200 - "-" "Alert_Alligator_webmonitoring_service_1.6.4_(alertalligator.com)"
80.249.163.145 - - [04/May/2023:16:26:16 +0200] "POST /wp-cron.php?doing_wp_cron=1683210376.4289360046386718750000 HTTP/1.1" 200 20 "http://sobarlang-terapia.hu/wp-cron.php?doing_wp_cron=1683210376.4289360046386718750000" "WordPress/5.3.14; http://sobarlang-terapia.hu"
185.179.83.247 - - [04/May/2023:17:08:20 +0200] "GET /wp-login.php HTTP/1.1" 200 1762 "" "Mozilla/5.0 (Windows NT 6.3; Win64; x64; rv:109.0) Gecko/20100101 Firefox/111.0"
185.179.83.247 - - [04/May/2023:17:08:21 +0200] "POST /wp-login.php HTTP/1.1" 200 2151 "http://sobarlang-terapia.hu/wp-login.php?redirect_to=http%3A%2F%2Fsobarlang-terapia.hu%2Fwp-admin%2F" "Mozilla/5.0 (Windows NT 6.3; Win64; x64; rv:109.0) Gecko/20100101 Firefox/111.0"
49.12.13.109 - - [04/May/2023:17:25:23 +0200] "HEAD / HTTP/1.1" 200 - "-" "Alert_Alligator_webmonitoring_service_1.6.3_(alertalligator.com)"
80.249.163.145 - - [04/May/2023:17:25:24 +0200] "POST /wp-cron.php?doing_wp_cron=1683213924.4770300388336181640625 HTTP/1.1" 200 20 "http://sobarlang-terapia.hu/wp-cron.php?doing_wp_cron=1683213924.4770300388336181640625" "WordPress/5.3.14; http://sobarlang-terapia.hu"
34.90.61.142 - - [04/May/2023:17:55:02 +0200] "GET /wp-login.php HTTP/1.1" 200 1762 "" "Mozilla/5.0 (Windows NT 6.3; Win64; x64; rv:109.0) Gecko/20100101 Firefox/111.0"
34.90.61.142 - - [04/May/2023:17:55:03 +0200] "POST /wp-login.php HTTP/1.1" 200 2151 "http://sobarlang-terapia.hu/wp-login.php?redirect_to=http%3A%2F%2Fsobarlang-terapia.hu%2Fwp-admin%2F" "Mozilla/5.0 (Windows NT 6.3; Win64; x64; rv:109.0) Gecko/20100101 Firefox/111.0"
49.12.13.109 - - [04/May/2023:18:24:25 +0200] "HEAD / HTTP/1.1" 200 - "-" "Alert_Alligator_webmonitoring_service_1.6.3_(alertalligator.com)"
212.237.51.151 - - [04/May/2023:19:06:32 +0200] "HEAD / HTTP/1.1" 200 - "-" "Alert_Alligator_webmonitoring_service_1.6.4_(alertalligator.com)"
80.249.163.145 - - [04/May/2023:19:06:33 +0200] "POST /wp-cron.php?doing_wp_cron=1683219993.7367630004882812500000 HTTP/1.1" 200 20 "http://sobarlang-terapia.hu/wp-cron.php?doing_wp_cron=1683219993.7367630004882812500000" "WordPress/5.3.14; http://sobarlang-terapia.hu"
66.249.66.38 - - [04/May/2023:19:24:53 +0200] "GET /robots.txt HTTP/1.1" 200 114 "-" "Mozilla/5.0 (compatible; Googlebot/2.1; +http://www.google.com/bot.html)"
80.249.163.145 - - [04/May/2023:19:24:54 +0200] "POST /wp-cron.php?doing_wp_cron=1683221094.4144439697265625000000 HTTP/1.1" 200 20 "http://sobarlang-terapia.hu/wp-cron.php?doing_wp_cron=1683221094.4144439697265625000000" "WordPress/5.3.14; http://sobarlang-terapia.hu"
66.249.66.89 - - [04/May/2023:19:24:55 +0200] "GET / HTTP/1.1" 200 18012 "-" "Mozilla/5.0 (Linux; Android 6.0.1; Nexus 5X Build/MMB29P) AppleWebKit/537.36 (KHTML, like Gecko) Chrome/99.0.4844.84 Mobile Safari/537.36 (compatible; Googlebot/2.1; +http://www.google.com/bot.html)"
66.249.66.88 - - [04/May/2023:19:24:57 +0200] "GET / HTTP/1.1" 200 18012 "-" "Mozilla/5.0 (compatible; Googlebot/2.1; +http://www.google.com/bot.html)"
66.249.66.38 - - [04/May/2023:19:24:58 +0200] "GET /wp-includes/js/jquery/jquery.js?ver=1.12.4-wp HTTP/1.1" 200 33776 "http://sobarlang-terapia.hu/" "Mozilla/5.0 AppleWebKit/537.36 (KHTML, like Gecko; compatible; Googlebot/2.1; +http://www.google.com/bot.html) Chrome/112.0.5615.142 Safari/537.36"
66.249.66.87 - - [04/May/2023:19:24:59 +0200] "GET /wp-includes/css/dist/block-library/style.min.css?ver=5.3.14 HTTP/1.1" 200 6132 "http://sobarlang-terapia.hu/" "Mozilla/5.0 AppleWebKit/537.36 (KHTML, like Gecko; compatible; Googlebot/2.1; +http://www.google.com/bot.html) Chrome/112.0.5615.142 Safari/537.36"
66.249.66.88 - - [04/May/2023:19:25:00 +0200] "GET /wp-content/themes/twentyseventeen/assets/css/blocks.css?ver=20190105 HTTP/1.1" 200 1862 "http://sobarlang-terapia.hu/" "Mozilla/5.0 AppleWebKit/537.36 (KHTML, like Gecko; compatible; Googlebot/2.1; +http://www.google.com/bot.html) Chrome/112.0.5615.142 Safari/537.36"
66.249.66.13 - - [04/May/2023:19:25:01 +0200] "GET /wp-includes/css/dist/block-library/theme.min.css?ver=5.3.14 HTTP/1.1" 200 639 "http://sobarlang-terapia.hu/" "Mozilla/5.0 AppleWebKit/537.36 (KHTML, like Gecko; compatible; Googlebot/2.1; +http://www.google.com/bot.html) Chrome/112.0.5615.142 Safari/537.36"
66.249.66.12 - - [04/May/2023:19:25:02 +0200] "GET /wp-includes/js/wp-emoji-release.min.js?ver=5.3.14 HTTP/1.1" 200 4619 "http://sobarlang-terapia.hu/" "Mozilla/5.0 AppleWebKit/537.36 (KHTML, like Gecko; compatible; Googlebot/2.1; +http://www.google.com/bot.html) Chrome/112.0.5615.142 Safari/537.36"
66.249.66.42 - - [04/May/2023:19:25:03 +0200] "GET /wp-content/themes/twentyseventeen/style.css?ver=20190507 HTTP/1.1" 200 15806 "http://sobarlang-terapia.hu/" "Mozilla/5.0 AppleWebKit/537.36 (KHTML, like Gecko; compatible; Googlebot/2.1; +http://www.google.com/bot.html) Chrome/112.0.5615.142 Safari/537.36"
66.249.66.42 - - [04/May/2023:19:25:03 +0200] "GET /wp-includes/js/jquery/jquery-migrate.min.js?ver=1.4.1 HTTP/1.1" 200 4014 "http://sobarlang-terapia.hu/" "Mozilla/5.0 AppleWebKit/537.36 (KHTML, like Gecko; compatible; Googlebot/2.1; +http://www.google.com/bot.html) Chrome/112.0.5615.142 Safari/537.36"
66.249.66.12 - - [04/May/2023:19:25:04 +0200] "GET /wp-includes/js/wp-emoji-release.min.js?ver=5.3.14 HTTP/1.1" 200 4619 "http://sobarlang-terapia.hu/" "Mozilla/5.0 (Linux; Android 6.0.1; Nexus 5X Build/MMB29P) AppleWebKit/537.36 (KHTML, like Gecko) Chrome/112.0.5615.142 Mobile Safari/537.36 (compatible; Googlebot/2.1; +http://www.google.com/bot.html)"
66.249.66.12 - - [04/May/2023:19:25:04 +0200] "GET /wp-includes/css/dist/block-library/theme.min.css?ver=5.3.14 HTTP/1.1" 200 639 "http://sobarlang-terapia.hu/" "Mozilla/5.0 (Linux; Android 6.0.1; Nexus 5X Build/MMB29P) AppleWebKit/537.36 (KHTML, like Gecko) Chrome/112.0.5615.142 Mobile Safari/537.36 (compatible; Googlebot/2.1; +http://www.google.com/bot.html)"
66.249.66.42 - - [04/May/2023:19:25:05 +0200] "GET /wp-includes/css/dist/block-library/style.min.css?ver=5.3.14 HTTP/1.1" 200 6132 "http://sobarlang-terapia.hu/" "Mozilla/5.0 (Linux; Android 6.0.1; Nexus 5X Build/MMB29P) AppleWebKit/537.36 (KHTML, like Gecko) Chrome/112.0.5615.142 Mobile Safari/537.36 (compatible; Googlebot/2.1; +http://www.google.com/bot.html)"
66.249.66.87 - - [04/May/2023:19:25:06 +0200] "GET /wp-includes/js/jquery/jquery-migrate.min.js?ver=1.4.1 HTTP/1.1" 200 4014 "http://sobarlang-terapia.hu/" "Mozilla/5.0 (Linux; Android 6.0.1; Nexus 5X Build/MMB29P) AppleWebKit/537.36 (KHTML, like Gecko) Chrome/112.0.5615.142 Mobile Safari/537.36 (compatible; Googlebot/2.1; +http://www.google.com/bot.html)"
66.249.66.12 - - [04/May/2023:19:25:07 +0200] "GET /wp-content/themes/twentyseventeen/assets/css/blocks.css?ver=20190105 HTTP/1.1" 200 1862 "http://sobarlang-terapia.hu/" "Mozilla/5.0 (Linux; Android 6.0.1; Nexus 5X Build/MMB29P) AppleWebKit/537.36 (KHTML, like Gecko) Chrome/112.0.5615.142 Mobile Safari/537.36 (compatible; Googlebot/2.1; +http://www.google.com/bot.html)"
66.249.66.42 - - [04/May/2023:19:25:08 +0200] "GET /wp-content/themes/twentyseventeen/style.css?ver=20190507 HTTP/1.1" 200 15806 "http://sobarlang-terapia.hu/" "Mozilla/5.0 (Linux; Android 6.0.1; Nexus 5X Build/MMB29P) AppleWebKit/537.36 (KHTML, like Gecko) Chrome/112.0.5615.142 Mobile Safari/537.36 (compatible; Googlebot/2.1; +http://www.google.com/bot.html)"
66.249.66.87 - - [04/May/2023:19:25:09 +0200] "GET /wp-content/themes/twentyseventeen/assets/js/skip-link-focus-fix.js?ver=20161114 HTTP/1.1" 200 416 "http://sobarlang-terapia.hu/" "Mozilla/5.0 AppleWebKit/537.36 (KHTML, like Gecko; compatible; Googlebot/2.1; +http://www.google.com/bot.html) Chrome/112.0.5615.142 Safari/537.36"
66.249.66.12 - - [04/May/2023:19:25:09 +0200] "GET /wp-content/themes/twentyseventeen/assets/js/global.js?ver=20190121 HTTP/1.1" 200 2612 "http://sobarlang-terapia.hu/" "Mozilla/5.0 AppleWebKit/537.36 (KHTML, like Gecko; compatible; Googlebot/2.1; +http://www.google.com/bot.html) Chrome/112.0.5615.142 Safari/537.36"
66.249.66.87 - - [04/May/2023:19:25:10 +0200] "GET /wp-content/themes/twentyseventeen/assets/js/skip-link-focus-fix.js?ver=20161114 HTTP/1.1" 200 416 "http://sobarlang-terapia.hu/" "Mozilla/5.0 (Linux; Android 6.0.1; Nexus 5X Build/MMB29P) AppleWebKit/537.36 (KHTML, like Gecko) Chrome/112.0.5615.142 Mobile Safari/537.36 (compatible; Googlebot/2.1; +http://www.google.com/bot.html)"
66.249.66.87 - - [04/May/2023:19:25:14 +0200] "GET /wp-includes/js/wp-embed.min.js?ver=5.3.14 HTTP/1.1" 200 739 "http://sobarlang-terapia.hu/" "Mozilla/5.0 (Linux; Android 6.0.1; Nexus 5X Build/MMB29P) AppleWebKit/537.36 (KHTML, like Gecko) Chrome/112.0.5615.142 Mobile Safari/537.36 (compatible; Googlebot/2.1; +http://www.google.com/bot.html)"
66.249.66.87 - - [04/May/2023:19:25:14 +0200] "GET /wp-content/themes/twentyseventeen/assets/js/global.js?ver=20190121 HTTP/1.1" 200 2612 "http://sobarlang-terapia.hu/" "Mozilla/5.0 (Linux; Android 6.0.1; Nexus 5X Build/MMB29P) AppleWebKit/537.36 (KHTML, like Gecko) Chrome/112.0.5615.142 Mobile Safari/537.36 (compatible; Googlebot/2.1; +http://www.google.com/bot.html)"
66.249.66.37 - - [04/May/2023:19:25:15 +0200] "GET /wp-content/themes/twentyseventeen/assets/js/jquery.scrollTo.js?ver=2.1.2 HTTP/1.1" 200 2409 "http://sobarlang-terapia.hu/" "Mozilla/5.0 (Linux; Android 6.0.1; Nexus 5X Build/MMB29P) AppleWebKit/537.36 (KHTML, like Gecko) Chrome/112.0.5615.142 Mobile Safari/537.36 (compatible; Googlebot/2.1; +http://www.google.com/bot.html)"
66.249.66.87 - - [04/May/2023:19:25:15 +0200] "GET /wp-content/themes/twentyseventeen/assets/js/jquery.scrollTo.js?ver=2.1.2 HTTP/1.1" 200 2409 "http://sobarlang-terapia.hu/" "Mozilla/5.0 AppleWebKit/537.36 (KHTML, like Gecko; compatible; Googlebot/2.1; +http://www.google.com/bot.html) Chrome/112.0.5615.142 Safari/537.36"
66.249.66.12 - - [04/May/2023:19:25:16 +0200] "GET /wp-includes/js/wp-embed.min.js?ver=5.3.14 HTTP/1.1" 200 739 "http://sobarlang-terapia.hu/" "Mozilla/5.0 AppleWebKit/537.36 (KHTML, like Gecko; compatible; Googlebot/2.1; +http://www.google.com/bot.html) Chrome/112.0.5615.142 Safari/537.36"
66.249.66.37 - - [04/May/2023:19:25:17 +0200] "GET /favicon.ico HTTP/1.1" 200 - "-" "Googlebot-Image/1.0"
49.12.13.109 - - [04/May/2023:20:01:20 +0200] "HEAD / HTTP/1.1" 200 - "-" "Alert_Alligator_webmonitoring_service_1.6.4_(alertalligator.com)"
89.253.225.164 - - [04/May/2023:20:17:06 +0200] "GET /wp-login.php HTTP/1.1" 200 1762 "" "Mozilla/5.0 (Windows NT 6.3; Win64; x64; rv:109.0) Gecko/20100101 Firefox/111.0"
89.253.225.164 - - [04/May/2023:20:17:09 +0200] "POST /wp-login.php HTTP/1.1" 200 2151 "http://sobarlang-terapia.hu/wp-login.php?redirect_to=http%3A%2F%2Fsobarlang-terapia.hu%2Fwp-admin%2F" "Mozilla/5.0 (Windows NT 6.3; Win64; x64; rv:109.0) Gecko/20100101 Firefox/111.0"
212.237.51.151 - - [04/May/2023:20:49:13 +0200] "HEAD / HTTP/1.1" 200 - "-" "Alert_Alligator_webmonitoring_service_1.6.4_(alertalligator.com)"
80.249.163.145 - - [04/May/2023:20:49:15 +0200] "POST /wp-cron.php?doing_wp_cron=1683226155.7102320194244384765625 HTTP/1.1" 200 20 "http://sobarlang-terapia.hu/wp-cron.php?doing_wp_cron=1683226155.7102320194244384765625" "WordPress/5.3.14; http://sobarlang-terapia.hu"
49.12.13.109 - - [04/May/2023:21:48:19 +0200] "HEAD / HTTP/1.1" 200 - "-" "Alert_Alligator_webmonitoring_service_1.6.3_(alertalligator.com)"
80.249.163.145 - - [04/May/2023:21:48:21 +0200] "POST /wp-cron.php?doing_wp_cron=1683229701.2974560260772705078125 HTTP/1.1" 200 20 "http://sobarlang-terapia.hu/wp-cron.php?doing_wp_cron=1683229701.2974560260772705078125" "WordPress/5.3.14; http://sobarlang-terapia.hu"
