212.237.51.151 - - [13/May/2023:21:26:28 +0200] "HEAD / HTTP/1.1" 200 - "-" "Alert_Alligator_webmonitoring_service_1.6.4_(alertalligator.com)"
80.249.163.145 - - [13/May/2023:21:26:30 +0200] "POST /wp-cron.php?doing_wp_cron=1684005990.0411500930786132812500 HTTP/1.1" 200 20 "http://sobarlang-terapia.hu/wp-cron.php?doing_wp_cron=1684005990.0411500930786132812500" "WordPress/5.3.14; http://sobarlang-terapia.hu"
114.119.148.93 - - [13/May/2023:21:36:52 +0200] "GET /robots.txt HTTP/1.1" 200 114 "-" "Mozilla/5.0 (compatible;PetalBot;+https://webmaster.petalsearch.com/site/petalbot)"
80.249.163.145 - - [13/May/2023:21:36:54 +0200] "POST /wp-cron.php?doing_wp_cron=1684006613.5575730800628662109375 HTTP/1.1" 200 20 "http://sobarlang-terapia.hu/wp-cron.php?doing_wp_cron=1684006613.5575730800628662109375" "WordPress/5.3.14; http://sobarlang-terapia.hu"
49.12.13.109 - - [13/May/2023:22:25:36 +0200] "HEAD / HTTP/1.1" 200 - "-" "Alert_Alligator_webmonitoring_service_1.6.3_(alertalligator.com)"
80.249.163.145 - - [13/May/2023:22:25:37 +0200] "POST /wp-cron.php?doing_wp_cron=1684009537.0231640338897705078125 HTTP/1.1" 200 20 "http://sobarlang-terapia.hu/wp-cron.php?doing_wp_cron=1684009537.0231640338897705078125" "WordPress/5.3.14; http://sobarlang-terapia.hu"
49.12.13.109 - - [13/May/2023:23:25:21 +0200] "HEAD / HTTP/1.1" 200 - "-" "Alert_Alligator_webmonitoring_service_1.6.3_(alertalligator.com)"
80.249.163.145 - - [13/May/2023:23:25:22 +0200] "POST /wp-cron.php?doing_wp_cron=1684013122.8299369812011718750000 HTTP/1.1" 200 20 "http://sobarlang-terapia.hu/wp-cron.php?doing_wp_cron=1684013122.8299369812011718750000" "WordPress/5.3.14; http://sobarlang-terapia.hu"
114.119.136.137 - - [14/May/2023:00:20:54 +0200] "GET /log/2021/?C=D%3BO%3DA HTTP/1.1" 200 397 "http://sobarlang-terapia.hu/log/2021/?C=N%3BO%3DD" "Mozilla/5.0 (Linux; Android 7.0;) AppleWebKit/537.36 (KHTML, like Gecko) Mobile Safari/537.36 (compatible; PetalBot;+https://webmaster.petalsearch.com/site/petalbot)"
49.12.13.109 - - [14/May/2023:00:24:53 +0200] "HEAD / HTTP/1.1" 200 - "-" "Alert_Alligator_webmonitoring_service_1.6.3_(alertalligator.com)"
80.249.163.145 - - [14/May/2023:00:24:54 +0200] "POST /wp-cron.php?doing_wp_cron=1684016694.3775570392608642578125 HTTP/1.1" 200 20 "http://sobarlang-terapia.hu/wp-cron.php?doing_wp_cron=1684016694.3775570392608642578125" "WordPress/5.3.14; http://sobarlang-terapia.hu"
114.119.136.243 - - [14/May/2023:00:48:27 +0200] "GET /log/?C=N%3BO%3DD HTTP/1.1" 200 1164 "http://sobarlang-terapia.hu/log/?C=S%3BO%3DA" "Mozilla/5.0 (Linux; Android 7.0;) AppleWebKit/537.36 (KHTML, like Gecko) Mobile Safari/537.36 (compatible; PetalBot;+https://webmaster.petalsearch.com/site/petalbot)"
88.99.238.79 - - [14/May/2023:01:15:57 +0200] "GET /ads.txt HTTP/1.0" 404 52285 "-" "Mozilla/5.0 (Windows NT 10.0; Win64; x64; rv:86.0) Gecko/20100101 Firefox/86.0"
80.249.163.145 - - [14/May/2023:01:15:58 +0200] "POST /wp-cron.php?doing_wp_cron=1684019758.3263640403747558593750 HTTP/1.1" 200 20 "http://sobarlang-terapia.hu/wp-cron.php?doing_wp_cron=1684019758.3263640403747558593750" "WordPress/5.3.14; http://sobarlang-terapia.hu"
212.237.51.151 - - [14/May/2023:01:17:12 +0200] "HEAD / HTTP/1.1" 200 - "-" "Alert_Alligator_webmonitoring_service_1.6.4_(alertalligator.com)"
212.237.51.151 - - [14/May/2023:02:14:48 +0200] "HEAD / HTTP/1.1" 200 - "-" "Alert_Alligator_webmonitoring_service_1.6.4_(alertalligator.com)"
80.249.163.145 - - [14/May/2023:02:14:49 +0200] "POST /wp-cron.php?doing_wp_cron=1684023289.0403099060058593750000 HTTP/1.1" 200 20 "http://sobarlang-terapia.hu/wp-cron.php?doing_wp_cron=1684023289.0403099060058593750000" "WordPress/5.3.14; http://sobarlang-terapia.hu"
212.237.51.151 - - [14/May/2023:03:13:10 +0200] "HEAD / HTTP/1.1" 200 - "-" "Alert_Alligator_webmonitoring_service_1.6.4_(alertalligator.com)"
80.249.163.145 - - [14/May/2023:03:13:11 +0200] "POST /wp-cron.php?doing_wp_cron=1684026791.4174950122833251953125 HTTP/1.1" 200 20 "http://sobarlang-terapia.hu/wp-cron.php?doing_wp_cron=1684026791.4174950122833251953125" "WordPress/5.3.14; http://sobarlang-terapia.hu"
212.237.51.151 - - [14/May/2023:04:37:40 +0200] "HEAD / HTTP/1.1" 200 - "-" "Alert_Alligator_webmonitoring_service_1.6.4_(alertalligator.com)"
80.249.163.145 - - [14/May/2023:04:37:40 +0200] "POST /wp-cron.php?doing_wp_cron=1684031860.9037508964538574218750 HTTP/1.1" 200 20 "http://sobarlang-terapia.hu/wp-cron.php?doing_wp_cron=1684031860.9037508964538574218750" "WordPress/5.3.14; http://sobarlang-terapia.hu"
54.36.149.3 - - [14/May/2023:05:45:43 +0200] "GET /robots.txt HTTP/1.1" 200 114 "-" "Mozilla/5.0 (compatible; AhrefsBot/7.0; +http://ahrefs.com/robot/)"
80.249.163.145 - - [14/May/2023:05:45:44 +0200] "POST /wp-cron.php?doing_wp_cron=1684035944.6441349983215332031250 HTTP/1.1" 200 20 "http://sobarlang-terapia.hu/wp-cron.php?doing_wp_cron=1684035944.6441349983215332031250" "WordPress/5.3.14; http://sobarlang-terapia.hu"
54.36.149.79 - - [14/May/2023:05:45:48 +0200] "GET / HTTP/1.1" 200 18012 "-" "Mozilla/5.0 (compatible; AhrefsBot/7.0; +http://ahrefs.com/robot/)"
54.36.148.156 - - [14/May/2023:05:45:52 +0200] "GET /wp-includes/js/wp-embed.min.js?ver=5.3.14 HTTP/1.1" 200 739 "-" "Mozilla/5.0 (compatible; AhrefsBot/7.0; +http://ahrefs.com/robot/)"
54.36.148.86 - - [14/May/2023:05:45:52 +0200] "GET /wp-content/themes/twentyseventeen/assets/js/jquery.scrollTo.js?ver=2.1.2 HTTP/1.1" 200 2409 "-" "Mozilla/5.0 (compatible; AhrefsBot/7.0; +http://ahrefs.com/robot/)"
54.36.148.185 - - [14/May/2023:05:45:53 +0200] "GET /wp-content/themes/twentyseventeen/style.css?ver=20190507 HTTP/1.1" 200 15806 "-" "Mozilla/5.0 (compatible; AhrefsBot/7.0; +http://ahrefs.com/robot/)"
54.36.148.236 - - [14/May/2023:05:45:53 +0200] "GET /wp-content/themes/twentyseventeen/assets/css/blocks.css?ver=20190105 HTTP/1.1" 200 1862 "-" "Mozilla/5.0 (compatible; AhrefsBot/7.0; +http://ahrefs.com/robot/)"
54.36.149.31 - - [14/May/2023:05:45:53 +0200] "GET /wp-includes/css/dist/block-library/theme.min.css?ver=5.3.14 HTTP/1.1" 200 639 "-" "Mozilla/5.0 (compatible; AhrefsBot/7.0; +http://ahrefs.com/robot/)"
54.36.149.32 - - [14/May/2023:05:45:54 +0200] "GET /wp-includes/css/dist/block-library/style.min.css?ver=5.3.14 HTTP/1.1" 200 6132 "-" "Mozilla/5.0 (compatible; AhrefsBot/7.0; +http://ahrefs.com/robot/)"
54.36.148.130 - - [14/May/2023:05:45:54 +0200] "GET /wp-includes/js/jquery/jquery.js?ver=1.12.4-wp HTTP/1.1" 200 33776 "-" "Mozilla/5.0 (compatible; AhrefsBot/7.0; +http://ahrefs.com/robot/)"
54.36.149.33 - - [14/May/2023:05:45:54 +0200] "GET /wp-includes/js/jquery/jquery-migrate.min.js?ver=1.4.1 HTTP/1.1" 200 4014 "-" "Mozilla/5.0 (compatible; AhrefsBot/7.0; +http://ahrefs.com/robot/)"
54.36.148.214 - - [14/May/2023:05:45:55 +0200] "GET /wp-content/themes/twentyseventeen/assets/js/skip-link-focus-fix.js?ver=20161114 HTTP/1.1" 200 416 "-" "Mozilla/5.0 (compatible; AhrefsBot/7.0; +http://ahrefs.com/robot/)"
54.36.149.11 - - [14/May/2023:05:45:55 +0200] "GET /wp-content/themes/twentyseventeen/assets/js/global.js?ver=20190121 HTTP/1.1" 200 2612 "-" "Mozilla/5.0 (compatible; AhrefsBot/7.0; +http://ahrefs.com/robot/)"
212.237.51.151 - - [14/May/2023:05:51:00 +0200] "HEAD / HTTP/1.1" 200 - "-" "Alert_Alligator_webmonitoring_service_1.6.4_(alertalligator.com)"
49.12.13.109 - - [14/May/2023:06:50:31 +0200] "HEAD / HTTP/1.1" 200 - "-" "Alert_Alligator_webmonitoring_service_1.6.3_(alertalligator.com)"
80.249.163.145 - - [14/May/2023:06:50:35 +0200] "POST /wp-cron.php?doing_wp_cron=1684039834.9846379756927490234375 HTTP/1.1" 200 20 "http://sobarlang-terapia.hu/wp-cron.php?doing_wp_cron=1684039834.9846379756927490234375" "WordPress/5.3.14; http://sobarlang-terapia.hu"
49.12.13.109 - - [14/May/2023:07:50:24 +0200] "HEAD / HTTP/1.1" 200 - "-" "Alert_Alligator_webmonitoring_service_1.6.3_(alertalligator.com)"
80.249.163.145 - - [14/May/2023:07:50:29 +0200] "POST /wp-cron.php?doing_wp_cron=1684043429.5329210758209228515625 HTTP/1.1" 200 20 "http://sobarlang-terapia.hu/wp-cron.php?doing_wp_cron=1684043429.5329210758209228515625" "WordPress/5.3.14; http://sobarlang-terapia.hu"
49.12.13.109 - - [14/May/2023:08:50:28 +0200] "HEAD / HTTP/1.1" 200 - "-" "Alert_Alligator_webmonitoring_service_1.6.3_(alertalligator.com)"
80.249.163.145 - - [14/May/2023:08:50:29 +0200] "POST /wp-cron.php?doing_wp_cron=1684047029.7376968860626220703125 HTTP/1.1" 200 20 "http://sobarlang-terapia.hu/wp-cron.php?doing_wp_cron=1684047029.7376968860626220703125" "WordPress/5.3.14; http://sobarlang-terapia.hu"
49.12.13.109 - - [14/May/2023:09:49:54 +0200] "HEAD / HTTP/1.1" 200 - "-" "Alert_Alligator_webmonitoring_service_1.6.3_(alertalligator.com)"
80.249.163.145 - - [14/May/2023:09:49:55 +0200] "POST /wp-cron.php?doing_wp_cron=1684050595.6247920989990234375000 HTTP/1.1" 200 20 "http://sobarlang-terapia.hu/wp-cron.php?doing_wp_cron=1684050595.6247920989990234375000" "WordPress/5.3.14; http://sobarlang-terapia.hu"
87.121.221.50 - - [14/May/2023:10:07:19 +0200] "GET /wp-content/plugins/elementor-pro/changelog.txt HTTP/1.1" 404 17970 "www.google.com" "Mozilla/6.4 (Windows NT 11.1) Gecko/2010102 Firefox/99.0"
87.121.221.50 - - [14/May/2023:10:07:31 +0200] "GET /wp-content/plugins/woocommerce/readme.txt HTTP/1.1" 404 17972 "www.google.com" "Mozilla/6.4 (Windows NT 11.1) Gecko/2010102 Firefox/99.0"
114.119.141.24 - - [14/May/2023:10:36:27 +0200] "GET /robots.txt HTTP/1.1" 200 114 "-" "Mozilla/5.0 (Linux; Android 7.0;) AppleWebKit/537.36 (KHTML, like Gecko) Mobile Safari/537.36 (compatible; PetalBot;+https://webmaster.petalsearch.com/site/petalbot)"
80.249.163.145 - - [14/May/2023:10:36:27 +0200] "POST /wp-cron.php?doing_wp_cron=1684053387.7778201103210449218750 HTTP/1.1" 200 20 "http://sobarlang-terapia.hu/wp-cron.php?doing_wp_cron=1684053387.7778201103210449218750" "WordPress/5.3.14; http://sobarlang-terapia.hu"
49.12.13.109 - - [14/May/2023:10:49:34 +0200] "HEAD / HTTP/1.1" 200 - "-" "Alert_Alligator_webmonitoring_service_1.6.3_(alertalligator.com)"
212.237.51.151 - - [14/May/2023:11:48:00 +0200] "HEAD / HTTP/1.1" 200 - "-" "Alert_Alligator_webmonitoring_service_1.6.4_(alertalligator.com)"
80.249.163.145 - - [14/May/2023:11:48:01 +0200] "POST /wp-cron.php?doing_wp_cron=1684057681.7333970069885253906250 HTTP/1.1" 200 20 "http://sobarlang-terapia.hu/wp-cron.php?doing_wp_cron=1684057681.7333970069885253906250" "WordPress/5.3.14; http://sobarlang-terapia.hu"
49.12.13.109 - - [14/May/2023:12:47:09 +0200] "HEAD / HTTP/1.1" 200 - "-" "Alert_Alligator_webmonitoring_service_1.6.3_(alertalligator.com)"
80.249.163.145 - - [14/May/2023:12:47:09 +0200] "POST /wp-cron.php?doing_wp_cron=1684061229.8679919242858886718750 HTTP/1.1" 200 20 "http://sobarlang-terapia.hu/wp-cron.php?doing_wp_cron=1684061229.8679919242858886718750" "WordPress/5.3.14; http://sobarlang-terapia.hu"
52.208.231.100 - - [14/May/2023:13:15:41 +0200] "GET /robots.txt HTTP/1.1" 200 114 "-" "Pandalytics/1.0 (https://domainsbot.com/pandalytics/)"
52.208.231.100 - - [14/May/2023:13:15:42 +0200] "GET / HTTP/1.1" 200 18012 "-" "Pandalytics/1.0 (https://domainsbot.com/pandalytics/)"
49.12.13.109 - - [14/May/2023:13:46:11 +0200] "HEAD / HTTP/1.1" 200 - "-" "Alert_Alligator_webmonitoring_service_1.6.3_(alertalligator.com)"
80.249.163.145 - - [14/May/2023:13:46:12 +0200] "POST /wp-cron.php?doing_wp_cron=1684064772.6106901168823242187500 HTTP/1.1" 200 20 "http://sobarlang-terapia.hu/wp-cron.php?doing_wp_cron=1684064772.6106901168823242187500" "WordPress/5.3.14; http://sobarlang-terapia.hu"
66.249.66.38 - - [14/May/2023:13:46:22 +0200] "GET /robots.txt HTTP/1.1" 200 114 "-" "Mozilla/5.0 (compatible; Googlebot/2.1; +http://www.google.com/bot.html)"
66.249.66.39 - - [14/May/2023:13:46:23 +0200] "GET /sitemap-pt-page-2019-12.xml HTTP/1.1" 200 515 "-" "Mozilla/5.0 (compatible; Googlebot/2.1; +http://www.google.com/bot.html)"
49.12.13.109 - - [14/May/2023:14:51:43 +0200] "HEAD / HTTP/1.1" 200 - "-" "Alert_Alligator_webmonitoring_service_1.6.3_(alertalligator.com)"
80.249.163.145 - - [14/May/2023:14:51:44 +0200] "POST /wp-cron.php?doing_wp_cron=1684068704.0712571144104003906250 HTTP/1.1" 200 20 "http://sobarlang-terapia.hu/wp-cron.php?doing_wp_cron=1684068704.0712571144104003906250" "WordPress/5.3.14; http://sobarlang-terapia.hu"
212.237.51.151 - - [14/May/2023:15:55:54 +0200] "HEAD / HTTP/1.1" 200 - "-" "Alert_Alligator_webmonitoring_service_1.6.4_(alertalligator.com)"
80.249.163.145 - - [14/May/2023:15:55:54 +0200] "POST /wp-cron.php?doing_wp_cron=1684072554.9190549850463867187500 HTTP/1.1" 200 20 "http://sobarlang-terapia.hu/wp-cron.php?doing_wp_cron=1684072554.9190549850463867187500" "WordPress/5.3.14; http://sobarlang-terapia.hu"
49.12.13.109 - - [14/May/2023:16:51:55 +0200] "HEAD / HTTP/1.1" 200 - "-" "Alert_Alligator_webmonitoring_service_1.6.3_(alertalligator.com)"
80.249.163.145 - - [14/May/2023:16:51:56 +0200] "POST /wp-cron.php?doing_wp_cron=1684075916.2421441078186035156250 HTTP/1.1" 200 20 "http://sobarlang-terapia.hu/wp-cron.php?doing_wp_cron=1684075916.2421441078186035156250" "WordPress/5.3.14; http://sobarlang-terapia.hu"
49.12.13.109 - - [14/May/2023:17:50:12 +0200] "HEAD / HTTP/1.1" 200 - "-" "Alert_Alligator_webmonitoring_service_1.6.3_(alertalligator.com)"
80.249.163.145 - - [14/May/2023:17:50:13 +0200] "POST /wp-cron.php?doing_wp_cron=1684079413.2889890670776367187500 HTTP/1.1" 200 20 "http://sobarlang-terapia.hu/wp-cron.php?doing_wp_cron=1684079413.2889890670776367187500" "WordPress/5.3.14; http://sobarlang-terapia.hu"
212.237.51.151 - - [14/May/2023:18:31:09 +0200] "HEAD / HTTP/1.1" 200 - "-" "Alert_Alligator_webmonitoring_service_1.6.4_(alertalligator.com)"
80.249.163.145 - - [14/May/2023:18:31:10 +0200] "POST /wp-cron.php?doing_wp_cron=1684081870.5788691043853759765625 HTTP/1.1" 200 20 "http://sobarlang-terapia.hu/wp-cron.php?doing_wp_cron=1684081870.5788691043853759765625" "WordPress/5.3.14; http://sobarlang-terapia.hu"
49.12.13.109 - - [14/May/2023:19:30:12 +0200] "HEAD / HTTP/1.1" 200 - "-" "Alert_Alligator_webmonitoring_service_1.6.3_(alertalligator.com)"
80.249.163.145 - - [14/May/2023:19:30:13 +0200] "POST /wp-cron.php?doing_wp_cron=1684085413.8275160789489746093750 HTTP/1.1" 200 20 "http://sobarlang-terapia.hu/wp-cron.php?doing_wp_cron=1684085413.8275160789489746093750" "WordPress/5.3.14; http://sobarlang-terapia.hu"
212.237.51.151 - - [14/May/2023:20:14:54 +0200] "HEAD / HTTP/1.1" 200 - "-" "Alert_Alligator_webmonitoring_service_1.6.4_(alertalligator.com)"
212.237.51.151 - - [14/May/2023:20:56:25 +0200] "HEAD / HTTP/1.1" 200 - "-" "Alert_Alligator_webmonitoring_service_1.6.4_(alertalligator.com)"
80.249.163.145 - - [14/May/2023:20:56:33 +0200] "POST /wp-cron.php?doing_wp_cron=1684090593.0167179107666015625000 HTTP/1.1" 200 20 "http://sobarlang-terapia.hu/wp-cron.php?doing_wp_cron=1684090593.0167179107666015625000" "WordPress/5.3.14; http://sobarlang-terapia.hu"
5.161.215.25 - - [14/May/2023:21:32:30 +0200] "GET / HTTP/1.1" 200 52940 "-" "Mozilla/5.0 (Macintosh; Intel Mac OS X 10_10_1) AppleWebKit/537.36 (KHTML, like Gecko) Chrome/39.0.2171.95 Safari/537.36"
80.249.163.145 - - [14/May/2023:21:32:31 +0200] "POST /wp-cron.php?doing_wp_cron=1684092751.3884940147399902343750 HTTP/1.1" 200 20 "http://sobarlang-terapia.hu/wp-cron.php?doing_wp_cron=1684092751.3884940147399902343750" "WordPress/5.3.14; http://sobarlang-terapia.hu"
49.12.13.109 - - [14/May/2023:21:56:18 +0200] "HEAD / HTTP/1.1" 200 - "-" "Alert_Alligator_webmonitoring_service_1.6.3_(alertalligator.com)"
80.249.163.145 - - [14/May/2023:21:56:19 +0200] "POST /wp-cron.php?doing_wp_cron=1684094179.1117489337921142578125 HTTP/1.1" 200 20 "http://sobarlang-terapia.hu/wp-cron.php?doing_wp_cron=1684094179.1117489337921142578125" "WordPress/5.3.14; http://sobarlang-terapia.hu"
49.12.13.109 - - [14/May/2023:22:55:51 +0200] "HEAD / HTTP/1.1" 200 - "-" "Alert_Alligator_webmonitoring_service_1.6.3_(alertalligator.com)"
80.249.163.145 - - [14/May/2023:22:55:51 +0200] "POST /wp-cron.php?doing_wp_cron=1684097751.8907189369201660156250 HTTP/1.1" 200 20 "http://sobarlang-terapia.hu/wp-cron.php?doing_wp_cron=1684097751.8907189369201660156250" "WordPress/5.3.14; http://sobarlang-terapia.hu"
54.36.149.16 - - [14/May/2023:23:19:26 +0200] "GET / HTTP/1.1" 200 18015 "-" "Mozilla/5.0 (compatible; AhrefsBot/7.0; +http://ahrefs.com/robot/)"
49.12.13.109 - - [14/May/2023:23:54:55 +0200] "HEAD / HTTP/1.1" 200 - "-" "Alert_Alligator_webmonitoring_service_1.6.3_(alertalligator.com)"
80.249.163.145 - - [14/May/2023:23:54:56 +0200] "POST /wp-cron.php?doing_wp_cron=1684101295.9692060947418212890625 HTTP/1.1" 200 20 "http://sobarlang-terapia.hu/wp-cron.php?doing_wp_cron=1684101295.9692060947418212890625" "WordPress/5.3.14; http://sobarlang-terapia.hu"
49.12.13.109 - - [15/May/2023:00:53:45 +0200] "HEAD / HTTP/1.1" 200 - "-" "Alert_Alligator_webmonitoring_service_1.6.3_(alertalligator.com)"
80.249.163.145 - - [15/May/2023:00:53:46 +0200] "POST /wp-cron.php?doing_wp_cron=1684104826.2202830314636230468750 HTTP/1.1" 200 20 "http://sobarlang-terapia.hu/wp-cron.php?doing_wp_cron=1684104826.2202830314636230468750" "WordPress/5.3.14; http://sobarlang-terapia.hu"
88.99.238.79 - - [15/May/2023:01:16:48 +0200] "GET /ads.txt HTTP/1.0" 404 52285 "-" "Mozilla/5.0 (Windows NT 10.0; Win64; x64; rv:86.0) Gecko/20100101 Firefox/86.0"
49.12.13.109 - - [15/May/2023:01:55:56 +0200] "HEAD / HTTP/1.1" 200 - "-" "Alert_Alligator_webmonitoring_service_1.6.3_(alertalligator.com)"
80.249.163.145 - - [15/May/2023:01:55:57 +0200] "POST /wp-cron.php?doing_wp_cron=1684108557.0099549293518066406250 HTTP/1.1" 200 20 "http://sobarlang-terapia.hu/wp-cron.php?doing_wp_cron=1684108557.0099549293518066406250" "WordPress/5.3.14; http://sobarlang-terapia.hu"
49.12.13.109 - - [15/May/2023:02:55:04 +0200] "HEAD / HTTP/1.1" 200 - "-" "Alert_Alligator_webmonitoring_service_1.6.3_(alertalligator.com)"
80.249.163.145 - - [15/May/2023:02:55:05 +0200] "POST /wp-cron.php?doing_wp_cron=1684112105.4107129573822021484375 HTTP/1.1" 200 20 "http://sobarlang-terapia.hu/wp-cron.php?doing_wp_cron=1684112105.4107129573822021484375" "WordPress/5.3.14; http://sobarlang-terapia.hu"
212.237.51.151 - - [15/May/2023:03:39:58 +0200] "HEAD / HTTP/1.1" 200 - "-" "Alert_Alligator_webmonitoring_service_1.6.4_(alertalligator.com)"
80.249.163.145 - - [15/May/2023:03:39:59 +0200] "POST /wp-cron.php?doing_wp_cron=1684114799.7317481040954589843750 HTTP/1.1" 200 20 "http://sobarlang-terapia.hu/wp-cron.php?doing_wp_cron=1684114799.7317481040954589843750" "WordPress/5.3.14; http://sobarlang-terapia.hu"
212.237.51.151 - - [15/May/2023:04:20:01 +0200] "HEAD / HTTP/1.1" 200 - "-" "Alert_Alligator_webmonitoring_service_1.6.4_(alertalligator.com)"
49.12.13.109 - - [15/May/2023:04:51:34 +0200] "HEAD / HTTP/1.1" 200 - "-" "Alert_Alligator_webmonitoring_service_1.6.4_(alertalligator.com)"
80.249.163.145 - - [15/May/2023:04:51:34 +0200] "POST /wp-cron.php?doing_wp_cron=1684119094.8819100856781005859375 HTTP/1.1" 200 20 "http://sobarlang-terapia.hu/wp-cron.php?doing_wp_cron=1684119094.8819100856781005859375" "WordPress/5.3.14; http://sobarlang-terapia.hu"
114.119.139.59 - - [15/May/2023:05:22:36 +0200] "GET /favicon.ico HTTP/1.1" 200 - "-" "Mozilla/5.0 (Linux; Android 7.0;) AppleWebKit/537.36 (KHTML, like Gecko) Mobile Safari/537.36 (compatible; PetalBot;+https://webmaster.petalsearch.com/site/petalbot)"
212.237.51.151 - - [15/May/2023:05:47:05 +0200] "HEAD / HTTP/1.1" 200 - "-" "Alert_Alligator_webmonitoring_service_1.6.4_(alertalligator.com)"
80.249.163.145 - - [15/May/2023:05:47:06 +0200] "POST /wp-cron.php?doing_wp_cron=1684122426.6714780330657958984375 HTTP/1.1" 200 20 "http://sobarlang-terapia.hu/wp-cron.php?doing_wp_cron=1684122426.6714780330657958984375" "WordPress/5.3.14; http://sobarlang-terapia.hu"
212.237.51.151 - - [15/May/2023:06:37:21 +0200] "HEAD / HTTP/1.1" 200 - "-" "Alert_Alligator_webmonitoring_service_1.6.4_(alertalligator.com)"
80.249.163.145 - - [15/May/2023:06:37:22 +0200] "POST /wp-cron.php?doing_wp_cron=1684125442.2674429416656494140625 HTTP/1.1" 200 20 "http://sobarlang-terapia.hu/wp-cron.php?doing_wp_cron=1684125442.2674429416656494140625" "WordPress/5.3.14; http://sobarlang-terapia.hu"
5.161.91.175 - - [15/May/2023:06:48:27 +0200] "GET /wp-content/plugins/background-image-cropper/ups.php HTTP/1.1" 404 17972 "www.google.com" "Mozlila/5.0 (Linux; Android 7.0; SM-G892A Bulid/NRD90M; wv) AppleWebKit/537.36 (KHTML, like Gecko) Version/4.0 Chrome/60.0.3112.107 Moblie Safari/537.36"
43.156.204.132 - - [15/May/2023:06:56:01 +0200] "POST //wp-admin/css/colors/blue/blue.php?wall=ZWNobyBhRHJpdjQ7ZXZhbCgkX1BPU1RbJ3Z6J10pOw== HTTP/1.1" 404 18023 "www.google.com" "Mozlila/5.0 (Linux; Android 7.0; SM-G892A Bulid/NRD90M; wv) AppleWebKit/537.36 (KHTML, like Gecko) Version/4.0 Chrome/60.0.3112.107 Moblie Safari/537.36"
49.12.13.109 - - [15/May/2023:07:42:13 +0200] "HEAD / HTTP/1.1" 200 - "-" "Alert_Alligator_webmonitoring_service_1.6.3_(alertalligator.com)"
80.249.163.145 - - [15/May/2023:07:42:18 +0200] "POST /wp-cron.php?doing_wp_cron=1684129338.7641019821166992187500 HTTP/1.1" 200 20 "http://sobarlang-terapia.hu/wp-cron.php?doing_wp_cron=1684129338.7641019821166992187500" "WordPress/5.3.14; http://sobarlang-terapia.hu"
49.12.13.109 - - [15/May/2023:08:38:39 +0200] "HEAD / HTTP/1.1" 200 - "-" "Alert_Alligator_webmonitoring_service_1.6.3_(alertalligator.com)"
80.249.163.145 - - [15/May/2023:08:38:40 +0200] "POST /wp-cron.php?doing_wp_cron=1684132719.9700169563293457031250 HTTP/1.1" 200 20 "http://sobarlang-terapia.hu/wp-cron.php?doing_wp_cron=1684132719.9700169563293457031250" "WordPress/5.3.14; http://sobarlang-terapia.hu"
49.12.13.109 - - [15/May/2023:09:37:48 +0200] "HEAD / HTTP/1.1" 200 - "-" "Alert_Alligator_webmonitoring_service_1.6.3_(alertalligator.com)"
80.249.163.145 - - [15/May/2023:09:37:49 +0200] "POST /wp-cron.php?doing_wp_cron=1684136269.4907588958740234375000 HTTP/1.1" 200 20 "http://sobarlang-terapia.hu/wp-cron.php?doing_wp_cron=1684136269.4907588958740234375000" "WordPress/5.3.14; http://sobarlang-terapia.hu"
20.80.233.211 - - [15/May/2023:09:52:19 +0200] "GET /wp-admin/css/ HTTP/1.1" 200 1481 "binance.com" "Mozilla/5.0 (Windows NT 10.0; Win64; x64) AppleWebKit/537.36 (KHTML, like Gecko) Chrome/90.0.4430.85 Safari/537.36"
20.80.233.211 - - [15/May/2023:09:52:22 +0200] "GET /wp-content/uploads/2023/05/ HTTP/1.1" 200 360 "binance.com" "Mozilla/5.0 (Windows NT 10.0; Win64; x64) AppleWebKit/537.36 (KHTML, like Gecko) Chrome/90.0.4430.85 Safari/537.36"
20.80.233.211 - - [15/May/2023:09:52:26 +0200] "GET /wp-content/uploads/2023/04/ HTTP/1.1" 200 361 "binance.com" "Mozilla/5.0 (Windows NT 10.0; Win64; x64) AppleWebKit/537.36 (KHTML, like Gecko) Chrome/90.0.4430.85 Safari/537.36"
20.80.233.211 - - [15/May/2023:09:52:29 +0200] "GET /wp-content/uploads/ HTTP/1.1" 200 457 "binance.com" "Mozilla/5.0 (Windows NT 10.0; Win64; x64) AppleWebKit/537.36 (KHTML, like Gecko) Chrome/90.0.4430.85 Safari/537.36"
20.80.233.211 - - [15/May/2023:09:52:33 +0200] "GET /wp-content/upgrade/ HTTP/1.1" 200 350 "binance.com" "Mozilla/5.0 (Windows NT 10.0; Win64; x64) AppleWebKit/537.36 (KHTML, like Gecko) Chrome/90.0.4430.85 Safari/537.36"
20.80.233.211 - - [15/May/2023:09:52:36 +0200] "GET /wp-content/languages/ HTTP/1.1" 200 1110 "binance.com" "Mozilla/5.0 (Windows NT 10.0; Win64; x64) AppleWebKit/537.36 (KHTML, like Gecko) Chrome/90.0.4430.85 Safari/537.36"
20.80.233.211 - - [15/May/2023:09:52:38 +0200] "GET /wp-admin/includes/ HTTP/1.1" 200 1961 "binance.com" "Mozilla/5.0 (Windows NT 10.0; Win64; x64) AppleWebKit/537.36 (KHTML, like Gecko) Chrome/90.0.4430.85 Safari/537.36"
20.80.233.211 - - [15/May/2023:09:52:41 +0200] "GET /wp-admin/includes/ HTTP/1.1" 200 1961 "binance.com" "Mozilla/5.0 (Windows NT 10.0; Win64; x64) AppleWebKit/537.36 (KHTML, like Gecko) Chrome/90.0.4430.85 Safari/537.36"
20.80.233.211 - - [15/May/2023:09:52:42 +0200] "GET /wp-admin/maint/ HTTP/1.1" 200 404 "binance.com" "Mozilla/5.0 (Windows NT 10.0; Win64; x64) AppleWebKit/537.36 (KHTML, like Gecko) Chrome/90.0.4430.85 Safari/537.36"
20.80.233.211 - - [15/May/2023:09:52:45 +0200] "GET /wp-admin/maint/ HTTP/1.1" 200 404 "binance.com" "Mozilla/5.0 (Windows NT 10.0; Win64; x64) AppleWebKit/537.36 (KHTML, like Gecko) Chrome/90.0.4430.85 Safari/537.36"
20.80.233.211 - - [15/May/2023:09:52:48 +0200] "GET /wp-admin/network/ HTTP/1.1" 302 20 "binance.com" "Mozilla/5.0 (Windows NT 10.0; Win64; x64) AppleWebKit/537.36 (KHTML, like Gecko) Chrome/90.0.4430.85 Safari/537.36"
20.80.233.211 - - [15/May/2023:09:52:49 +0200] "GET /wp-login.php?redirect_to=http%3A%2F%2Fsobarlang-terapia.hu%2Fwp-admin%2Fnetwork%2F&reauth=1 HTTP/1.1" 200 1762 "binance.com" "Mozilla/5.0 (Windows NT 10.0; Win64; x64) AppleWebKit/537.36 (KHTML, like Gecko) Chrome/90.0.4430.85 Safari/537.36"
20.80.233.211 - - [15/May/2023:09:52:54 +0200] "GET /wp-admin/user/ HTTP/1.1" 302 20 "binance.com" "Mozilla/5.0 (Windows NT 10.0; Win64; x64) AppleWebKit/537.36 (KHTML, like Gecko) Chrome/90.0.4430.85 Safari/537.36"
20.80.233.211 - - [15/May/2023:09:52:55 +0200] "GET /wp-login.php?redirect_to=http%3A%2F%2Fsobarlang-terapia.hu%2Fwp-admin%2Fuser%2F&reauth=1 HTTP/1.1" 200 1762 "binance.com" "Mozilla/5.0 (Windows NT 10.0; Win64; x64) AppleWebKit/537.36 (KHTML, like Gecko) Chrome/90.0.4430.85 Safari/537.36"
20.80.233.211 - - [15/May/2023:09:52:59 +0200] "GET /wp-admin/css/ HTTP/1.1" 200 1481 "binance.com" "Mozilla/5.0 (Windows NT 10.0; Win64; x64) AppleWebKit/537.36 (KHTML, like Gecko) Chrome/90.0.4430.85 Safari/537.36"
20.80.233.211 - - [15/May/2023:09:53:02 +0200] "GET /wp-admin/css/colors/ HTTP/1.1" 200 548 "binance.com" "Mozilla/5.0 (Windows NT 10.0; Win64; x64) AppleWebKit/537.36 (KHTML, like Gecko) Chrome/90.0.4430.85 Safari/537.36"
20.80.233.211 - - [15/May/2023:09:53:04 +0200] "GET /wp-admin/css/colors/blue/ HTTP/1.1" 200 480 "binance.com" "Mozilla/5.0 (Windows NT 10.0; Win64; x64) AppleWebKit/537.36 (KHTML, like Gecko) Chrome/90.0.4430.85 Safari/537.36"
20.80.233.211 - - [15/May/2023:09:53:08 +0200] "GET /wp-admin/css/colors/coffee/ HTTP/1.1" 200 481 "binance.com" "Mozilla/5.0 (Windows NT 10.0; Win64; x64) AppleWebKit/537.36 (KHTML, like Gecko) Chrome/90.0.4430.85 Safari/537.36"
20.80.233.211 - - [15/May/2023:09:53:12 +0200] "GET /wp-admin/css/colors/ectoplasm/ HTTP/1.1" 200 484 "binance.com" "Mozilla/5.0 (Windows NT 10.0; Win64; x64) AppleWebKit/537.36 (KHTML, like Gecko) Chrome/90.0.4430.85 Safari/537.36"
20.80.233.211 - - [15/May/2023:09:53:15 +0200] "GET /wp-admin/css/colors/light/ HTTP/1.1" 200 480 "binance.com" "Mozilla/5.0 (Windows NT 10.0; Win64; x64) AppleWebKit/537.36 (KHTML, like Gecko) Chrome/90.0.4430.85 Safari/537.36"
20.80.233.211 - - [15/May/2023:09:53:18 +0200] "GET /wp-admin/css/colors/midnight/ HTTP/1.1" 200 483 "binance.com" "Mozilla/5.0 (Windows NT 10.0; Win64; x64) AppleWebKit/537.36 (KHTML, like Gecko) Chrome/90.0.4430.85 Safari/537.36"
20.80.233.211 - - [15/May/2023:09:53:21 +0200] "GET /wp-admin/css/colors/modern/ HTTP/1.1" 404 17961 "binance.com" "Mozilla/5.0 (Windows NT 10.0; Win64; x64) AppleWebKit/537.36 (KHTML, like Gecko) Chrome/90.0.4430.85 Safari/537.36"
20.80.233.211 - - [15/May/2023:09:53:25 +0200] "GET /wp-admin/css/colors/ocean/ HTTP/1.1" 200 482 "binance.com" "Mozilla/5.0 (Windows NT 10.0; Win64; x64) AppleWebKit/537.36 (KHTML, like Gecko) Chrome/90.0.4430.85 Safari/537.36"
20.80.233.211 - - [15/May/2023:09:53:28 +0200] "GET /wp-admin/css/colors/sunrise/%20 HTTP/1.1" 404 17970 "binance.com" "Mozilla/5.0 (Windows NT 10.0; Win64; x64) AppleWebKit/537.36 (KHTML, like Gecko) Chrome/90.0.4430.85 Safari/537.36"
20.80.233.211 - - [15/May/2023:09:53:31 +0200] "GET /wp-admin/images/ HTTP/1.1" 200 1245 "binance.com" "Mozilla/5.0 (Windows NT 10.0; Win64; x64) AppleWebKit/537.36 (KHTML, like Gecko) Chrome/90.0.4430.85 Safari/537.36"
20.80.233.211 - - [15/May/2023:09:53:35 +0200] "GET /wp-admin/js/ HTTP/1.1" 200 1677 "binance.com" "Mozilla/5.0 (Windows NT 10.0; Win64; x64) AppleWebKit/537.36 (KHTML, like Gecko) Chrome/90.0.4430.85 Safari/537.36"
20.80.233.211 - - [15/May/2023:09:53:38 +0200] "GET /wp-admin/js/widgets/ HTTP/1.1" 200 621 "binance.com" "Mozilla/5.0 (Windows NT 10.0; Win64; x64) AppleWebKit/537.36 (KHTML, like Gecko) Chrome/90.0.4430.85 Safari/537.36"
20.80.233.211 - - [15/May/2023:09:53:41 +0200] "GET /wp-includes/ HTTP/1.1" 200 3365 "binance.com" "Mozilla/5.0 (Windows NT 10.0; Win64; x64) AppleWebKit/537.36 (KHTML, like Gecko) Chrome/90.0.4430.85 Safari/537.36"
20.80.233.211 - - [15/May/2023:09:53:44 +0200] "GET /wp-includes/ HTTP/1.1" 200 3365 "binance.com" "Mozilla/5.0 (Windows NT 10.0; Win64; x64) AppleWebKit/537.36 (KHTML, like Gecko) Chrome/90.0.4430.85 Safari/537.36"
20.80.233.211 - - [15/May/2023:09:53:47 +0200] "GET /wp-includes/ID3/ HTTP/1.1" 200 728 "binance.com" "Mozilla/5.0 (Windows NT 10.0; Win64; x64) AppleWebKit/537.36 (KHTML, like Gecko) Chrome/90.0.4430.85 Safari/537.36"
20.80.233.211 - - [15/May/2023:09:53:50 +0200] "GET /wp-includes/ID3/ HTTP/1.1" 200 728 "binance.com" "Mozilla/5.0 (Windows NT 10.0; Win64; x64) AppleWebKit/537.36 (KHTML, like Gecko) Chrome/90.0.4430.85 Safari/537.36"
20.80.233.211 - - [15/May/2023:09:53:53 +0200] "GET /wp-includes/IXR/ HTTP/1.1" 200 570 "binance.com" "Mozilla/5.0 (Windows NT 10.0; Win64; x64) AppleWebKit/537.36 (KHTML, like Gecko) Chrome/90.0.4430.85 Safari/537.36"
20.80.233.211 - - [15/May/2023:09:53:56 +0200] "GET /wp-includes/IXR/ HTTP/1.1" 200 570 "binance.com" "Mozilla/5.0 (Windows NT 10.0; Win64; x64) AppleWebKit/537.36 (KHTML, like Gecko) Chrome/90.0.4430.85 Safari/537.36"
20.80.233.211 - - [15/May/2023:09:54:00 +0200] "GET /wp-includes/PHPMailer/ HTTP/1.1" 404 17961 "binance.com" "Mozilla/5.0 (Windows NT 10.0; Win64; x64) AppleWebKit/537.36 (KHTML, like Gecko) Chrome/90.0.4430.85 Safari/537.36"
20.80.233.211 - - [15/May/2023:09:54:04 +0200] "GET /wp-includes/Text/ HTTP/1.1" 200 432 "binance.com" "Mozilla/5.0 (Windows NT 10.0; Win64; x64) AppleWebKit/537.36 (KHTML, like Gecko) Chrome/90.0.4430.85 Safari/537.36"
20.80.233.211 - - [15/May/2023:09:54:08 +0200] "GET /wp-includes/Text/Diff/ HTTP/1.1" 200 452 "binance.com" "Mozilla/5.0 (Windows NT 10.0; Win64; x64) AppleWebKit/537.36 (KHTML, like Gecko) Chrome/90.0.4430.85 Safari/537.36"
20.80.233.211 - - [15/May/2023:09:54:21 +0200] "GET /wp-includes/Text/Diff/ HTTP/1.1" 200 452 "binance.com" "Mozilla/5.0 (Windows NT 10.0; Win64; x64) AppleWebKit/537.36 (KHTML, like Gecko) Chrome/90.0.4430.85 Safari/537.36"
20.80.233.211 - - [15/May/2023:09:54:25 +0200] "GET /wp-includes/Text/Diff/Engine/ HTTP/1.1" 200 465 "binance.com" "Mozilla/5.0 (Windows NT 10.0; Win64; x64) AppleWebKit/537.36 (KHTML, like Gecko) Chrome/90.0.4430.85 Safari/537.36"
20.80.233.211 - - [15/May/2023:09:54:31 +0200] "GET /wp-includes/Text/Diff/Engine/ HTTP/1.1" 200 465 "binance.com" "Mozilla/5.0 (Windows NT 10.0; Win64; x64) AppleWebKit/537.36 (KHTML, like Gecko) Chrome/90.0.4430.85 Safari/537.36"
20.80.233.211 - - [15/May/2023:09:54:38 +0200] "GET /wp-includes/Text/Diff/Renderer/ HTTP/1.1" 200 420 "binance.com" "Mozilla/5.0 (Windows NT 10.0; Win64; x64) AppleWebKit/537.36 (KHTML, like Gecko) Chrome/90.0.4430.85 Safari/537.36"
20.80.233.211 - - [15/May/2023:09:54:42 +0200] "GET /wp-includes/Text/Diff/Renderer/ HTTP/1.1" 200 420 "binance.com" "Mozilla/5.0 (Windows NT 10.0; Win64; x64) AppleWebKit/537.36 (KHTML, like Gecko) Chrome/90.0.4430.85 Safari/537.36"
20.80.233.211 - - [15/May/2023:09:54:45 +0200] "GET /wp-includes/blocks/ HTTP/1.1" 200 596 "binance.com" "Mozilla/5.0 (Windows NT 10.0; Win64; x64) AppleWebKit/537.36 (KHTML, like Gecko) Chrome/90.0.4430.85 Safari/537.36"
20.80.233.211 - - [15/May/2023:09:54:47 +0200] "GET /wp-includes/blocks/ HTTP/1.1" 200 596 "binance.com" "Mozilla/5.0 (Windows NT 10.0; Win64; x64) AppleWebKit/537.36 (KHTML, like Gecko) Chrome/90.0.4430.85 Safari/537.36"
20.80.233.211 - - [15/May/2023:09:54:50 +0200] "GET /wp-includes/pomo/ HTTP/1.1" 200 487 "binance.com" "Mozilla/5.0 (Windows NT 10.0; Win64; x64) AppleWebKit/537.36 (KHTML, like Gecko) Chrome/90.0.4430.85 Safari/537.36"
20.80.233.211 - - [15/May/2023:09:54:53 +0200] "GET /wp-includes/pomo/ HTTP/1.1" 200 487 "binance.com" "Mozilla/5.0 (Windows NT 10.0; Win64; x64) AppleWebKit/537.36 (KHTML, like Gecko) Chrome/90.0.4430.85 Safari/537.36"
20.80.233.211 - - [15/May/2023:09:54:57 +0200] "GET /wp-includes/sitemaps/ HTTP/1.1" 404 17958 "binance.com" "Mozilla/5.0 (Windows NT 10.0; Win64; x64) AppleWebKit/537.36 (KHTML, like Gecko) Chrome/90.0.4430.85 Safari/537.36"
20.80.233.211 - - [15/May/2023:09:55:02 +0200] "GET /wp-includes/sitemaps/providers/ HTTP/1.1" 404 17967 "binance.com" "Mozilla/5.0 (Windows NT 10.0; Win64; x64) AppleWebKit/537.36 (KHTML, like Gecko) Chrome/90.0.4430.85 Safari/537.36"
20.80.233.211 - - [15/May/2023:09:55:05 +0200] "GET /wp-includes/widgets/ HTTP/1.1" 200 687 "binance.com" "Mozilla/5.0 (Windows NT 10.0; Win64; x64) AppleWebKit/537.36 (KHTML, like Gecko) Chrome/90.0.4430.85 Safari/537.36"
20.80.233.211 - - [15/May/2023:09:55:08 +0200] "GET /wp-includes/widgets/ HTTP/1.1" 200 687 "binance.com" "Mozilla/5.0 (Windows NT 10.0; Win64; x64) AppleWebKit/537.36 (KHTML, like Gecko) Chrome/90.0.4430.85 Safari/537.36"
20.80.233.211 - - [15/May/2023:09:55:10 +0200] "GET /wp-includes/css/ HTTP/1.1" 200 875 "binance.com" "Mozilla/5.0 (Windows NT 10.0; Win64; x64) AppleWebKit/537.36 (KHTML, like Gecko) Chrome/90.0.4430.85 Safari/537.36"
20.80.233.211 - - [15/May/2023:09:55:13 +0200] "GET /wp-includes/css/dist/ HTTP/1.1" 200 492 "binance.com" "Mozilla/5.0 (Windows NT 10.0; Win64; x64) AppleWebKit/537.36 (KHTML, like Gecko) Chrome/90.0.4430.85 Safari/537.36"
20.80.233.211 - - [15/May/2023:09:55:16 +0200] "GET /wp-includes/fonts/ HTTP/1.1" 200 479 "binance.com" "Mozilla/5.0 (Windows NT 10.0; Win64; x64) AppleWebKit/537.36 (KHTML, like Gecko) Chrome/90.0.4430.85 Safari/537.36"
20.80.233.211 - - [15/May/2023:09:55:19 +0200] "GET /wp-includes/images/ HTTP/1.1" 200 800 "binance.com" "Mozilla/5.0 (Windows NT 10.0; Win64; x64) AppleWebKit/537.36 (KHTML, like Gecko) Chrome/90.0.4430.85 Safari/537.36"
20.80.233.211 - - [15/May/2023:09:55:24 +0200] "GET /wp-includes/images/crystal/ HTTP/1.1" 200 570 "binance.com" "Mozilla/5.0 (Windows NT 10.0; Win64; x64) AppleWebKit/537.36 (KHTML, like Gecko) Chrome/90.0.4430.85 Safari/537.36"
20.80.233.211 - - [15/May/2023:09:55:28 +0200] "GET /wp-includes/images/media/ HTTP/1.1" 200 539 "binance.com" "Mozilla/5.0 (Windows NT 10.0; Win64; x64) AppleWebKit/537.36 (KHTML, like Gecko) Chrome/90.0.4430.85 Safari/537.36"
20.80.233.211 - - [15/May/2023:09:55:31 +0200] "GET /wp-includes/images/smilies/ HTTP/1.1" 200 749 "binance.com" "Mozilla/5.0 (Windows NT 10.0; Win64; x64) AppleWebKit/537.36 (KHTML, like Gecko) Chrome/90.0.4430.85 Safari/537.36"
20.80.233.211 - - [15/May/2023:09:55:37 +0200] "GET /wp-includes/images/wlw/ HTTP/1.1" 200 451 "binance.com" "Mozilla/5.0 (Windows NT 10.0; Win64; x64) AppleWebKit/537.36 (KHTML, like Gecko) Chrome/90.0.4430.85 Safari/537.36"
20.80.233.211 - - [15/May/2023:09:55:41 +0200] "GET /wp-includes/js/%20 HTTP/1.1" 404 17960 "binance.com" "Mozilla/5.0 (Windows NT 10.0; Win64; x64) AppleWebKit/537.36 (KHTML, like Gecko) Chrome/90.0.4430.85 Safari/537.36"
20.80.233.211 - - [15/May/2023:09:55:45 +0200] "GET /wp-includes/js/codemirror/ HTTP/1.1" 200 531 "binance.com" "Mozilla/5.0 (Windows NT 10.0; Win64; x64) AppleWebKit/537.36 (KHTML, like Gecko) Chrome/90.0.4430.85 Safari/537.36"
20.80.233.211 - - [15/May/2023:09:55:49 +0200] "GET /wp-includes/js/plupload/ HTTP/1.1" 200 549 "binance.com" "Mozilla/5.0 (Windows NT 10.0; Win64; x64) AppleWebKit/537.36 (KHTML, like Gecko) Chrome/90.0.4430.85 Safari/537.36"
20.80.233.211 - - [15/May/2023:09:55:54 +0200] "GET /.well-known/ HTTP/1.1" 404 17951 "binance.com" "Mozilla/5.0 (Windows NT 10.0; Win64; x64) AppleWebKit/537.36 (KHTML, like Gecko) Chrome/90.0.4430.85 Safari/537.36"
212.237.51.151 - - [15/May/2023:10:16:17 +0200] "HEAD / HTTP/1.1" 200 - "-" "Alert_Alligator_webmonitoring_service_1.6.4_(alertalligator.com)"
49.12.13.109 - - [15/May/2023:11:15:20 +0200] "HEAD / HTTP/1.1" 200 - "-" "Alert_Alligator_webmonitoring_service_1.6.3_(alertalligator.com)"
80.249.163.145 - - [15/May/2023:11:15:23 +0200] "POST /wp-cron.php?doing_wp_cron=1684142123.2552189826965332031250 HTTP/1.1" 200 20 "http://sobarlang-terapia.hu/wp-cron.php?doing_wp_cron=1684142123.2552189826965332031250" "WordPress/5.3.14; http://sobarlang-terapia.hu"
49.12.13.109 - - [15/May/2023:12:14:26 +0200] "HEAD / HTTP/1.1" 200 - "-" "Alert_Alligator_webmonitoring_service_1.6.3_(alertalligator.com)"
80.249.163.145 - - [15/May/2023:12:14:27 +0200] "POST /wp-cron.php?doing_wp_cron=1684145667.6502819061279296875000 HTTP/1.1" 200 20 "http://sobarlang-terapia.hu/wp-cron.php?doing_wp_cron=1684145667.6502819061279296875000" "WordPress/5.3.14; http://sobarlang-terapia.hu"
212.237.51.151 - - [15/May/2023:12:57:39 +0200] "HEAD / HTTP/1.1" 200 - "-" "Alert_Alligator_webmonitoring_service_1.6.4_(alertalligator.com)"
80.249.163.145 - - [15/May/2023:12:57:39 +0200] "POST /wp-cron.php?doing_wp_cron=1684148259.7393739223480224609375 HTTP/1.1" 200 20 "http://sobarlang-terapia.hu/wp-cron.php?doing_wp_cron=1684148259.7393739223480224609375" "WordPress/5.3.14; http://sobarlang-terapia.hu"
114.119.140.64 - - [15/May/2023:13:27:34 +0200] "GET /robots.txt HTTP/1.1" 200 114 "-" "Mozilla/5.0 (compatible;PetalBot;+https://webmaster.petalsearch.com/site/petalbot)"
80.249.163.145 - - [15/May/2023:13:27:35 +0200] "POST /wp-cron.php?doing_wp_cron=1684150055.3021709918975830078125 HTTP/1.1" 200 20 "http://sobarlang-terapia.hu/wp-cron.php?doing_wp_cron=1684150055.3021709918975830078125" "WordPress/5.3.14; http://sobarlang-terapia.hu"
212.237.51.151 - - [15/May/2023:13:36:35 +0200] "HEAD / HTTP/1.1" 200 - "-" "Alert_Alligator_webmonitoring_service_1.6.4_(alertalligator.com)"
49.12.13.109 - - [15/May/2023:14:35:39 +0200] "HEAD / HTTP/1.1" 200 - "-" "Alert_Alligator_webmonitoring_service_1.6.3_(alertalligator.com)"
80.249.163.145 - - [15/May/2023:14:35:40 +0200] "POST /wp-cron.php?doing_wp_cron=1684154140.6858301162719726562500 HTTP/1.1" 200 20 "http://sobarlang-terapia.hu/wp-cron.php?doing_wp_cron=1684154140.6858301162719726562500" "WordPress/5.3.14; http://sobarlang-terapia.hu"
49.12.13.109 - - [15/May/2023:15:30:54 +0200] "HEAD / HTTP/1.1" 200 - "-" "Alert_Alligator_webmonitoring_service_1.6.4_(alertalligator.com)"
80.249.163.145 - - [15/May/2023:15:30:55 +0200] "POST /wp-cron.php?doing_wp_cron=1684157455.5794420242309570312500 HTTP/1.1" 200 20 "http://sobarlang-terapia.hu/wp-cron.php?doing_wp_cron=1684157455.5794420242309570312500" "WordPress/5.3.14; http://sobarlang-terapia.hu"
46.228.199.158 - - [15/May/2023:15:39:15 +0200] "GET / HTTP/1.1" 200 18012 "-" "Mozilla/5.0 (Windows NT 10.0; Win64; x64) AppleWebKit/537.36 (KHTML, like Gecko) Chrome/91.0.4472.114 Safari/537.36 Edg/91.0.864.54"
43.153.101.148 - - [15/May/2023:16:01:40 +0200] "GET /wp-admin/css/ HTTP/1.1" 200 1481 "binance.com" "Mozilla/5.0 (Windows NT 10.0; Win64; x64) AppleWebKit/537.36 (KHTML, like Gecko) Chrome/90.0.4430.85 Safari/537.36"
43.153.101.148 - - [15/May/2023:16:01:41 +0200] "GET /wp-content/uploads/2023/05/ HTTP/1.1" 200 360 "binance.com" "Mozilla/5.0 (Windows NT 10.0; Win64; x64) AppleWebKit/537.36 (KHTML, like Gecko) Chrome/90.0.4430.85 Safari/537.36"
43.153.101.148 - - [15/May/2023:16:01:41 +0200] "GET /wp-content/uploads/2023/04/ HTTP/1.1" 200 361 "binance.com" "Mozilla/5.0 (Windows NT 10.0; Win64; x64) AppleWebKit/537.36 (KHTML, like Gecko) Chrome/90.0.4430.85 Safari/537.36"
43.153.101.148 - - [15/May/2023:16:01:42 +0200] "GET /wp-content/uploads/ HTTP/1.1" 200 457 "binance.com" "Mozilla/5.0 (Windows NT 10.0; Win64; x64) AppleWebKit/537.36 (KHTML, like Gecko) Chrome/90.0.4430.85 Safari/537.36"
43.153.101.148 - - [15/May/2023:16:01:42 +0200] "GET /wp-content/upgrade/ HTTP/1.1" 200 350 "binance.com" "Mozilla/5.0 (Windows NT 10.0; Win64; x64) AppleWebKit/537.36 (KHTML, like Gecko) Chrome/90.0.4430.85 Safari/537.36"
43.153.101.148 - - [15/May/2023:16:01:43 +0200] "GET /wp-content/languages/ HTTP/1.1" 200 1110 "binance.com" "Mozilla/5.0 (Windows NT 10.0; Win64; x64) AppleWebKit/537.36 (KHTML, like Gecko) Chrome/90.0.4430.85 Safari/537.36"
43.153.101.148 - - [15/May/2023:16:01:43 +0200] "GET /wp-admin/includes/ HTTP/1.1" 200 1961 "binance.com" "Mozilla/5.0 (Windows NT 10.0; Win64; x64) AppleWebKit/537.36 (KHTML, like Gecko) Chrome/90.0.4430.85 Safari/537.36"
43.153.101.148 - - [15/May/2023:16:01:44 +0200] "GET /wp-admin/includes/ HTTP/1.1" 200 1961 "binance.com" "Mozilla/5.0 (Windows NT 10.0; Win64; x64) AppleWebKit/537.36 (KHTML, like Gecko) Chrome/90.0.4430.85 Safari/537.36"
43.153.101.148 - - [15/May/2023:16:01:44 +0200] "GET /wp-admin/maint/ HTTP/1.1" 200 404 "binance.com" "Mozilla/5.0 (Windows NT 10.0; Win64; x64) AppleWebKit/537.36 (KHTML, like Gecko) Chrome/90.0.4430.85 Safari/537.36"
43.153.101.148 - - [15/May/2023:16:01:45 +0200] "GET /wp-admin/maint/ HTTP/1.1" 200 404 "binance.com" "Mozilla/5.0 (Windows NT 10.0; Win64; x64) AppleWebKit/537.36 (KHTML, like Gecko) Chrome/90.0.4430.85 Safari/537.36"
43.153.101.148 - - [15/May/2023:16:01:45 +0200] "GET /wp-admin/network/ HTTP/1.1" 302 20 "binance.com" "Mozilla/5.0 (Windows NT 10.0; Win64; x64) AppleWebKit/537.36 (KHTML, like Gecko) Chrome/90.0.4430.85 Safari/537.36"
43.153.101.148 - - [15/May/2023:16:01:47 +0200] "GET /wp-login.php?redirect_to=http%3A%2F%2Fsobarlang-terapia.hu%2Fwp-admin%2Fnetwork%2F&reauth=1 HTTP/1.1" 200 1762 "binance.com" "Mozilla/5.0 (Windows NT 10.0; Win64; x64) AppleWebKit/537.36 (KHTML, like Gecko) Chrome/90.0.4430.85 Safari/537.36"
43.153.101.148 - - [15/May/2023:16:01:48 +0200] "GET /wp-admin/user/ HTTP/1.1" 302 20 "binance.com" "Mozilla/5.0 (Windows NT 10.0; Win64; x64) AppleWebKit/537.36 (KHTML, like Gecko) Chrome/90.0.4430.85 Safari/537.36"
43.153.101.148 - - [15/May/2023:16:01:49 +0200] "GET /wp-login.php?redirect_to=http%3A%2F%2Fsobarlang-terapia.hu%2Fwp-admin%2Fuser%2F&reauth=1 HTTP/1.1" 200 1762 "binance.com" "Mozilla/5.0 (Windows NT 10.0; Win64; x64) AppleWebKit/537.36 (KHTML, like Gecko) Chrome/90.0.4430.85 Safari/537.36"
43.153.101.148 - - [15/May/2023:16:02:02 +0200] "GET /wp-admin/css/ HTTP/1.1" 200 1481 "binance.com" "Mozilla/5.0 (Windows NT 10.0; Win64; x64) AppleWebKit/537.36 (KHTML, like Gecko) Chrome/90.0.4430.85 Safari/537.36"
43.153.101.148 - - [15/May/2023:16:02:08 +0200] "GET /wp-admin/css/colors/ HTTP/1.1" 200 548 "binance.com" "Mozilla/5.0 (Windows NT 10.0; Win64; x64) AppleWebKit/537.36 (KHTML, like Gecko) Chrome/90.0.4430.85 Safari/537.36"
43.153.101.148 - - [15/May/2023:16:02:14 +0200] "GET /wp-admin/css/colors/blue/ HTTP/1.1" 200 480 "binance.com" "Mozilla/5.0 (Windows NT 10.0; Win64; x64) AppleWebKit/537.36 (KHTML, like Gecko) Chrome/90.0.4430.85 Safari/537.36"
43.153.101.148 - - [15/May/2023:16:02:17 +0200] "GET /wp-admin/css/colors/coffee/ HTTP/1.1" 200 481 "binance.com" "Mozilla/5.0 (Windows NT 10.0; Win64; x64) AppleWebKit/537.36 (KHTML, like Gecko) Chrome/90.0.4430.85 Safari/537.36"
43.153.101.148 - - [15/May/2023:16:02:23 +0200] "GET /wp-admin/css/colors/ectoplasm/ HTTP/1.1" 200 484 "binance.com" "Mozilla/5.0 (Windows NT 10.0; Win64; x64) AppleWebKit/537.36 (KHTML, like Gecko) Chrome/90.0.4430.85 Safari/537.36"
43.153.101.148 - - [15/May/2023:16:02:25 +0200] "GET /wp-admin/css/colors/light/ HTTP/1.1" 200 480 "binance.com" "Mozilla/5.0 (Windows NT 10.0; Win64; x64) AppleWebKit/537.36 (KHTML, like Gecko) Chrome/90.0.4430.85 Safari/537.36"
43.153.101.148 - - [15/May/2023:16:02:30 +0200] "GET /wp-admin/css/colors/midnight/ HTTP/1.1" 200 483 "binance.com" "Mozilla/5.0 (Windows NT 10.0; Win64; x64) AppleWebKit/537.36 (KHTML, like Gecko) Chrome/90.0.4430.85 Safari/537.36"
43.153.101.148 - - [15/May/2023:16:02:34 +0200] "GET /wp-admin/css/colors/modern/ HTTP/1.1" 404 17961 "binance.com" "Mozilla/5.0 (Windows NT 10.0; Win64; x64) AppleWebKit/537.36 (KHTML, like Gecko) Chrome/90.0.4430.85 Safari/537.36"
43.153.101.148 - - [15/May/2023:16:02:43 +0200] "GET /wp-admin/css/colors/ocean/ HTTP/1.1" 200 482 "binance.com" "Mozilla/5.0 (Windows NT 10.0; Win64; x64) AppleWebKit/537.36 (KHTML, like Gecko) Chrome/90.0.4430.85 Safari/537.36"
43.153.101.148 - - [15/May/2023:16:02:49 +0200] "GET /wp-admin/css/colors/sunrise/%20 HTTP/1.1" 404 17970 "binance.com" "Mozilla/5.0 (Windows NT 10.0; Win64; x64) AppleWebKit/537.36 (KHTML, like Gecko) Chrome/90.0.4430.85 Safari/537.36"
43.153.101.148 - - [15/May/2023:16:02:56 +0200] "GET /wp-admin/images/ HTTP/1.1" 200 1245 "binance.com" "Mozilla/5.0 (Windows NT 10.0; Win64; x64) AppleWebKit/537.36 (KHTML, like Gecko) Chrome/90.0.4430.85 Safari/537.36"
43.153.101.148 - - [15/May/2023:16:02:58 +0200] "GET /wp-admin/js/ HTTP/1.1" 200 1677 "binance.com" "Mozilla/5.0 (Windows NT 10.0; Win64; x64) AppleWebKit/537.36 (KHTML, like Gecko) Chrome/90.0.4430.85 Safari/537.36"
43.153.101.148 - - [15/May/2023:16:03:00 +0200] "GET /wp-admin/js/widgets/ HTTP/1.1" 200 621 "binance.com" "Mozilla/5.0 (Windows NT 10.0; Win64; x64) AppleWebKit/537.36 (KHTML, like Gecko) Chrome/90.0.4430.85 Safari/537.36"
43.153.101.148 - - [15/May/2023:16:03:02 +0200] "GET /wp-includes/ HTTP/1.1" 200 3365 "binance.com" "Mozilla/5.0 (Windows NT 10.0; Win64; x64) AppleWebKit/537.36 (KHTML, like Gecko) Chrome/90.0.4430.85 Safari/537.36"
43.153.101.148 - - [15/May/2023:16:03:04 +0200] "GET /wp-includes/ HTTP/1.1" 200 3365 "binance.com" "Mozilla/5.0 (Windows NT 10.0; Win64; x64) AppleWebKit/537.36 (KHTML, like Gecko) Chrome/90.0.4430.85 Safari/537.36"
43.153.101.148 - - [15/May/2023:16:03:06 +0200] "GET /wp-includes/ID3/ HTTP/1.1" 200 728 "binance.com" "Mozilla/5.0 (Windows NT 10.0; Win64; x64) AppleWebKit/537.36 (KHTML, like Gecko) Chrome/90.0.4430.85 Safari/537.36"
43.153.101.148 - - [15/May/2023:16:03:08 +0200] "GET /wp-includes/ID3/ HTTP/1.1" 200 728 "binance.com" "Mozilla/5.0 (Windows NT 10.0; Win64; x64) AppleWebKit/537.36 (KHTML, like Gecko) Chrome/90.0.4430.85 Safari/537.36"
43.153.101.148 - - [15/May/2023:16:03:10 +0200] "GET /wp-includes/IXR/ HTTP/1.1" 200 570 "binance.com" "Mozilla/5.0 (Windows NT 10.0; Win64; x64) AppleWebKit/537.36 (KHTML, like Gecko) Chrome/90.0.4430.85 Safari/537.36"
43.153.101.148 - - [15/May/2023:16:03:11 +0200] "GET /wp-includes/IXR/ HTTP/1.1" 200 570 "binance.com" "Mozilla/5.0 (Windows NT 10.0; Win64; x64) AppleWebKit/537.36 (KHTML, like Gecko) Chrome/90.0.4430.85 Safari/537.36"
43.153.101.148 - - [15/May/2023:16:03:12 +0200] "GET /wp-includes/PHPMailer/ HTTP/1.1" 404 17961 "binance.com" "Mozilla/5.0 (Windows NT 10.0; Win64; x64) AppleWebKit/537.36 (KHTML, like Gecko) Chrome/90.0.4430.85 Safari/537.36"
43.153.101.148 - - [15/May/2023:16:03:15 +0200] "GET /wp-includes/Text/ HTTP/1.1" 200 432 "binance.com" "Mozilla/5.0 (Windows NT 10.0; Win64; x64) AppleWebKit/537.36 (KHTML, like Gecko) Chrome/90.0.4430.85 Safari/537.36"
43.153.101.148 - - [15/May/2023:16:03:16 +0200] "GET /wp-includes/Text/ HTTP/1.1" 200 432 "binance.com" "Mozilla/5.0 (Windows NT 10.0; Win64; x64) AppleWebKit/537.36 (KHTML, like Gecko) Chrome/90.0.4430.85 Safari/537.36"
43.153.101.148 - - [15/May/2023:16:03:17 +0200] "GET /wp-includes/Text/Diff/ HTTP/1.1" 200 452 "binance.com" "Mozilla/5.0 (Windows NT 10.0; Win64; x64) AppleWebKit/537.36 (KHTML, like Gecko) Chrome/90.0.4430.85 Safari/537.36"
43.153.101.148 - - [15/May/2023:16:03:18 +0200] "GET /wp-includes/Text/Diff/ HTTP/1.1" 200 452 "binance.com" "Mozilla/5.0 (Windows NT 10.0; Win64; x64) AppleWebKit/537.36 (KHTML, like Gecko) Chrome/90.0.4430.85 Safari/537.36"
43.153.101.148 - - [15/May/2023:16:03:19 +0200] "GET /wp-includes/Text/Diff/Engine/ HTTP/1.1" 200 465 "binance.com" "Mozilla/5.0 (Windows NT 10.0; Win64; x64) AppleWebKit/537.36 (KHTML, like Gecko) Chrome/90.0.4430.85 Safari/537.36"
43.153.101.148 - - [15/May/2023:16:03:21 +0200] "GET /wp-includes/Text/Diff/Engine/ HTTP/1.1" 200 465 "binance.com" "Mozilla/5.0 (Windows NT 10.0; Win64; x64) AppleWebKit/537.36 (KHTML, like Gecko) Chrome/90.0.4430.85 Safari/537.36"
43.153.101.148 - - [15/May/2023:16:03:22 +0200] "GET /wp-includes/Text/Diff/Renderer/ HTTP/1.1" 200 420 "binance.com" "Mozilla/5.0 (Windows NT 10.0; Win64; x64) AppleWebKit/537.36 (KHTML, like Gecko) Chrome/90.0.4430.85 Safari/537.36"
43.153.101.148 - - [15/May/2023:16:03:23 +0200] "GET /wp-includes/Text/Diff/Renderer/ HTTP/1.1" 200 420 "binance.com" "Mozilla/5.0 (Windows NT 10.0; Win64; x64) AppleWebKit/537.36 (KHTML, like Gecko) Chrome/90.0.4430.85 Safari/537.36"
43.153.101.148 - - [15/May/2023:16:03:24 +0200] "GET /wp-includes/blocks/ HTTP/1.1" 200 596 "binance.com" "Mozilla/5.0 (Windows NT 10.0; Win64; x64) AppleWebKit/537.36 (KHTML, like Gecko) Chrome/90.0.4430.85 Safari/537.36"
43.153.101.148 - - [15/May/2023:16:03:25 +0200] "GET /wp-includes/blocks/ HTTP/1.1" 200 596 "binance.com" "Mozilla/5.0 (Windows NT 10.0; Win64; x64) AppleWebKit/537.36 (KHTML, like Gecko) Chrome/90.0.4430.85 Safari/537.36"
43.153.101.148 - - [15/May/2023:16:03:25 +0200] "GET /wp-includes/pomo/ HTTP/1.1" 200 487 "binance.com" "Mozilla/5.0 (Windows NT 10.0; Win64; x64) AppleWebKit/537.36 (KHTML, like Gecko) Chrome/90.0.4430.85 Safari/537.36"
43.153.101.148 - - [15/May/2023:16:03:26 +0200] "GET /wp-includes/pomo/ HTTP/1.1" 200 487 "binance.com" "Mozilla/5.0 (Windows NT 10.0; Win64; x64) AppleWebKit/537.36 (KHTML, like Gecko) Chrome/90.0.4430.85 Safari/537.36"
43.153.101.148 - - [15/May/2023:16:03:27 +0200] "GET /wp-includes/sitemaps/ HTTP/1.1" 404 17958 "binance.com" "Mozilla/5.0 (Windows NT 10.0; Win64; x64) AppleWebKit/537.36 (KHTML, like Gecko) Chrome/90.0.4430.85 Safari/537.36"
43.153.101.148 - - [15/May/2023:16:03:29 +0200] "GET /wp-includes/sitemaps/providers/ HTTP/1.1" 404 17967 "binance.com" "Mozilla/5.0 (Windows NT 10.0; Win64; x64) AppleWebKit/537.36 (KHTML, like Gecko) Chrome/90.0.4430.85 Safari/537.36"
