49.12.13.109 - - [02/May/2023:00:35:59 +0200] "HEAD / HTTP/1.1" 200 - "-" "Alert_Alligator_webmonitoring_service_1.6.3_(alertalligator.com)"
80.249.163.145 - - [02/May/2023:00:36:03 +0200] "POST /wp-cron.php?doing_wp_cron=1682980563.8268868923187255859375 HTTP/1.1" 200 20 "http://sobarlang-terapia.hu/wp-cron.php?doing_wp_cron=1682980563.8268868923187255859375" "WordPress/5.3.14; http://sobarlang-terapia.hu"
49.12.13.109 - - [02/May/2023:01:35:07 +0200] "HEAD / HTTP/1.1" 200 - "-" "Alert_Alligator_webmonitoring_service_1.6.3_(alertalligator.com)"
80.249.163.145 - - [02/May/2023:01:35:09 +0200] "POST /wp-cron.php?doing_wp_cron=1682984109.3911190032958984375000 HTTP/1.1" 200 20 "http://sobarlang-terapia.hu/wp-cron.php?doing_wp_cron=1682984109.3911190032958984375000" "WordPress/5.3.14; http://sobarlang-terapia.hu"
49.12.13.109 - - [02/May/2023:02:34:24 +0200] "HEAD / HTTP/1.1" 200 - "-" "Alert_Alligator_webmonitoring_service_1.6.3_(alertalligator.com)"
80.249.163.145 - - [02/May/2023:02:34:25 +0200] "POST /wp-cron.php?doing_wp_cron=1682987665.5699930191040039062500 HTTP/1.1" 200 20 "http://sobarlang-terapia.hu/wp-cron.php?doing_wp_cron=1682987665.5699930191040039062500" "WordPress/5.3.14; http://sobarlang-terapia.hu"
212.237.51.151 - - [02/May/2023:03:11:34 +0200] "HEAD / HTTP/1.1" 200 - "-" "Alert_Alligator_webmonitoring_service_1.6.4_(alertalligator.com)"
114.119.137.98 - - [02/May/2023:03:18:25 +0200] "GET /favicon.ico HTTP/1.1" 200 - "-" "Mozilla/5.0 (Linux; Android 7.0;) AppleWebKit/537.36 (KHTML, like Gecko) Mobile Safari/537.36 (compatible; PetalBot;+https://webmaster.petalsearch.com/site/petalbot)"
49.12.13.109 - - [02/May/2023:04:10:42 +0200] "HEAD / HTTP/1.1" 200 - "-" "Alert_Alligator_webmonitoring_service_1.6.3_(alertalligator.com)"
80.249.163.145 - - [02/May/2023:04:10:45 +0200] "POST /wp-cron.php?doing_wp_cron=1682993445.6089820861816406250000 HTTP/1.1" 200 20 "http://sobarlang-terapia.hu/wp-cron.php?doing_wp_cron=1682993445.6089820861816406250000" "WordPress/5.3.14; http://sobarlang-terapia.hu"
212.237.51.151 - - [02/May/2023:04:51:20 +0200] "HEAD / HTTP/1.1" 200 - "-" "Alert_Alligator_webmonitoring_service_1.6.4_(alertalligator.com)"
80.249.163.145 - - [02/May/2023:04:51:21 +0200] "POST /wp-cron.php?doing_wp_cron=1682995881.2233619689941406250000 HTTP/1.1" 200 20 "http://sobarlang-terapia.hu/wp-cron.php?doing_wp_cron=1682995881.2233619689941406250000" "WordPress/5.3.14; http://sobarlang-terapia.hu"
212.237.51.151 - - [02/May/2023:05:31:26 +0200] "HEAD / HTTP/1.1" 200 - "-" "Alert_Alligator_webmonitoring_service_1.6.4_(alertalligator.com)"
80.249.163.145 - - [02/May/2023:05:31:26 +0200] "POST /wp-cron.php?doing_wp_cron=1682998286.8474779129028320312500 HTTP/1.1" 200 20 "http://sobarlang-terapia.hu/wp-cron.php?doing_wp_cron=1682998286.8474779129028320312500" "WordPress/5.3.14; http://sobarlang-terapia.hu"
95.213.186.158 - - [02/May/2023:06:15:25 +0200] "GET /wp-login.php HTTP/1.1" 200 1762 "" "Mozilla/5.0 (Windows NT 6.3; Win64; x64; rv:109.0) Gecko/20100101 Firefox/111.0"
95.213.186.158 - - [02/May/2023:06:15:26 +0200] "GET /wp-json/wp/v2/users HTTP/1.1" 200 593 "" "Mozilla/5.0 (Windows NT 6.3; Win64; x64; rv:109.0) Gecko/20100101 Firefox/111.0"
95.213.186.158 - - [02/May/2023:06:15:27 +0200] "POST /wp-login.php HTTP/1.1" 200 2151 "http://sobarlang-terapia.hu/wp-login.php?redirect_to=http%3A%2F%2Fsobarlang-terapia.hu%2Fwp-admin%2F" "Mozilla/5.0 (Windows NT 6.3; Win64; x64; rv:109.0) Gecko/20100101 Firefox/111.0"
95.213.186.158 - - [02/May/2023:06:15:28 +0200] "POST /wp-login.php HTTP/1.1" 200 2151 "http://sobarlang-terapia.hu/wp-login.php?redirect_to=http%3A%2F%2Fsobarlang-terapia.hu%2Fwp-admin%2F" "Mozilla/5.0 (Windows NT 6.3; Win64; x64; rv:109.0) Gecko/20100101 Firefox/111.0"
49.12.13.109 - - [02/May/2023:06:30:33 +0200] "HEAD / HTTP/1.1" 200 - "-" "Alert_Alligator_webmonitoring_service_1.6.3_(alertalligator.com)"
80.249.163.145 - - [02/May/2023:06:30:34 +0200] "POST /wp-cron.php?doing_wp_cron=1683001834.3614230155944824218750 HTTP/1.1" 200 20 "http://sobarlang-terapia.hu/wp-cron.php?doing_wp_cron=1683001834.3614230155944824218750" "WordPress/5.3.14; http://sobarlang-terapia.hu"
49.12.13.109 - - [02/May/2023:07:24:26 +0200] "HEAD / HTTP/1.1" 200 - "-" "Alert_Alligator_webmonitoring_service_1.6.3_(alertalligator.com)"
77.234.44.145 - - [02/May/2023:07:35:20 +0200] "GET /.env HTTP/1.1" 404 17946 "-" "Mozilla/5.0 (Linux; U; Android 4.4.2; en-US; HM NOTE 1W Build/KOT49H) AppleWebKit/534.30 (KHTML, like Gecko) Version/4.0 UCBrowser/11.0.5.850 U3/0.8.0 Mobile Safari/534.30"
80.249.163.145 - - [02/May/2023:07:35:21 +0200] "POST /wp-cron.php?doing_wp_cron=1683005721.2032599449157714843750 HTTP/1.1" 200 20 "http://sobarlang-terapia.hu/wp-cron.php?doing_wp_cron=1683005721.2032599449157714843750" "WordPress/5.3.14; http://sobarlang-terapia.hu"
77.234.44.145 - - [02/May/2023:07:35:23 +0200] "POST / HTTP/1.1" 200 18012 "-" "Mozilla/5.0 (Linux; U; Android 4.4.2; en-US; HM NOTE 1W Build/KOT49H) AppleWebKit/534.30 (KHTML, like Gecko) Version/4.0 UCBrowser/11.0.5.850 U3/0.8.0 Mobile Safari/534.30"
49.12.13.109 - - [02/May/2023:08:17:10 +0200] "HEAD / HTTP/1.1" 200 - "-" "Alert_Alligator_webmonitoring_service_1.6.3_(alertalligator.com)"
212.237.51.151 - - [02/May/2023:08:56:50 +0200] "HEAD / HTTP/1.1" 200 - "-" "Alert_Alligator_webmonitoring_service_1.6.4_(alertalligator.com)"
80.249.163.145 - - [02/May/2023:08:56:51 +0200] "POST /wp-cron.php?doing_wp_cron=1683010611.6767539978027343750000 HTTP/1.1" 200 20 "http://sobarlang-terapia.hu/wp-cron.php?doing_wp_cron=1683010611.6767539978027343750000" "WordPress/5.3.14; http://sobarlang-terapia.hu"
212.237.51.151 - - [02/May/2023:09:50:07 +0200] "HEAD / HTTP/1.1" 200 - "-" "Alert_Alligator_webmonitoring_service_1.6.4_(alertalligator.com)"
80.249.163.145 - - [02/May/2023:09:50:09 +0200] "POST /wp-cron.php?doing_wp_cron=1683013809.0774419307708740234375 HTTP/1.1" 200 20 "http://sobarlang-terapia.hu/wp-cron.php?doing_wp_cron=1683013809.0774419307708740234375" "WordPress/5.3.14; http://sobarlang-terapia.hu"
49.12.13.109 - - [02/May/2023:11:00:19 +0200] "HEAD / HTTP/1.1" 200 - "-" "Alert_Alligator_webmonitoring_service_1.6.3_(alertalligator.com)"
80.249.163.145 - - [02/May/2023:11:00:20 +0200] "POST /wp-cron.php?doing_wp_cron=1683018020.4124720096588134765625 HTTP/1.1" 200 20 "http://sobarlang-terapia.hu/wp-cron.php?doing_wp_cron=1683018020.4124720096588134765625" "WordPress/5.3.14; http://sobarlang-terapia.hu"
49.12.13.109 - - [02/May/2023:11:59:24 +0200] "HEAD / HTTP/1.1" 200 - "-" "Alert_Alligator_webmonitoring_service_1.6.3_(alertalligator.com)"
80.249.163.145 - - [02/May/2023:11:59:25 +0200] "POST /wp-cron.php?doing_wp_cron=1683021565.7788589000701904296875 HTTP/1.1" 200 20 "http://sobarlang-terapia.hu/wp-cron.php?doing_wp_cron=1683021565.7788589000701904296875" "WordPress/5.3.14; http://sobarlang-terapia.hu"
49.12.13.109 - - [02/May/2023:12:28:05 +0200] "HEAD / HTTP/1.1" 200 - "-" "Alert_Alligator_webmonitoring_service_1.6.4_(alertalligator.com)"
80.249.163.145 - - [02/May/2023:12:28:06 +0200] "POST /wp-cron.php?doing_wp_cron=1683023286.3563950061798095703125 HTTP/1.1" 200 20 "http://sobarlang-terapia.hu/wp-cron.php?doing_wp_cron=1683023286.3563950061798095703125" "WordPress/5.3.14; http://sobarlang-terapia.hu"
212.237.51.151 - - [02/May/2023:13:05:18 +0200] "HEAD / HTTP/1.1" 200 - "-" "Alert_Alligator_webmonitoring_service_1.6.4_(alertalligator.com)"
52.167.144.133 - - [02/May/2023:14:04:16 +0200] "GET /robots.txt HTTP/1.1" 200 114 "-" "Mozilla/5.0 AppleWebKit/537.36 (KHTML, like Gecko; compatible; bingbot/2.0; +http://www.bing.com/bingbot.htm) Chrome/103.0.5060.134 Safari/537.36"
80.249.163.145 - - [02/May/2023:14:04:17 +0200] "POST /wp-cron.php?doing_wp_cron=1683029056.9654359817504882812500 HTTP/1.1" 200 20 "http://sobarlang-terapia.hu/wp-cron.php?doing_wp_cron=1683029056.9654359817504882812500" "WordPress/5.3.14; http://sobarlang-terapia.hu"
40.77.167.117 - - [02/May/2023:14:04:19 +0200] "GET /sitemap-misc.xml.gz HTTP/1.1" 200 506 "-" "Mozilla/5.0 AppleWebKit/537.36 (KHTML, like Gecko; compatible; bingbot/2.0; +http://www.bing.com/bingbot.htm) Chrome/103.0.5060.134 Safari/537.36"
49.12.13.109 - - [02/May/2023:14:04:23 +0200] "HEAD / HTTP/1.1" 200 - "-" "Alert_Alligator_webmonitoring_service_1.6.3_(alertalligator.com)"
40.77.167.131 - - [02/May/2023:14:28:47 +0200] "GET /sitemap.xml.gz HTTP/1.1" 200 497 "-" "Mozilla/5.0 AppleWebKit/537.36 (KHTML, like Gecko; compatible; bingbot/2.0; +http://www.bing.com/bingbot.htm) Chrome/103.0.5060.134 Safari/537.36"
80.249.163.145 - - [02/May/2023:14:28:48 +0200] "POST /wp-cron.php?doing_wp_cron=1683030527.9997899532318115234375 HTTP/1.1" 200 20 "http://sobarlang-terapia.hu/wp-cron.php?doing_wp_cron=1683030527.9997899532318115234375" "WordPress/5.3.14; http://sobarlang-terapia.hu"
212.237.51.151 - - [02/May/2023:14:46:33 +0200] "HEAD / HTTP/1.1" 200 - "-" "Alert_Alligator_webmonitoring_service_1.6.4_(alertalligator.com)"
40.77.167.162 - - [02/May/2023:14:55:59 +0200] "GET /sitemap-pt-page-2019-12.xml.gz HTTP/1.1" 200 515 "-" "Mozilla/5.0 AppleWebKit/537.36 (KHTML, like Gecko; compatible; bingbot/2.0; +http://www.bing.com/bingbot.htm) Chrome/103.0.5060.134 Safari/537.36"
40.77.167.131 - - [02/May/2023:14:59:10 +0200] "GET /sitemap-pt-page-2012-01.xml.gz HTTP/1.1" 200 488 "-" "Mozilla/5.0 AppleWebKit/537.36 (KHTML, like Gecko; compatible; bingbot/2.0; +http://www.bing.com/bingbot.htm) Chrome/103.0.5060.134 Safari/537.36"
49.12.13.109 - - [02/May/2023:15:33:30 +0200] "HEAD / HTTP/1.1" 200 - "-" "Alert_Alligator_webmonitoring_service_1.6.4_(alertalligator.com)"
80.249.163.145 - - [02/May/2023:15:33:31 +0200] "POST /wp-cron.php?doing_wp_cron=1683034411.1224310398101806640625 HTTP/1.1" 200 20 "http://sobarlang-terapia.hu/wp-cron.php?doing_wp_cron=1683034411.1224310398101806640625" "WordPress/5.3.14; http://sobarlang-terapia.hu"
212.237.51.151 - - [02/May/2023:16:24:20 +0200] "HEAD / HTTP/1.1" 200 - "-" "Alert_Alligator_webmonitoring_service_1.6.4_(alertalligator.com)"
49.12.13.109 - - [02/May/2023:17:19:09 +0200] "HEAD / HTTP/1.1" 200 - "-" "Alert_Alligator_webmonitoring_service_1.6.3_(alertalligator.com)"
80.249.163.145 - - [02/May/2023:17:19:09 +0200] "POST /wp-cron.php?doing_wp_cron=1683040749.7993168830871582031250 HTTP/1.1" 200 20 "http://sobarlang-terapia.hu/wp-cron.php?doing_wp_cron=1683040749.7993168830871582031250" "WordPress/5.3.14; http://sobarlang-terapia.hu"
114.119.136.155 - - [02/May/2023:17:39:51 +0200] "GET /log/21/?C=D%3BO%3DA HTTP/1.1" 200 767 "http://sobarlang-terapia.hu/log/21/" "Mozilla/5.0 (Linux; Android 7.0;) AppleWebKit/537.36 (KHTML, like Gecko) Mobile Safari/537.36 (compatible; PetalBot;+https://webmaster.petalsearch.com/site/petalbot)"
209.151.152.207 - - [02/May/2023:17:44:23 +0200] "GET /wp-login.php HTTP/1.1" 200 1762 "" "Mozilla/5.0 (Windows NT 6.3; Win64; x64; rv:109.0) Gecko/20100101 Firefox/111.0"
80.249.163.145 - - [02/May/2023:17:44:24 +0200] "POST /wp-cron.php?doing_wp_cron=1683042264.7050940990447998046875 HTTP/1.1" 200 20 "http://sobarlang-terapia.hu/wp-cron.php?doing_wp_cron=1683042264.7050940990447998046875" "WordPress/5.3.14; http://sobarlang-terapia.hu"
209.151.152.207 - - [02/May/2023:17:44:26 +0200] "GET /wp-json/wp/v2/users HTTP/1.1" 200 593 "" "Mozilla/5.0 (Windows NT 6.3; Win64; x64; rv:109.0) Gecko/20100101 Firefox/111.0"
209.151.152.207 - - [02/May/2023:17:44:27 +0200] "POST /wp-login.php HTTP/1.1" 200 2151 "http://sobarlang-terapia.hu/wp-login.php?redirect_to=http%3A%2F%2Fsobarlang-terapia.hu%2Fwp-admin%2F" "Mozilla/5.0 (Windows NT 6.3; Win64; x64; rv:109.0) Gecko/20100101 Firefox/111.0"
209.151.152.207 - - [02/May/2023:17:44:28 +0200] "POST /wp-login.php HTTP/1.1" 200 2151 "http://sobarlang-terapia.hu/wp-login.php?redirect_to=http%3A%2F%2Fsobarlang-terapia.hu%2Fwp-admin%2F" "Mozilla/5.0 (Windows NT 6.3; Win64; x64; rv:109.0) Gecko/20100101 Firefox/111.0"
49.12.13.109 - - [02/May/2023:17:44:39 +0200] "HEAD / HTTP/1.1" 200 - "-" "Alert_Alligator_webmonitoring_service_1.6.4_(alertalligator.com)"
49.12.13.109 - - [02/May/2023:18:34:09 +0200] "HEAD / HTTP/1.1" 200 - "-" "Alert_Alligator_webmonitoring_service_1.6.3_(alertalligator.com)"
80.249.163.145 - - [02/May/2023:18:34:10 +0200] "POST /wp-cron.php?doing_wp_cron=1683045250.4888160228729248046875 HTTP/1.1" 200 20 "http://sobarlang-terapia.hu/wp-cron.php?doing_wp_cron=1683045250.4888160228729248046875" "WordPress/5.3.14; http://sobarlang-terapia.hu"
49.12.13.109 - - [02/May/2023:19:02:54 +0200] "HEAD / HTTP/1.1" 200 - "-" "Alert_Alligator_webmonitoring_service_1.6.4_(alertalligator.com)"
212.237.51.151 - - [02/May/2023:19:49:45 +0200] "HEAD / HTTP/1.1" 200 - "-" "Alert_Alligator_webmonitoring_service_1.6.4_(alertalligator.com)"
80.249.163.145 - - [02/May/2023:19:49:46 +0200] "POST /wp-cron.php?doing_wp_cron=1683049786.6591889858245849609375 HTTP/1.1" 200 20 "http://sobarlang-terapia.hu/wp-cron.php?doing_wp_cron=1683049786.6591889858245849609375" "WordPress/5.3.14; http://sobarlang-terapia.hu"
212.237.51.151 - - [02/May/2023:20:28:59 +0200] "HEAD / HTTP/1.1" 200 - "-" "Alert_Alligator_webmonitoring_service_1.6.4_(alertalligator.com)"
80.249.163.145 - - [02/May/2023:20:29:02 +0200] "POST /wp-cron.php?doing_wp_cron=1683052142.2426629066467285156250 HTTP/1.1" 200 20 "http://sobarlang-terapia.hu/wp-cron.php?doing_wp_cron=1683052142.2426629066467285156250" "WordPress/5.3.14; http://sobarlang-terapia.hu"
212.237.51.151 - - [02/May/2023:21:09:35 +0200] "HEAD / HTTP/1.1" 200 - "-" "Alert_Alligator_webmonitoring_service_1.6.4_(alertalligator.com)"
52.36.35.138 - - [02/May/2023:21:11:35 +0200] "GET / HTTP/1.1" 200 18012 "-" "Mozilla/5.0 (X11; Linux x86_64) AppleWebKit/537.36 (KHTML, like Gecko) Chrome/83.0.4103.97 Safari/537.36"
35.86.137.51 - - [02/May/2023:21:12:07 +0200] "GET /favicon.ico HTTP/1.1" 200 - "-" "Mozilla/5.0 (X11; Linux x86_64) AppleWebKit/537.36 (KHTML, like Gecko) Chrome/83.0.4103.97 Safari/537.36"
95.214.26.15 - - [02/May/2023:21:13:40 +0200] "GET /class.api.php HTTP/1.1" 200 18329 "-" "Mozilla/5.0 (Windows; U; Windows NT 6.1; en-US; rv:1.9.1.5) Gecko/20091102 Firefox/3.5.5 (.NET CLR 3.5.30729)"
58.213.105.64 - - [02/May/2023:21:22:40 +0200] "GET /back.tar HTTP/1.1" 404 17949 "-" "Mozilla/5.0 (X11; Ubuntu; Linux x86_64; rv:62.0) Gecko/20100101 Firefox/62.0"
49.12.13.109 - - [02/May/2023:22:08:43 +0200] "HEAD / HTTP/1.1" 200 - "-" "Alert_Alligator_webmonitoring_service_1.6.3_(alertalligator.com)"
80.249.163.145 - - [02/May/2023:22:08:49 +0200] "POST /wp-cron.php?doing_wp_cron=1683058129.0299839973449707031250 HTTP/1.1" 200 20 "http://sobarlang-terapia.hu/wp-cron.php?doing_wp_cron=1683058129.0299839973449707031250" "WordPress/5.3.14; http://sobarlang-terapia.hu"
49.12.13.109 - - [02/May/2023:23:02:46 +0200] "HEAD / HTTP/1.1" 200 - "-" "Alert_Alligator_webmonitoring_service_1.6.3_(alertalligator.com)"
80.249.163.145 - - [02/May/2023:23:02:49 +0200] "POST /wp-cron.php?doing_wp_cron=1683061369.3438920974731445312500 HTTP/1.1" 200 20 "http://sobarlang-terapia.hu/wp-cron.php?doing_wp_cron=1683061369.3438920974731445312500" "WordPress/5.3.14; http://sobarlang-terapia.hu"
212.237.51.151 - - [02/May/2023:23:42:27 +0200] "HEAD / HTTP/1.1" 200 - "-" "Alert_Alligator_webmonitoring_service_1.6.4_(alertalligator.com)"
80.249.163.145 - - [02/May/2023:23:42:28 +0200] "POST /wp-cron.php?doing_wp_cron=1683063748.6741681098937988281250 HTTP/1.1" 200 20 "http://sobarlang-terapia.hu/wp-cron.php?doing_wp_cron=1683063748.6741681098937988281250" "WordPress/5.3.14; http://sobarlang-terapia.hu"
212.237.51.151 - - [03/May/2023:00:23:55 +0200] "HEAD / HTTP/1.1" 200 - "-" "Alert_Alligator_webmonitoring_service_1.6.4_(alertalligator.com)"
80.249.163.145 - - [03/May/2023:00:23:57 +0200] "POST /wp-cron.php?doing_wp_cron=1683066237.1736860275268554687500 HTTP/1.1" 200 20 "http://sobarlang-terapia.hu/wp-cron.php?doing_wp_cron=1683066237.1736860275268554687500" "WordPress/5.3.14; http://sobarlang-terapia.hu"
212.237.51.151 - - [03/May/2023:01:17:40 +0200] "HEAD / HTTP/1.1" 200 - "-" "Alert_Alligator_webmonitoring_service_1.6.4_(alertalligator.com)"
80.249.163.145 - - [03/May/2023:01:17:41 +0200] "POST /wp-cron.php?doing_wp_cron=1683069461.5787229537963867187500 HTTP/1.1" 200 20 "http://sobarlang-terapia.hu/wp-cron.php?doing_wp_cron=1683069461.5787229537963867187500" "WordPress/5.3.14; http://sobarlang-terapia.hu"
49.12.13.109 - - [03/May/2023:02:16:48 +0200] "HEAD / HTTP/1.1" 200 - "-" "Alert_Alligator_webmonitoring_service_1.6.3_(alertalligator.com)"
80.249.163.145 - - [03/May/2023:02:16:49 +0200] "POST /wp-cron.php?doing_wp_cron=1683073009.4245460033416748046875 HTTP/1.1" 200 20 "http://sobarlang-terapia.hu/wp-cron.php?doing_wp_cron=1683073009.4245460033416748046875" "WordPress/5.3.14; http://sobarlang-terapia.hu"
49.12.13.109 - - [03/May/2023:03:16:00 +0200] "HEAD / HTTP/1.1" 200 - "-" "Alert_Alligator_webmonitoring_service_1.6.3_(alertalligator.com)"
80.249.163.145 - - [03/May/2023:03:16:01 +0200] "POST /wp-cron.php?doing_wp_cron=1683076561.0295970439910888671875 HTTP/1.1" 200 20 "http://sobarlang-terapia.hu/wp-cron.php?doing_wp_cron=1683076561.0295970439910888671875" "WordPress/5.3.14; http://sobarlang-terapia.hu"
185.225.74.152 - - [03/May/2023:03:32:17 +0200] "GET /wp-content/themes/classic/inc/index.php HTTP/1.1" 404 17966 "-" "Mozlila/5.0 (Linux; Android 7.0; SM-G892A Bulid/NRD90M; wv) AppleWebKit/537.36 (KHTML, like Gecko) Version/4.0 Chrome/60.0.3112.107 Moblie Safari/537.36"
185.225.74.152 - - [03/May/2023:03:32:20 +0200] "GET /wp-content/RxR_becbx.php HTTP/1.1" 404 17960 "-" "Mozlila/5.0 (Linux; Android 7.0; SM-G892A Bulid/NRD90M; wv) AppleWebKit/537.36 (KHTML, like Gecko) Version/4.0 Chrome/60.0.3112.107 Moblie Safari/537.36"
185.225.74.152 - - [03/May/2023:03:32:24 +0200] "GET /wp-content/themes/classic/inc/index.php HTTP/1.1" 404 17966 "-" "Mozlila/5.0 (Linux; Android 7.0; SM-G892A Bulid/NRD90M; wv) AppleWebKit/537.36 (KHTML, like Gecko) Version/4.0 Chrome/60.0.3112.107 Moblie Safari/537.36"
80.249.163.145 - - [03/May/2023:03:32:18 +0200] "POST /wp-cron.php?doing_wp_cron=1683077537.9969499111175537109375 HTTP/1.1" 200 20 "http://sobarlang-terapia.hu/wp-cron.php?doing_wp_cron=1683077537.9969499111175537109375" "WordPress/5.3.14; http://sobarlang-terapia.hu"
185.225.74.152 - - [03/May/2023:03:32:27 +0200] "GET /wp-content/RxR_foqhw.php HTTP/1.1" 404 17963 "-" "Mozlila/5.0 (Linux; Android 7.0; SM-G892A Bulid/NRD90M; wv) AppleWebKit/537.36 (KHTML, like Gecko) Version/4.0 Chrome/60.0.3112.107 Moblie Safari/537.36"
185.225.74.152 - - [03/May/2023:03:32:30 +0200] "GET /wp-content/plugins/core-stab/index.php HTTP/1.1" 404 17972 "-" "Mozlila/5.0 (Linux; Android 7.0; SM-G892A Bulid/NRD90M; wv) AppleWebKit/537.36 (KHTML, like Gecko) Version/4.0 Chrome/60.0.3112.107 Moblie Safari/537.36"
185.225.74.152 - - [03/May/2023:03:32:31 +0200] "GET /wp-content/RxR_tsxiv.php HTTP/1.1" 404 17959 "-" "Mozlila/5.0 (Linux; Android 7.0; SM-G892A Bulid/NRD90M; wv) AppleWebKit/537.36 (KHTML, like Gecko) Version/4.0 Chrome/60.0.3112.107 Moblie Safari/537.36"
185.225.74.152 - - [03/May/2023:03:32:34 +0200] "GET /wp-content/plugins/core-stab/index.php HTTP/1.1" 404 17972 "-" "Mozlila/5.0 (Linux; Android 7.0; SM-G892A Bulid/NRD90M; wv) AppleWebKit/537.36 (KHTML, like Gecko) Version/4.0 Chrome/60.0.3112.107 Moblie Safari/537.36"
185.225.74.152 - - [03/May/2023:03:32:37 +0200] "GET /wp-content/RxR_ibdtj.php HTTP/1.1" 404 17963 "-" "Mozlila/5.0 (Linux; Android 7.0; SM-G892A Bulid/NRD90M; wv) AppleWebKit/537.36 (KHTML, like Gecko) Version/4.0 Chrome/60.0.3112.107 Moblie Safari/537.36"
185.225.74.152 - - [03/May/2023:03:32:40 +0200] "GET /wp-content/plugins/core-stab/index.php HTTP/1.1" 404 17972 "-" "Mozlila/5.0 (Linux; Android 7.0; SM-G892A Bulid/NRD90M; wv) AppleWebKit/537.36 (KHTML, like Gecko) Version/4.0 Chrome/60.0.3112.107 Moblie Safari/537.36"
185.225.74.152 - - [03/May/2023:03:32:41 +0200] "GET /wp-content/RxR_lflvs.php HTTP/1.1" 404 17963 "-" "Mozlila/5.0 (Linux; Android 7.0; SM-G892A Bulid/NRD90M; wv) AppleWebKit/537.36 (KHTML, like Gecko) Version/4.0 Chrome/60.0.3112.107 Moblie Safari/537.36"
49.12.13.109 - - [03/May/2023:04:15:04 +0200] "HEAD / HTTP/1.1" 200 - "-" "Alert_Alligator_webmonitoring_service_1.6.3_(alertalligator.com)"
212.237.51.151 - - [03/May/2023:04:57:33 +0200] "HEAD / HTTP/1.1" 200 - "-" "Alert_Alligator_webmonitoring_service_1.6.4_(alertalligator.com)"
80.249.163.145 - - [03/May/2023:04:57:34 +0200] "POST /wp-cron.php?doing_wp_cron=1683082654.5817389488220214843750 HTTP/1.1" 200 20 "http://sobarlang-terapia.hu/wp-cron.php?doing_wp_cron=1683082654.5817389488220214843750" "WordPress/5.3.14; http://sobarlang-terapia.hu"
94.231.103.11 - - [03/May/2023:05:39:58 +0200] "GET /wp-login.php HTTP/1.1" 200 1762 "" "Mozilla/5.0 (Windows NT 6.3; Win64; x64; rv:109.0) Gecko/20100101 Firefox/111.0"
80.249.163.145 - - [03/May/2023:05:39:59 +0200] "POST /wp-cron.php?doing_wp_cron=1683085199.4726340770721435546875 HTTP/1.1" 200 20 "http://sobarlang-terapia.hu/wp-cron.php?doing_wp_cron=1683085199.4726340770721435546875" "WordPress/5.3.14; http://sobarlang-terapia.hu"
94.231.103.11 - - [03/May/2023:05:40:00 +0200] "GET /wp-json/wp/v2/users HTTP/1.1" 200 593 "" "Mozilla/5.0 (Windows NT 6.3; Win64; x64; rv:109.0) Gecko/20100101 Firefox/111.0"
94.231.103.11 - - [03/May/2023:05:40:02 +0200] "POST /wp-login.php HTTP/1.1" 200 2151 "http://sobarlang-terapia.hu/wp-login.php?redirect_to=http%3A%2F%2Fsobarlang-terapia.hu%2Fwp-admin%2F" "Mozilla/5.0 (Windows NT 6.3; Win64; x64; rv:109.0) Gecko/20100101 Firefox/111.0"
94.231.103.11 - - [03/May/2023:05:40:03 +0200] "POST /wp-login.php HTTP/1.1" 200 2151 "http://sobarlang-terapia.hu/wp-login.php?redirect_to=http%3A%2F%2Fsobarlang-terapia.hu%2Fwp-admin%2F" "Mozilla/5.0 (Windows NT 6.3; Win64; x64; rv:109.0) Gecko/20100101 Firefox/111.0"
212.237.51.151 - - [03/May/2023:05:50:34 +0200] "HEAD / HTTP/1.1" 200 - "-" "Alert_Alligator_webmonitoring_service_1.6.4_(alertalligator.com)"
212.237.51.151 - - [03/May/2023:06:31:01 +0200] "HEAD / HTTP/1.1" 200 - "-" "Alert_Alligator_webmonitoring_service_1.6.4_(alertalligator.com)"
80.249.163.145 - - [03/May/2023:06:31:01 +0200] "POST /wp-cron.php?doing_wp_cron=1683088261.8397600650787353515625 HTTP/1.1" 200 20 "http://sobarlang-terapia.hu/wp-cron.php?doing_wp_cron=1683088261.8397600650787353515625" "WordPress/5.3.14; http://sobarlang-terapia.hu"
212.237.51.151 - - [03/May/2023:07:11:47 +0200] "HEAD / HTTP/1.1" 200 - "-" "Alert_Alligator_webmonitoring_service_1.6.4_(alertalligator.com)"
114.119.133.142 - - [03/May/2023:07:16:22 +0200] "GET /log/2021/?C=M%3BO%3DA HTTP/1.1" 200 397 "http://sobarlang-terapia.hu/log/2021/?C=N%3BO%3DD" "Mozilla/5.0 (Linux; Android 7.0;) AppleWebKit/537.36 (KHTML, like Gecko) Mobile Safari/537.36 (compatible; PetalBot;+https://webmaster.petalsearch.com/site/petalbot)"
114.119.148.127 - - [03/May/2023:08:10:17 +0200] "GET /sitemap-misc.xml HTTP/1.1" 200 501 "-" "Mozilla/5.0 (Linux; Android 7.0;) AppleWebKit/537.36 (KHTML, like Gecko) Mobile Safari/537.36 (compatible; PetalBot;+https://webmaster.petalsearch.com/site/petalbot)"
80.249.163.145 - - [03/May/2023:08:10:21 +0200] "POST /wp-cron.php?doing_wp_cron=1683094221.6847429275512695312500 HTTP/1.1" 200 20 "http://sobarlang-terapia.hu/wp-cron.php?doing_wp_cron=1683094221.6847429275512695312500" "WordPress/5.3.14; http://sobarlang-terapia.hu"
49.12.13.109 - - [03/May/2023:08:10:56 +0200] "HEAD / HTTP/1.1" 200 - "-" "Alert_Alligator_webmonitoring_service_1.6.3_(alertalligator.com)"
114.119.142.73 - - [03/May/2023:08:14:08 +0200] "GET /icons/blank.gif HTTP/1.1" 200 148 "http://sobarlang-terapia.hu/log/?C=N%3BO%3DD" "Mozilla/5.0 (Linux; Android 7.0;) AppleWebKit/537.36 (KHTML, like Gecko) Mobile Safari/537.36 (compatible; PetalBot;+https://webmaster.petalsearch.com/site/petalbot)"
141.98.6.209 - - [03/May/2023:08:54:23 +0200] "GET /wp-content/plugins/ioptimization/IOptimize.php?rchk HTTP/1.1" 404 17972 "www.google.com" "Mozlila/5.0 (Linux; Android 7.0; SM-G892A Bulid/NRD90M; wv) AppleWebKit/537.36 (KHTML, like Gecko) Version/4.0 Chrome/60.0.3112.107 Moblie Safari/537.36"
80.249.163.145 - - [03/May/2023:08:54:24 +0200] "POST /wp-cron.php?doing_wp_cron=1683096864.5593380928039550781250 HTTP/1.1" 200 20 "http://sobarlang-terapia.hu/wp-cron.php?doing_wp_cron=1683096864.5593380928039550781250" "WordPress/5.3.14; http://sobarlang-terapia.hu"
49.12.13.109 - - [03/May/2023:09:04:46 +0200] "HEAD / HTTP/1.1" 200 - "-" "Alert_Alligator_webmonitoring_service_1.6.4_(alertalligator.com)"
196.19.244.163 - - [03/May/2023:10:00:20 +0200] "GET /index.php?option=fckeditor/editor/filemanager/connectors/uploadtest.html HTTP/1.1" 200 18012 "http://sobarlang-terapia.hu" "Mozilla/5.0 (Windows NT 10.0) AppleWebKit/537.36 (KHTML, like Gecko) Chrome/103.0.0.0 Safari/537.36"
196.19.244.163 - - [03/May/2023:10:00:24 +0200] "GET /index.php?option=com_mailto HTTP/1.1" 200 18012 "http://sobarlang-terapia.hu" "Mozilla/5.0 (Windows NT 10.0) AppleWebKit/537.36 (KHTML, like Gecko) Chrome/103.0.0.0 Safari/537.36"
196.19.244.163 - - [03/May/2023:10:00:27 +0200] "GET /index.php?option=com_phocagallery HTTP/1.1" 200 18012 "http://sobarlang-terapia.hu" "Mozilla/5.0 (Windows NT 10.0) AppleWebKit/537.36 (KHTML, like Gecko) Chrome/103.0.0.0 Safari/537.36"
80.249.163.145 - - [03/May/2023:10:00:21 +0200] "POST /wp-cron.php?doing_wp_cron=1683100821.6543970108032226562500 HTTP/1.1" 200 20 "http://sobarlang-terapia.hu/wp-cron.php?doing_wp_cron=1683100821.6543970108032226562500" "WordPress/5.3.14; http://sobarlang-terapia.hu"
196.19.244.163 - - [03/May/2023:10:00:30 +0200] "GET /index.php?option=com_oziogallery2 HTTP/1.1" 200 18012 "http://sobarlang-terapia.hu" "Mozilla/5.0 (Windows NT 10.0) AppleWebKit/537.36 (KHTML, like Gecko) Chrome/103.0.0.0 Safari/537.36"
196.19.244.163 - - [03/May/2023:10:00:33 +0200] "GET /index.php?option=phpmyadmin HTTP/1.1" 200 18012 "http://sobarlang-terapia.hu" "Mozilla/5.0 (Windows NT 10.0) AppleWebKit/537.36 (KHTML, like Gecko) Chrome/103.0.0.0 Safari/537.36"
196.19.244.163 - - [03/May/2023:10:00:36 +0200] "GET /index.php?option=phpmyadmin2 HTTP/1.1" 200 18012 "http://sobarlang-terapia.hu" "Mozilla/5.0 (Windows NT 10.0) AppleWebKit/537.36 (KHTML, like Gecko) Chrome/103.0.0.0 Safari/537.36"
196.19.244.163 - - [03/May/2023:10:00:39 +0200] "GET /index.php?option=com_search HTTP/1.1" 200 18012 "http://sobarlang-terapia.hu" "Mozilla/5.0 (Windows NT 10.0) AppleWebKit/537.36 (KHTML, like Gecko) Chrome/103.0.0.0 Safari/537.36"
196.19.244.163 - - [03/May/2023:10:00:41 +0200] "GET /index.php?option=com_virtuemart HTTP/1.1" 200 18012 "http://sobarlang-terapia.hu" "Mozilla/5.0 (Windows NT 10.0) AppleWebKit/537.36 (KHTML, like Gecko) Chrome/103.0.0.0 Safari/537.36"
49.12.13.109 - - [03/May/2023:10:03:57 +0200] "HEAD / HTTP/1.1" 200 - "-" "Alert_Alligator_webmonitoring_service_1.6.3_(alertalligator.com)"
212.237.51.151 - - [03/May/2023:10:54:45 +0200] "HEAD / HTTP/1.1" 200 - "-" "Alert_Alligator_webmonitoring_service_1.6.4_(alertalligator.com)"
80.249.163.145 - - [03/May/2023:10:54:46 +0200] "POST /wp-cron.php?doing_wp_cron=1683104086.0834810733795166015625 HTTP/1.1" 200 20 "http://sobarlang-terapia.hu/wp-cron.php?doing_wp_cron=1683104086.0834810733795166015625" "WordPress/5.3.14; http://sobarlang-terapia.hu"
40.77.167.117 - - [03/May/2023:10:57:06 +0200] "GET /sitemap-misc.xml.gz HTTP/1.1" 200 506 "-" "Mozilla/5.0 AppleWebKit/537.36 (KHTML, like Gecko; compatible; bingbot/2.0; +http://www.bing.com/bingbot.htm) Chrome/103.0.5060.134 Safari/537.36"
141.94.169.54 - - [03/May/2023:11:00:34 +0200] "GET / HTTP/1.1" 200 52940 "-" "Mozilla/5.0 (Windows NT 10.0; Win64; x64) AppleWebKit/537.36 (KHTML, like Gecko) Chrome/89.0.4389.114 Safari/537.36"
141.94.169.54 - - [03/May/2023:11:00:37 +0200] "GET /?author=1 HTTP/1.1" 200 53018 "-" "Mozilla/5.0 (Windows NT 10.0; Win64; x64) AppleWebKit/537.36 (KHTML, like Gecko) Chrome/89.0.4389.114 Safari/537.36"
141.94.169.54 - - [03/May/2023:11:00:42 +0200] "GET /?author=2 HTTP/1.1" 404 52287 "-" "Mozilla/5.0 (Windows NT 10.0; Win64; x64) AppleWebKit/537.36 (KHTML, like Gecko) Chrome/89.0.4389.114 Safari/537.36"
141.94.169.54 - - [03/May/2023:11:00:46 +0200] "GET /?author=3 HTTP/1.1" 404 52287 "-" "Mozilla/5.0 (Windows NT 10.0; Win64; x64) AppleWebKit/537.36 (KHTML, like Gecko) Chrome/89.0.4389.114 Safari/537.36"
141.94.169.54 - - [03/May/2023:11:00:54 +0200] "GET /wp-json/wp/v2/users/ HTTP/1.1" 200 593 "-" "Mozilla/5.0 (Windows NT 10.0; Win64; x64) AppleWebKit/537.36 (KHTML, like Gecko) Chrome/89.0.4389.114 Safari/537.36"
40.77.167.131 - - [03/May/2023:11:20:54 +0200] "GET /sitemap.xml.gz HTTP/1.1" 200 497 "-" "Mozilla/5.0 AppleWebKit/537.36 (KHTML, like Gecko; compatible; bingbot/2.0; +http://www.bing.com/bingbot.htm) Chrome/103.0.5060.134 Safari/537.36"
40.77.167.162 - - [03/May/2023:11:46:37 +0200] "GET /sitemap-pt-page-2019-12.xml.gz HTTP/1.1" 200 515 "-" "Mozilla/5.0 AppleWebKit/537.36 (KHTML, like Gecko; compatible; bingbot/2.0; +http://www.bing.com/bingbot.htm) Chrome/103.0.5060.134 Safari/537.36"
80.249.163.145 - - [03/May/2023:11:46:38 +0200] "POST /wp-cron.php?doing_wp_cron=1683107198.8680119514465332031250 HTTP/1.1" 200 20 "http://sobarlang-terapia.hu/wp-cron.php?doing_wp_cron=1683107198.8680119514465332031250" "WordPress/5.3.14; http://sobarlang-terapia.hu"
40.77.167.131 - - [03/May/2023:11:49:37 +0200] "GET /sitemap-pt-page-2012-01.xml.gz HTTP/1.1" 200 487 "-" "Mozilla/5.0 AppleWebKit/537.36 (KHTML, like Gecko; compatible; bingbot/2.0; +http://www.bing.com/bingbot.htm) Chrome/103.0.5060.134 Safari/537.36"
49.12.13.109 - - [03/May/2023:11:51:31 +0200] "HEAD / HTTP/1.1" 200 - "-" "Alert_Alligator_webmonitoring_service_1.6.3_(alertalligator.com)"
20.83.188.5 - - [03/May/2023:12:42:29 +0200] "GET /wp-content/plugins/woocommerce-payments/changelog.txt HTTP/1.1" 404 17980 "www.google.com" "Mozilla/6.4 (Windows NT 11.1) Gecko/2010102 Firefox/99.0"
80.249.163.145 - - [03/May/2023:12:42:30 +0200] "POST /wp-cron.php?doing_wp_cron=1683110550.2762529850006103515625 HTTP/1.1" 200 20 "http://sobarlang-terapia.hu/wp-cron.php?doing_wp_cron=1683110550.2762529850006103515625" "WordPress/5.3.14; http://sobarlang-terapia.hu"
49.12.13.109 - - [03/May/2023:12:50:33 +0200] "HEAD / HTTP/1.1" 200 - "-" "Alert_Alligator_webmonitoring_service_1.6.3_(alertalligator.com)"
212.237.51.151 - - [03/May/2023:13:37:45 +0200] "HEAD / HTTP/1.1" 200 - "-" "Alert_Alligator_webmonitoring_service_1.6.4_(alertalligator.com)"
80.249.163.145 - - [03/May/2023:13:37:46 +0200] "POST /wp-cron.php?doing_wp_cron=1683113866.5683870315551757812500 HTTP/1.1" 200 20 "http://sobarlang-terapia.hu/wp-cron.php?doing_wp_cron=1683113866.5683870315551757812500" "WordPress/5.3.14; http://sobarlang-terapia.hu"
159.89.168.58 - - [03/May/2023:14:13:34 +0200] "GET /wp-login.php HTTP/1.1" 200 1762 "" "Mozilla/5.0 (Windows NT 6.3; Win64; x64; rv:109.0) Gecko/20100101 Firefox/111.0"
159.89.168.58 - - [03/May/2023:14:13:36 +0200] "GET /wp-json/wp/v2/users HTTP/1.1" 200 593 "" "Mozilla/5.0 (Windows NT 6.3; Win64; x64; rv:109.0) Gecko/20100101 Firefox/111.0"
159.89.168.58 - - [03/May/2023:14:13:38 +0200] "POST /wp-login.php HTTP/1.1" 200 2151 "http://sobarlang-terapia.hu/wp-login.php?redirect_to=http%3A%2F%2Fsobarlang-terapia.hu%2Fwp-admin%2F" "Mozilla/5.0 (Windows NT 6.3; Win64; x64; rv:109.0) Gecko/20100101 Firefox/111.0"
159.89.168.58 - - [03/May/2023:14:13:39 +0200] "POST /wp-login.php HTTP/1.1" 200 2151 "http://sobarlang-terapia.hu/wp-login.php?redirect_to=http%3A%2F%2Fsobarlang-terapia.hu%2Fwp-admin%2F" "Mozilla/5.0 (Windows NT 6.3; Win64; x64; rv:109.0) Gecko/20100101 Firefox/111.0"
49.12.13.109 - - [03/May/2023:14:45:50 +0200] "HEAD / HTTP/1.1" 200 - "-" "Alert_Alligator_webmonitoring_service_1.6.3_(alertalligator.com)"
80.249.163.145 - - [03/May/2023:14:45:51 +0200] "POST /wp-cron.php?doing_wp_cron=1683117950.9397220611572265625000 HTTP/1.1" 200 20 "http://sobarlang-terapia.hu/wp-cron.php?doing_wp_cron=1683117950.9397220611572265625000" "WordPress/5.3.14; http://sobarlang-terapia.hu"
45.252.251.43 - - [03/May/2023:15:13:19 +0200] "GET /wp-login.php HTTP/1.1" 200 1762 "" "Mozilla/5.0 (Windows NT 6.3; Win64; x64; rv:109.0) Gecko/20100101 Firefox/111.0"
45.252.251.43 - - [03/May/2023:15:13:21 +0200] "GET /wp-json/wp/v2/users HTTP/1.1" 200 593 "" "Mozilla/5.0 (Windows NT 6.3; Win64; x64; rv:109.0) Gecko/20100101 Firefox/111.0"
45.252.251.43 - - [03/May/2023:15:13:23 +0200] "POST /wp-login.php HTTP/1.1" 200 2151 "http://sobarlang-terapia.hu/wp-login.php?redirect_to=http%3A%2F%2Fsobarlang-terapia.hu%2Fwp-admin%2F" "Mozilla/5.0 (Windows NT 6.3; Win64; x64; rv:109.0) Gecko/20100101 Firefox/111.0"
45.252.251.43 - - [03/May/2023:15:13:25 +0200] "POST /wp-login.php HTTP/1.1" 200 2151 "http://sobarlang-terapia.hu/wp-login.php?redirect_to=http%3A%2F%2Fsobarlang-terapia.hu%2Fwp-admin%2F" "Mozilla/5.0 (Windows NT 6.3; Win64; x64; rv:109.0) Gecko/20100101 Firefox/111.0"
49.12.13.109 - - [03/May/2023:15:46:59 +0200] "HEAD / HTTP/1.1" 200 - "-" "Alert_Alligator_webmonitoring_service_1.6.3_(alertalligator.com)"
80.249.163.145 - - [03/May/2023:15:47:00 +0200] "POST /wp-cron.php?doing_wp_cron=1683121620.4759240150451660156250 HTTP/1.1" 200 20 "http://sobarlang-terapia.hu/wp-cron.php?doing_wp_cron=1683121620.4759240150451660156250" "WordPress/5.3.14; http://sobarlang-terapia.hu"
209.151.152.207 - - [03/May/2023:15:59:50 +0200] "GET /wp-login.php HTTP/1.1" 200 1762 "" "Mozilla/5.0 (Windows NT 6.3; Win64; x64; rv:109.0) Gecko/20100101 Firefox/111.0"
209.151.152.207 - - [03/May/2023:15:59:51 +0200] "GET /wp-json/wp/v2/users HTTP/1.1" 200 593 "" "Mozilla/5.0 (Windows NT 6.3; Win64; x64; rv:109.0) Gecko/20100101 Firefox/111.0"
209.151.152.207 - - [03/May/2023:15:59:52 +0200] "POST /wp-login.php HTTP/1.1" 200 2151 "http://sobarlang-terapia.hu/wp-login.php?redirect_to=http%3A%2F%2Fsobarlang-terapia.hu%2Fwp-admin%2F" "Mozilla/5.0 (Windows NT 6.3; Win64; x64; rv:109.0) Gecko/20100101 Firefox/111.0"
209.151.152.207 - - [03/May/2023:15:59:54 +0200] "POST /wp-login.php HTTP/1.1" 200 2151 "http://sobarlang-terapia.hu/wp-login.php?redirect_to=http%3A%2F%2Fsobarlang-terapia.hu%2Fwp-admin%2F" "Mozilla/5.0 (Windows NT 6.3; Win64; x64; rv:109.0) Gecko/20100101 Firefox/111.0"
212.237.51.151 - - [03/May/2023:16:37:10 +0200] "HEAD / HTTP/1.1" 200 - "-" "Alert_Alligator_webmonitoring_service_1.6.4_(alertalligator.com)"
80.249.163.145 - - [03/May/2023:16:37:11 +0200] "POST /wp-cron.php?doing_wp_cron=1683124631.5818889141082763671875 HTTP/1.1" 200 20 "http://sobarlang-terapia.hu/wp-cron.php?doing_wp_cron=1683124631.5818889141082763671875" "WordPress/5.3.14; http://sobarlang-terapia.hu"
212.237.51.151 - - [03/May/2023:17:20:08 +0200] "HEAD / HTTP/1.1" 200 - "-" "Alert_Alligator_webmonitoring_service_1.6.4_(alertalligator.com)"
185.225.74.152 - - [03/May/2023:17:29:55 +0200] "GET /wp-content/themes/pridmag/db.php?u HTTP/1.1" 404 17966 "www.google.com" "Mozlila/5.0 (Linux; Android 7.0; SM-G892A Bulid/NRD90M; wv) AppleWebKit/537.36 (KHTML, like Gecko) Version/4.0 Chrome/60.0.3112.107 Moblie Safari/537.36"
80.249.163.145 - - [03/May/2023:17:29:56 +0200] "POST /wp-cron.php?doing_wp_cron=1683127796.4754331111907958984375 HTTP/1.1" 200 20 "http://sobarlang-terapia.hu/wp-cron.php?doing_wp_cron=1683127796.4754331111907958984375" "WordPress/5.3.14; http://sobarlang-terapia.hu"
78.135.107.183 - - [03/May/2023:17:53:30 +0200] "GET /wp-login.php HTTP/1.1" 200 1762 "" "Mozilla/5.0 (Windows NT 6.3; Win64; x64; rv:109.0) Gecko/20100101 Firefox/111.0"
78.135.107.183 - - [03/May/2023:17:53:31 +0200] "POST /wp-login.php HTTP/1.1" 200 2151 "http://sobarlang-terapia.hu/wp-login.php?redirect_to=http%3A%2F%2Fsobarlang-terapia.hu%2Fwp-admin%2F" "Mozilla/5.0 (Windows NT 6.3; Win64; x64; rv:109.0) Gecko/20100101 Firefox/111.0"
141.98.6.209 - - [03/May/2023:17:58:54 +0200] "POST /wp-admin/admin-post.php HTTP/1.1" 200 20 "www.google.com" "Mozlila/5.0 (Linux; Android 7.0; SM-G892A Bulid/NRD90M; wv) AppleWebKit/537.36 (KHTML, like Gecko) Version/4.0 Chrome/60.0.3112.107 Moblie Safari/537.36"
141.98.6.209 - - [03/May/2023:17:59:08 +0200] "GET /wp-content/plugins/instabuilder2/cache/up.php?x=ooo HTTP/1.1" 404 17983 "www.google.com" "Mozlila/5.0 (Linux; Android 7.0; SM-G892A Bulid/NRD90M; wv) AppleWebKit/537.36 (KHTML, like Gecko) Version/4.0 Chrome/60.0.3112.107 Moblie Safari/537.36"
212.237.51.151 - - [03/May/2023:18:10:18 +0200] "HEAD / HTTP/1.1" 200 - "-" "Alert_Alligator_webmonitoring_service_1.6.4_(alertalligator.com)"
40.77.167.162 - - [03/May/2023:18:11:24 +0200] "GET /sitemap-pt-page-2019-12.xml.gz HTTP/1.1" 200 514 "-" "Mozilla/5.0 AppleWebKit/537.36 (KHTML, like Gecko; compatible; bingbot/2.0; +http://www.bing.com/bingbot.htm) Chrome/103.0.5060.134 Safari/537.36"
170.106.196.227 - - [03/May/2023:18:13:39 +0200] "GET /wp-admin/css/ HTTP/1.1" 200 1481 "binance.com" "Mozilla/5.0 (Windows NT 10.0; Win64; x64) AppleWebKit/537.36 (KHTML, like Gecko) Chrome/90.0.4430.85 Safari/537.36"
170.106.196.227 - - [03/May/2023:18:13:45 +0200] "GET /wp-content/uploads/2023/05/ HTTP/1.1" 200 360 "binance.com" "Mozilla/5.0 (Windows NT 10.0; Win64; x64) AppleWebKit/537.36 (KHTML, like Gecko) Chrome/90.0.4430.85 Safari/537.36"
170.106.196.227 - - [03/May/2023:18:13:48 +0200] "GET /wp-content/uploads/2023/04/ HTTP/1.1" 200 361 "binance.com" "Mozilla/5.0 (Windows NT 10.0; Win64; x64) AppleWebKit/537.36 (KHTML, like Gecko) Chrome/90.0.4430.85 Safari/537.36"
170.106.196.227 - - [03/May/2023:18:13:50 +0200] "GET /wp-content/uploads/ HTTP/1.1" 200 457 "binance.com" "Mozilla/5.0 (Windows NT 10.0; Win64; x64) AppleWebKit/537.36 (KHTML, like Gecko) Chrome/90.0.4430.85 Safari/537.36"
170.106.196.227 - - [03/May/2023:18:13:52 +0200] "GET /wp-content/upgrade/ HTTP/1.1" 200 350 "binance.com" "Mozilla/5.0 (Windows NT 10.0; Win64; x64) AppleWebKit/537.36 (KHTML, like Gecko) Chrome/90.0.4430.85 Safari/537.36"
170.106.196.227 - - [03/May/2023:18:13:54 +0200] "GET /wp-content/languages/ HTTP/1.1" 200 1110 "binance.com" "Mozilla/5.0 (Windows NT 10.0; Win64; x64) AppleWebKit/537.36 (KHTML, like Gecko) Chrome/90.0.4430.85 Safari/537.36"
170.106.196.227 - - [03/May/2023:18:14:01 +0200] "GET /wp-admin/includes/ HTTP/1.1" 200 1961 "binance.com" "Mozilla/5.0 (Windows NT 10.0; Win64; x64) AppleWebKit/537.36 (KHTML, like Gecko) Chrome/90.0.4430.85 Safari/537.36"
170.106.196.227 - - [03/May/2023:18:14:05 +0200] "GET /wp-admin/includes/ HTTP/1.1" 200 1961 "binance.com" "Mozilla/5.0 (Windows NT 10.0; Win64; x64) AppleWebKit/537.36 (KHTML, like Gecko) Chrome/90.0.4430.85 Safari/537.36"
170.106.196.227 - - [03/May/2023:18:14:09 +0200] "GET /wp-admin/maint/ HTTP/1.1" 200 404 "binance.com" "Mozilla/5.0 (Windows NT 10.0; Win64; x64) AppleWebKit/537.36 (KHTML, like Gecko) Chrome/90.0.4430.85 Safari/537.36"
170.106.196.227 - - [03/May/2023:18:14:09 +0200] "GET /wp-admin/maint/ HTTP/1.1" 200 404 "binance.com" "Mozilla/5.0 (Windows NT 10.0; Win64; x64) AppleWebKit/537.36 (KHTML, like Gecko) Chrome/90.0.4430.85 Safari/537.36"
170.106.196.227 - - [03/May/2023:18:14:10 +0200] "GET /wp-admin/network/ HTTP/1.1" 302 20 "binance.com" "Mozilla/5.0 (Windows NT 10.0; Win64; x64) AppleWebKit/537.36 (KHTML, like Gecko) Chrome/90.0.4430.85 Safari/537.36"
170.106.196.227 - - [03/May/2023:18:14:12 +0200] "GET /wp-login.php?redirect_to=http%3A%2F%2Fsobarlang-terapia.hu%2Fwp-admin%2Fnetwork%2F&reauth=1 HTTP/1.1" 200 1762 "binance.com" "Mozilla/5.0 (Windows NT 10.0; Win64; x64) AppleWebKit/537.36 (KHTML, like Gecko) Chrome/90.0.4430.85 Safari/537.36"
170.106.196.227 - - [03/May/2023:18:14:15 +0200] "GET /wp-admin/user/ HTTP/1.1" 302 20 "binance.com" "Mozilla/5.0 (Windows NT 10.0; Win64; x64) AppleWebKit/537.36 (KHTML, like Gecko) Chrome/90.0.4430.85 Safari/537.36"
170.106.196.227 - - [03/May/2023:18:14:16 +0200] "GET /wp-login.php?redirect_to=http%3A%2F%2Fsobarlang-terapia.hu%2Fwp-admin%2Fuser%2F&reauth=1 HTTP/1.1" 200 1762 "binance.com" "Mozilla/5.0 (Windows NT 10.0; Win64; x64) AppleWebKit/537.36 (KHTML, like Gecko) Chrome/90.0.4430.85 Safari/537.36"
170.106.196.227 - - [03/May/2023:18:14:18 +0200] "GET /wp-admin/css/ HTTP/1.1" 200 1481 "binance.com" "Mozilla/5.0 (Windows NT 10.0; Win64; x64) AppleWebKit/537.36 (KHTML, like Gecko) Chrome/90.0.4430.85 Safari/537.36"
170.106.196.227 - - [03/May/2023:18:14:19 +0200] "GET /wp-admin/css/colors/ HTTP/1.1" 200 548 "binance.com" "Mozilla/5.0 (Windows NT 10.0; Win64; x64) AppleWebKit/537.36 (KHTML, like Gecko) Chrome/90.0.4430.85 Safari/537.36"
170.106.196.227 - - [03/May/2023:18:14:23 +0200] "GET /wp-admin/css/colors/blue/ HTTP/1.1" 200 480 "binance.com" "Mozilla/5.0 (Windows NT 10.0; Win64; x64) AppleWebKit/537.36 (KHTML, like Gecko) Chrome/90.0.4430.85 Safari/537.36"
170.106.196.227 - - [03/May/2023:18:14:24 +0200] "GET /wp-admin/css/colors/coffee/ HTTP/1.1" 200 481 "binance.com" "Mozilla/5.0 (Windows NT 10.0; Win64; x64) AppleWebKit/537.36 (KHTML, like Gecko) Chrome/90.0.4430.85 Safari/537.36"
170.106.196.227 - - [03/May/2023:18:14:24 +0200] "GET /wp-admin/css/colors/ectoplasm/ HTTP/1.1" 200 484 "binance.com" "Mozilla/5.0 (Windows NT 10.0; Win64; x64) AppleWebKit/537.36 (KHTML, like Gecko) Chrome/90.0.4430.85 Safari/537.36"
170.106.196.227 - - [03/May/2023:18:14:25 +0200] "GET /wp-admin/css/colors/light/ HTTP/1.1" 200 480 "binance.com" "Mozilla/5.0 (Windows NT 10.0; Win64; x64) AppleWebKit/537.36 (KHTML, like Gecko) Chrome/90.0.4430.85 Safari/537.36"
170.106.196.227 - - [03/May/2023:18:14:27 +0200] "GET /wp-admin/css/colors/midnight/ HTTP/1.1" 200 483 "binance.com" "Mozilla/5.0 (Windows NT 10.0; Win64; x64) AppleWebKit/537.36 (KHTML, like Gecko) Chrome/90.0.4430.85 Safari/537.36"
170.106.196.227 - - [03/May/2023:18:14:28 +0200] "GET /wp-admin/css/colors/modern/ HTTP/1.1" 404 17961 "binance.com" "Mozilla/5.0 (Windows NT 10.0; Win64; x64) AppleWebKit/537.36 (KHTML, like Gecko) Chrome/90.0.4430.85 Safari/537.36"
170.106.196.227 - - [03/May/2023:18:14:33 +0200] "GET /wp-admin/css/colors/ocean/ HTTP/1.1" 200 482 "binance.com" "Mozilla/5.0 (Windows NT 10.0; Win64; x64) AppleWebKit/537.36 (KHTML, like Gecko) Chrome/90.0.4430.85 Safari/537.36"
170.106.196.227 - - [03/May/2023:18:14:34 +0200] "GET /wp-admin/css/colors/sunrise/%20 HTTP/1.1" 404 17970 "binance.com" "Mozilla/5.0 (Windows NT 10.0; Win64; x64) AppleWebKit/537.36 (KHTML, like Gecko) Chrome/90.0.4430.85 Safari/537.36"
170.106.196.227 - - [03/May/2023:18:14:36 +0200] "GET /wp-admin/images/ HTTP/1.1" 200 1245 "binance.com" "Mozilla/5.0 (Windows NT 10.0; Win64; x64) AppleWebKit/537.36 (KHTML, like Gecko) Chrome/90.0.4430.85 Safari/537.36"
170.106.196.227 - - [03/May/2023:18:14:37 +0200] "GET /wp-admin/js/ HTTP/1.1" 200 1677 "binance.com" "Mozilla/5.0 (Windows NT 10.0; Win64; x64) AppleWebKit/537.36 (KHTML, like Gecko) Chrome/90.0.4430.85 Safari/537.36"
170.106.196.227 - - [03/May/2023:18:14:38 +0200] "GET /wp-admin/js/widgets/ HTTP/1.1" 200 621 "binance.com" "Mozilla/5.0 (Windows NT 10.0; Win64; x64) AppleWebKit/537.36 (KHTML, like Gecko) Chrome/90.0.4430.85 Safari/537.36"
170.106.196.227 - - [03/May/2023:18:14:40 +0200] "GET /wp-includes/ HTTP/1.1" 200 3365 "binance.com" "Mozilla/5.0 (Windows NT 10.0; Win64; x64) AppleWebKit/537.36 (KHTML, like Gecko) Chrome/90.0.4430.85 Safari/537.36"
170.106.196.227 - - [03/May/2023:18:14:42 +0200] "GET /wp-includes/ HTTP/1.1" 200 3365 "binance.com" "Mozilla/5.0 (Windows NT 10.0; Win64; x64) AppleWebKit/537.36 (KHTML, like Gecko) Chrome/90.0.4430.85 Safari/537.36"
170.106.196.227 - - [03/May/2023:18:14:43 +0200] "GET /wp-includes/ID3/ HTTP/1.1" 200 728 "binance.com" "Mozilla/5.0 (Windows NT 10.0; Win64; x64) AppleWebKit/537.36 (KHTML, like Gecko) Chrome/90.0.4430.85 Safari/537.36"
170.106.196.227 - - [03/May/2023:18:14:44 +0200] "GET /wp-includes/ID3/ HTTP/1.1" 200 728 "binance.com" "Mozilla/5.0 (Windows NT 10.0; Win64; x64) AppleWebKit/537.36 (KHTML, like Gecko) Chrome/90.0.4430.85 Safari/537.36"
170.106.196.227 - - [03/May/2023:18:14:45 +0200] "GET /wp-includes/IXR/ HTTP/1.1" 200 570 "binance.com" "Mozilla/5.0 (Windows NT 10.0; Win64; x64) AppleWebKit/537.36 (KHTML, like Gecko) Chrome/90.0.4430.85 Safari/537.36"
170.106.196.227 - - [03/May/2023:18:14:46 +0200] "GET /wp-includes/IXR/ HTTP/1.1" 200 570 "binance.com" "Mozilla/5.0 (Windows NT 10.0; Win64; x64) AppleWebKit/537.36 (KHTML, like Gecko) Chrome/90.0.4430.85 Safari/537.36"
170.106.196.227 - - [03/May/2023:18:14:47 +0200] "GET /wp-includes/PHPMailer/ HTTP/1.1" 404 17961 "binance.com" "Mozilla/5.0 (Windows NT 10.0; Win64; x64) AppleWebKit/537.36 (KHTML, like Gecko) Chrome/90.0.4430.85 Safari/537.36"
170.106.196.227 - - [03/May/2023:18:14:49 +0200] "GET /wp-includes/Text/ HTTP/1.1" 200 432 "binance.com" "Mozilla/5.0 (Windows NT 10.0; Win64; x64) AppleWebKit/537.36 (KHTML, like Gecko) Chrome/90.0.4430.85 Safari/537.36"
170.106.196.227 - - [03/May/2023:18:14:50 +0200] "GET /wp-includes/Text/ HTTP/1.1" 200 432 "binance.com" "Mozilla/5.0 (Windows NT 10.0; Win64; x64) AppleWebKit/537.36 (KHTML, like Gecko) Chrome/90.0.4430.85 Safari/537.36"
170.106.196.227 - - [03/May/2023:18:14:51 +0200] "GET /wp-includes/Text/Diff/ HTTP/1.1" 200 452 "binance.com" "Mozilla/5.0 (Windows NT 10.0; Win64; x64) AppleWebKit/537.36 (KHTML, like Gecko) Chrome/90.0.4430.85 Safari/537.36"
170.106.196.227 - - [03/May/2023:18:14:53 +0200] "GET /wp-includes/Text/Diff/ HTTP/1.1" 200 452 "binance.com" "Mozilla/5.0 (Windows NT 10.0; Win64; x64) AppleWebKit/537.36 (KHTML, like Gecko) Chrome/90.0.4430.85 Safari/537.36"
170.106.196.227 - - [03/May/2023:18:14:54 +0200] "GET /wp-includes/Text/Diff/Engine/ HTTP/1.1" 200 465 "binance.com" "Mozilla/5.0 (Windows NT 10.0; Win64; x64) AppleWebKit/537.36 (KHTML, like Gecko) Chrome/90.0.4430.85 Safari/537.36"
170.106.196.227 - - [03/May/2023:18:14:55 +0200] "GET /wp-includes/Text/Diff/Engine/ HTTP/1.1" 200 465 "binance.com" "Mozilla/5.0 (Windows NT 10.0; Win64; x64) AppleWebKit/537.36 (KHTML, like Gecko) Chrome/90.0.4430.85 Safari/537.36"
170.106.196.227 - - [03/May/2023:18:14:56 +0200] "GET /wp-includes/Text/Diff/Renderer/ HTTP/1.1" 200 420 "binance.com" "Mozilla/5.0 (Windows NT 10.0; Win64; x64) AppleWebKit/537.36 (KHTML, like Gecko) Chrome/90.0.4430.85 Safari/537.36"
170.106.196.227 - - [03/May/2023:18:14:57 +0200] "GET /wp-includes/Text/Diff/Renderer/ HTTP/1.1" 200 420 "binance.com" "Mozilla/5.0 (Windows NT 10.0; Win64; x64) AppleWebKit/537.36 (KHTML, like Gecko) Chrome/90.0.4430.85 Safari/537.36"
170.106.196.227 - - [03/May/2023:18:15:01 +0200] "GET /wp-includes/blocks/ HTTP/1.1" 200 596 "binance.com" "Mozilla/5.0 (Windows NT 10.0; Win64; x64) AppleWebKit/537.36 (KHTML, like Gecko) Chrome/90.0.4430.85 Safari/537.36"
170.106.196.227 - - [03/May/2023:18:15:02 +0200] "GET /wp-includes/blocks/ HTTP/1.1" 200 596 "binance.com" "Mozilla/5.0 (Windows NT 10.0; Win64; x64) AppleWebKit/537.36 (KHTML, like Gecko) Chrome/90.0.4430.85 Safari/537.36"
170.106.196.227 - - [03/May/2023:18:15:03 +0200] "GET /wp-includes/pomo/ HTTP/1.1" 200 487 "binance.com" "Mozilla/5.0 (Windows NT 10.0; Win64; x64) AppleWebKit/537.36 (KHTML, like Gecko) Chrome/90.0.4430.85 Safari/537.36"
170.106.196.227 - - [03/May/2023:18:15:05 +0200] "GET /wp-includes/pomo/ HTTP/1.1" 200 487 "binance.com" "Mozilla/5.0 (Windows NT 10.0; Win64; x64) AppleWebKit/537.36 (KHTML, like Gecko) Chrome/90.0.4430.85 Safari/537.36"
170.106.196.227 - - [03/May/2023:18:15:06 +0200] "GET /wp-includes/sitemaps/ HTTP/1.1" 404 17958 "binance.com" "Mozilla/5.0 (Windows NT 10.0; Win64; x64) AppleWebKit/537.36 (KHTML, like Gecko) Chrome/90.0.4430.85 Safari/537.36"
170.106.196.227 - - [03/May/2023:18:15:13 +0200] "GET /wp-includes/sitemaps/providers/ HTTP/1.1" 404 17967 "binance.com" "Mozilla/5.0 (Windows NT 10.0; Win64; x64) AppleWebKit/537.36 (KHTML, like Gecko) Chrome/90.0.4430.85 Safari/537.36"
170.106.196.227 - - [03/May/2023:18:15:15 +0200] "GET /wp-includes/widgets/ HTTP/1.1" 200 687 "binance.com" "Mozilla/5.0 (Windows NT 10.0; Win64; x64) AppleWebKit/537.36 (KHTML, like Gecko) Chrome/90.0.4430.85 Safari/537.36"
170.106.196.227 - - [03/May/2023:18:15:17 +0200] "GET /wp-includes/widgets/ HTTP/1.1" 200 687 "binance.com" "Mozilla/5.0 (Windows NT 10.0; Win64; x64) AppleWebKit/537.36 (KHTML, like Gecko) Chrome/90.0.4430.85 Safari/537.36"
170.106.196.227 - - [03/May/2023:18:15:19 +0200] "GET /wp-includes/css/ HTTP/1.1" 200 875 "binance.com" "Mozilla/5.0 (Windows NT 10.0; Win64; x64) AppleWebKit/537.36 (KHTML, like Gecko) Chrome/90.0.4430.85 Safari/537.36"
170.106.196.227 - - [03/May/2023:18:15:20 +0200] "GET /wp-includes/css/dist/ HTTP/1.1" 200 492 "binance.com" "Mozilla/5.0 (Windows NT 10.0; Win64; x64) AppleWebKit/537.36 (KHTML, like Gecko) Chrome/90.0.4430.85 Safari/537.36"
170.106.196.227 - - [03/May/2023:18:15:21 +0200] "GET /wp-includes/fonts/ HTTP/1.1" 200 479 "binance.com" "Mozilla/5.0 (Windows NT 10.0; Win64; x64) AppleWebKit/537.36 (KHTML, like Gecko) Chrome/90.0.4430.85 Safari/537.36"
170.106.196.227 - - [03/May/2023:18:15:21 +0200] "GET /wp-includes/images/ HTTP/1.1" 200 800 "binance.com" "Mozilla/5.0 (Windows NT 10.0; Win64; x64) AppleWebKit/537.36 (KHTML, like Gecko) Chrome/90.0.4430.85 Safari/537.36"
170.106.196.227 - - [03/May/2023:18:15:22 +0200] "GET /wp-includes/images/crystal/ HTTP/1.1" 200 570 "binance.com" "Mozilla/5.0 (Windows NT 10.0; Win64; x64) AppleWebKit/537.36 (KHTML, like Gecko) Chrome/90.0.4430.85 Safari/537.36"
170.106.196.227 - - [03/May/2023:18:15:23 +0200] "GET /wp-includes/images/media/ HTTP/1.1" 200 539 "binance.com" "Mozilla/5.0 (Windows NT 10.0; Win64; x64) AppleWebKit/537.36 (KHTML, like Gecko) Chrome/90.0.4430.85 Safari/537.36"
170.106.196.227 - - [03/May/2023:18:15:24 +0200] "GET /wp-includes/images/smilies/ HTTP/1.1" 200 749 "binance.com" "Mozilla/5.0 (Windows NT 10.0; Win64; x64) AppleWebKit/537.36 (KHTML, like Gecko) Chrome/90.0.4430.85 Safari/537.36"
