20.168.66.0 - - [13/May/2023:00:07:19 +0200] "GET /wp-content/uploads/2023/04/ HTTP/1.1" 200 361 "binance.com" "Mozilla/5.0 (Windows NT 10.0; Win64; x64) AppleWebKit/537.36 (KHTML, like Gecko) Chrome/90.0.4430.85 Safari/537.36"
20.168.66.0 - - [13/May/2023:00:07:23 +0200] "GET /wp-content/uploads/ HTTP/1.1" 200 457 "binance.com" "Mozilla/5.0 (Windows NT 10.0; Win64; x64) AppleWebKit/537.36 (KHTML, like Gecko) Chrome/90.0.4430.85 Safari/537.36"
20.168.66.0 - - [13/May/2023:00:07:26 +0200] "GET /wp-content/upgrade/ HTTP/1.1" 200 350 "binance.com" "Mozilla/5.0 (Windows NT 10.0; Win64; x64) AppleWebKit/537.36 (KHTML, like Gecko) Chrome/90.0.4430.85 Safari/537.36"
20.168.66.0 - - [13/May/2023:00:07:28 +0200] "GET /wp-content/languages/ HTTP/1.1" 200 1110 "binance.com" "Mozilla/5.0 (Windows NT 10.0; Win64; x64) AppleWebKit/537.36 (KHTML, like Gecko) Chrome/90.0.4430.85 Safari/537.36"
20.168.66.0 - - [13/May/2023:00:07:31 +0200] "GET /wp-admin/includes/ HTTP/1.1" 200 1961 "binance.com" "Mozilla/5.0 (Windows NT 10.0; Win64; x64) AppleWebKit/537.36 (KHTML, like Gecko) Chrome/90.0.4430.85 Safari/537.36"
20.168.66.0 - - [13/May/2023:00:07:33 +0200] "GET /wp-admin/includes/ HTTP/1.1" 200 1961 "binance.com" "Mozilla/5.0 (Windows NT 10.0; Win64; x64) AppleWebKit/537.36 (KHTML, like Gecko) Chrome/90.0.4430.85 Safari/537.36"
20.168.66.0 - - [13/May/2023:00:07:36 +0200] "GET /wp-admin/maint/ HTTP/1.1" 200 404 "binance.com" "Mozilla/5.0 (Windows NT 10.0; Win64; x64) AppleWebKit/537.36 (KHTML, like Gecko) Chrome/90.0.4430.85 Safari/537.36"
20.168.66.0 - - [13/May/2023:00:07:39 +0200] "GET /wp-admin/maint/ HTTP/1.1" 200 404 "binance.com" "Mozilla/5.0 (Windows NT 10.0; Win64; x64) AppleWebKit/537.36 (KHTML, like Gecko) Chrome/90.0.4430.85 Safari/537.36"
20.168.66.0 - - [13/May/2023:00:07:41 +0200] "GET /wp-admin/network/ HTTP/1.1" 302 20 "binance.com" "Mozilla/5.0 (Windows NT 10.0; Win64; x64) AppleWebKit/537.36 (KHTML, like Gecko) Chrome/90.0.4430.85 Safari/537.36"
20.168.66.0 - - [13/May/2023:00:07:42 +0200] "GET /wp-login.php?redirect_to=http%3A%2F%2Fsobarlang-terapia.hu%2Fwp-admin%2Fnetwork%2F&reauth=1 HTTP/1.1" 200 1762 "binance.com" "Mozilla/5.0 (Windows NT 10.0; Win64; x64) AppleWebKit/537.36 (KHTML, like Gecko) Chrome/90.0.4430.85 Safari/537.36"
20.168.66.0 - - [13/May/2023:00:07:46 +0200] "GET /wp-admin/user/ HTTP/1.1" 302 20 "binance.com" "Mozilla/5.0 (Windows NT 10.0; Win64; x64) AppleWebKit/537.36 (KHTML, like Gecko) Chrome/90.0.4430.85 Safari/537.36"
20.168.66.0 - - [13/May/2023:00:07:47 +0200] "GET /wp-login.php?redirect_to=http%3A%2F%2Fsobarlang-terapia.hu%2Fwp-admin%2Fuser%2F&reauth=1 HTTP/1.1" 200 1762 "binance.com" "Mozilla/5.0 (Windows NT 10.0; Win64; x64) AppleWebKit/537.36 (KHTML, like Gecko) Chrome/90.0.4430.85 Safari/537.36"
20.168.66.0 - - [13/May/2023:00:07:51 +0200] "GET /wp-admin/css/ HTTP/1.1" 200 1481 "binance.com" "Mozilla/5.0 (Windows NT 10.0; Win64; x64) AppleWebKit/537.36 (KHTML, like Gecko) Chrome/90.0.4430.85 Safari/537.36"
20.168.66.0 - - [13/May/2023:00:07:55 +0200] "GET /wp-admin/css/colors/ HTTP/1.1" 200 548 "binance.com" "Mozilla/5.0 (Windows NT 10.0; Win64; x64) AppleWebKit/537.36 (KHTML, like Gecko) Chrome/90.0.4430.85 Safari/537.36"
20.168.66.0 - - [13/May/2023:00:07:56 +0200] "GET /wp-admin/css/colors/blue/ HTTP/1.1" 200 480 "binance.com" "Mozilla/5.0 (Windows NT 10.0; Win64; x64) AppleWebKit/537.36 (KHTML, like Gecko) Chrome/90.0.4430.85 Safari/537.36"
20.168.66.0 - - [13/May/2023:00:07:58 +0200] "GET /wp-admin/css/colors/coffee/ HTTP/1.1" 200 481 "binance.com" "Mozilla/5.0 (Windows NT 10.0; Win64; x64) AppleWebKit/537.36 (KHTML, like Gecko) Chrome/90.0.4430.85 Safari/537.36"
20.168.66.0 - - [13/May/2023:00:08:00 +0200] "GET /wp-admin/css/colors/ectoplasm/ HTTP/1.1" 200 484 "binance.com" "Mozilla/5.0 (Windows NT 10.0; Win64; x64) AppleWebKit/537.36 (KHTML, like Gecko) Chrome/90.0.4430.85 Safari/537.36"
20.168.66.0 - - [13/May/2023:00:08:02 +0200] "GET /wp-admin/css/colors/light/ HTTP/1.1" 200 480 "binance.com" "Mozilla/5.0 (Windows NT 10.0; Win64; x64) AppleWebKit/537.36 (KHTML, like Gecko) Chrome/90.0.4430.85 Safari/537.36"
20.168.66.0 - - [13/May/2023:00:08:04 +0200] "GET /wp-admin/css/colors/midnight/ HTTP/1.1" 200 483 "binance.com" "Mozilla/5.0 (Windows NT 10.0; Win64; x64) AppleWebKit/537.36 (KHTML, like Gecko) Chrome/90.0.4430.85 Safari/537.36"
20.168.66.0 - - [13/May/2023:00:08:06 +0200] "GET /wp-admin/css/colors/modern/ HTTP/1.1" 404 17961 "binance.com" "Mozilla/5.0 (Windows NT 10.0; Win64; x64) AppleWebKit/537.36 (KHTML, like Gecko) Chrome/90.0.4430.85 Safari/537.36"
20.168.66.0 - - [13/May/2023:00:08:09 +0200] "GET /wp-admin/css/colors/ocean/ HTTP/1.1" 200 482 "binance.com" "Mozilla/5.0 (Windows NT 10.0; Win64; x64) AppleWebKit/537.36 (KHTML, like Gecko) Chrome/90.0.4430.85 Safari/537.36"
20.168.66.0 - - [13/May/2023:00:08:11 +0200] "GET /wp-admin/css/colors/sunrise/%20 HTTP/1.1" 404 17970 "binance.com" "Mozilla/5.0 (Windows NT 10.0; Win64; x64) AppleWebKit/537.36 (KHTML, like Gecko) Chrome/90.0.4430.85 Safari/537.36"
20.168.66.0 - - [13/May/2023:00:08:14 +0200] "GET /wp-admin/images/ HTTP/1.1" 200 1245 "binance.com" "Mozilla/5.0 (Windows NT 10.0; Win64; x64) AppleWebKit/537.36 (KHTML, like Gecko) Chrome/90.0.4430.85 Safari/537.36"
20.168.66.0 - - [13/May/2023:00:08:17 +0200] "GET /wp-admin/js/ HTTP/1.1" 200 1677 "binance.com" "Mozilla/5.0 (Windows NT 10.0; Win64; x64) AppleWebKit/537.36 (KHTML, like Gecko) Chrome/90.0.4430.85 Safari/537.36"
20.168.66.0 - - [13/May/2023:00:08:20 +0200] "GET /wp-admin/js/widgets/ HTTP/1.1" 200 621 "binance.com" "Mozilla/5.0 (Windows NT 10.0; Win64; x64) AppleWebKit/537.36 (KHTML, like Gecko) Chrome/90.0.4430.85 Safari/537.36"
20.168.66.0 - - [13/May/2023:00:08:23 +0200] "GET /wp-includes/ HTTP/1.1" 200 3365 "binance.com" "Mozilla/5.0 (Windows NT 10.0; Win64; x64) AppleWebKit/537.36 (KHTML, like Gecko) Chrome/90.0.4430.85 Safari/537.36"
20.168.66.0 - - [13/May/2023:00:08:26 +0200] "GET /wp-includes/ HTTP/1.1" 200 3365 "binance.com" "Mozilla/5.0 (Windows NT 10.0; Win64; x64) AppleWebKit/537.36 (KHTML, like Gecko) Chrome/90.0.4430.85 Safari/537.36"
20.168.66.0 - - [13/May/2023:00:08:31 +0200] "GET /wp-includes/ID3/ HTTP/1.1" 200 728 "binance.com" "Mozilla/5.0 (Windows NT 10.0; Win64; x64) AppleWebKit/537.36 (KHTML, like Gecko) Chrome/90.0.4430.85 Safari/537.36"
20.168.66.0 - - [13/May/2023:00:08:34 +0200] "GET /wp-includes/ID3/ HTTP/1.1" 200 728 "binance.com" "Mozilla/5.0 (Windows NT 10.0; Win64; x64) AppleWebKit/537.36 (KHTML, like Gecko) Chrome/90.0.4430.85 Safari/537.36"
20.168.66.0 - - [13/May/2023:00:08:37 +0200] "GET /wp-includes/IXR/ HTTP/1.1" 200 570 "binance.com" "Mozilla/5.0 (Windows NT 10.0; Win64; x64) AppleWebKit/537.36 (KHTML, like Gecko) Chrome/90.0.4430.85 Safari/537.36"
20.168.66.0 - - [13/May/2023:00:08:40 +0200] "GET /wp-includes/IXR/ HTTP/1.1" 200 570 "binance.com" "Mozilla/5.0 (Windows NT 10.0; Win64; x64) AppleWebKit/537.36 (KHTML, like Gecko) Chrome/90.0.4430.85 Safari/537.36"
20.168.66.0 - - [13/May/2023:00:08:44 +0200] "GET /wp-includes/PHPMailer/ HTTP/1.1" 404 17961 "binance.com" "Mozilla/5.0 (Windows NT 10.0; Win64; x64) AppleWebKit/537.36 (KHTML, like Gecko) Chrome/90.0.4430.85 Safari/537.36"
20.168.66.0 - - [13/May/2023:00:08:48 +0200] "GET /wp-includes/Text/ HTTP/1.1" 200 432 "binance.com" "Mozilla/5.0 (Windows NT 10.0; Win64; x64) AppleWebKit/537.36 (KHTML, like Gecko) Chrome/90.0.4430.85 Safari/537.36"
20.168.66.0 - - [13/May/2023:00:08:52 +0200] "GET /wp-includes/Text/ HTTP/1.1" 200 432 "binance.com" "Mozilla/5.0 (Windows NT 10.0; Win64; x64) AppleWebKit/537.36 (KHTML, like Gecko) Chrome/90.0.4430.85 Safari/537.36"
20.168.66.0 - - [13/May/2023:00:08:58 +0200] "GET /wp-includes/Text/Diff/ HTTP/1.1" 200 452 "binance.com" "Mozilla/5.0 (Windows NT 10.0; Win64; x64) AppleWebKit/537.36 (KHTML, like Gecko) Chrome/90.0.4430.85 Safari/537.36"
20.168.66.0 - - [13/May/2023:00:09:01 +0200] "GET /wp-includes/Text/Diff/ HTTP/1.1" 200 452 "binance.com" "Mozilla/5.0 (Windows NT 10.0; Win64; x64) AppleWebKit/537.36 (KHTML, like Gecko) Chrome/90.0.4430.85 Safari/537.36"
20.168.66.0 - - [13/May/2023:00:09:04 +0200] "GET /wp-includes/Text/Diff/Engine/ HTTP/1.1" 200 465 "binance.com" "Mozilla/5.0 (Windows NT 10.0; Win64; x64) AppleWebKit/537.36 (KHTML, like Gecko) Chrome/90.0.4430.85 Safari/537.36"
20.168.66.0 - - [13/May/2023:00:09:07 +0200] "GET /wp-includes/Text/Diff/Engine/ HTTP/1.1" 200 465 "binance.com" "Mozilla/5.0 (Windows NT 10.0; Win64; x64) AppleWebKit/537.36 (KHTML, like Gecko) Chrome/90.0.4430.85 Safari/537.36"
20.168.66.0 - - [13/May/2023:00:09:11 +0200] "GET /wp-includes/Text/Diff/Renderer/ HTTP/1.1" 200 420 "binance.com" "Mozilla/5.0 (Windows NT 10.0; Win64; x64) AppleWebKit/537.36 (KHTML, like Gecko) Chrome/90.0.4430.85 Safari/537.36"
20.168.66.0 - - [13/May/2023:00:09:15 +0200] "GET /wp-includes/Text/Diff/Renderer/ HTTP/1.1" 200 420 "binance.com" "Mozilla/5.0 (Windows NT 10.0; Win64; x64) AppleWebKit/537.36 (KHTML, like Gecko) Chrome/90.0.4430.85 Safari/537.36"
20.168.66.0 - - [13/May/2023:00:09:18 +0200] "GET /wp-includes/blocks/ HTTP/1.1" 200 596 "binance.com" "Mozilla/5.0 (Windows NT 10.0; Win64; x64) AppleWebKit/537.36 (KHTML, like Gecko) Chrome/90.0.4430.85 Safari/537.36"
20.168.66.0 - - [13/May/2023:00:09:20 +0200] "GET /wp-includes/blocks/ HTTP/1.1" 200 596 "binance.com" "Mozilla/5.0 (Windows NT 10.0; Win64; x64) AppleWebKit/537.36 (KHTML, like Gecko) Chrome/90.0.4430.85 Safari/537.36"
20.168.66.0 - - [13/May/2023:00:09:23 +0200] "GET /wp-includes/pomo/ HTTP/1.1" 200 487 "binance.com" "Mozilla/5.0 (Windows NT 10.0; Win64; x64) AppleWebKit/537.36 (KHTML, like Gecko) Chrome/90.0.4430.85 Safari/537.36"
20.168.66.0 - - [13/May/2023:00:09:25 +0200] "GET /wp-includes/pomo/ HTTP/1.1" 200 487 "binance.com" "Mozilla/5.0 (Windows NT 10.0; Win64; x64) AppleWebKit/537.36 (KHTML, like Gecko) Chrome/90.0.4430.85 Safari/537.36"
20.168.66.0 - - [13/May/2023:00:09:28 +0200] "GET /wp-includes/sitemaps/ HTTP/1.1" 404 17958 "binance.com" "Mozilla/5.0 (Windows NT 10.0; Win64; x64) AppleWebKit/537.36 (KHTML, like Gecko) Chrome/90.0.4430.85 Safari/537.36"
20.168.66.0 - - [13/May/2023:00:09:32 +0200] "GET /wp-includes/sitemaps/providers/ HTTP/1.1" 404 17967 "binance.com" "Mozilla/5.0 (Windows NT 10.0; Win64; x64) AppleWebKit/537.36 (KHTML, like Gecko) Chrome/90.0.4430.85 Safari/537.36"
20.168.66.0 - - [13/May/2023:00:09:35 +0200] "GET /wp-includes/widgets/ HTTP/1.1" 200 687 "binance.com" "Mozilla/5.0 (Windows NT 10.0; Win64; x64) AppleWebKit/537.36 (KHTML, like Gecko) Chrome/90.0.4430.85 Safari/537.36"
20.168.66.0 - - [13/May/2023:00:09:37 +0200] "GET /wp-includes/widgets/ HTTP/1.1" 200 687 "binance.com" "Mozilla/5.0 (Windows NT 10.0; Win64; x64) AppleWebKit/537.36 (KHTML, like Gecko) Chrome/90.0.4430.85 Safari/537.36"
20.168.66.0 - - [13/May/2023:00:09:40 +0200] "GET /wp-includes/css/ HTTP/1.1" 200 875 "binance.com" "Mozilla/5.0 (Windows NT 10.0; Win64; x64) AppleWebKit/537.36 (KHTML, like Gecko) Chrome/90.0.4430.85 Safari/537.36"
20.168.66.0 - - [13/May/2023:00:09:44 +0200] "GET /wp-includes/css/dist/ HTTP/1.1" 200 492 "binance.com" "Mozilla/5.0 (Windows NT 10.0; Win64; x64) AppleWebKit/537.36 (KHTML, like Gecko) Chrome/90.0.4430.85 Safari/537.36"
20.168.66.0 - - [13/May/2023:00:09:48 +0200] "GET /wp-includes/fonts/ HTTP/1.1" 200 479 "binance.com" "Mozilla/5.0 (Windows NT 10.0; Win64; x64) AppleWebKit/537.36 (KHTML, like Gecko) Chrome/90.0.4430.85 Safari/537.36"
20.168.66.0 - - [13/May/2023:00:09:51 +0200] "GET /wp-includes/images/ HTTP/1.1" 200 800 "binance.com" "Mozilla/5.0 (Windows NT 10.0; Win64; x64) AppleWebKit/537.36 (KHTML, like Gecko) Chrome/90.0.4430.85 Safari/537.36"
20.168.66.0 - - [13/May/2023:00:09:55 +0200] "GET /wp-includes/images/crystal/ HTTP/1.1" 200 570 "binance.com" "Mozilla/5.0 (Windows NT 10.0; Win64; x64) AppleWebKit/537.36 (KHTML, like Gecko) Chrome/90.0.4430.85 Safari/537.36"
20.168.66.0 - - [13/May/2023:00:09:58 +0200] "GET /wp-includes/images/media/ HTTP/1.1" 200 539 "binance.com" "Mozilla/5.0 (Windows NT 10.0; Win64; x64) AppleWebKit/537.36 (KHTML, like Gecko) Chrome/90.0.4430.85 Safari/537.36"
20.168.66.0 - - [13/May/2023:00:10:00 +0200] "GET /wp-includes/images/smilies/ HTTP/1.1" 200 749 "binance.com" "Mozilla/5.0 (Windows NT 10.0; Win64; x64) AppleWebKit/537.36 (KHTML, like Gecko) Chrome/90.0.4430.85 Safari/537.36"
20.168.66.0 - - [13/May/2023:00:10:02 +0200] "GET /wp-includes/images/wlw/ HTTP/1.1" 200 451 "binance.com" "Mozilla/5.0 (Windows NT 10.0; Win64; x64) AppleWebKit/537.36 (KHTML, like Gecko) Chrome/90.0.4430.85 Safari/537.36"
20.168.66.0 - - [13/May/2023:00:10:04 +0200] "GET /wp-includes/js/%20 HTTP/1.1" 404 17960 "binance.com" "Mozilla/5.0 (Windows NT 10.0; Win64; x64) AppleWebKit/537.36 (KHTML, like Gecko) Chrome/90.0.4430.85 Safari/537.36"
20.168.66.0 - - [13/May/2023:00:10:07 +0200] "GET /wp-includes/js/codemirror/ HTTP/1.1" 200 531 "binance.com" "Mozilla/5.0 (Windows NT 10.0; Win64; x64) AppleWebKit/537.36 (KHTML, like Gecko) Chrome/90.0.4430.85 Safari/537.36"
20.168.66.0 - - [13/May/2023:00:10:09 +0200] "GET /wp-includes/js/plupload/ HTTP/1.1" 200 549 "binance.com" "Mozilla/5.0 (Windows NT 10.0; Win64; x64) AppleWebKit/537.36 (KHTML, like Gecko) Chrome/90.0.4430.85 Safari/537.36"
20.168.66.0 - - [13/May/2023:00:10:11 +0200] "GET /.well-known/ HTTP/1.1" 404 17951 "binance.com" "Mozilla/5.0 (Windows NT 10.0; Win64; x64) AppleWebKit/537.36 (KHTML, like Gecko) Chrome/90.0.4430.85 Safari/537.36"
212.237.51.151 - - [13/May/2023:01:12:06 +0200] "HEAD / HTTP/1.1" 200 - "-" "Alert_Alligator_webmonitoring_service_1.6.4_(alertalligator.com)"
80.249.163.145 - - [13/May/2023:01:12:07 +0200] "POST /wp-cron.php?doing_wp_cron=1683933127.0765728950500488281250 HTTP/1.1" 200 20 "http://sobarlang-terapia.hu/wp-cron.php?doing_wp_cron=1683933127.0765728950500488281250" "WordPress/5.3.14; http://sobarlang-terapia.hu"
88.99.238.79 - - [13/May/2023:01:16:13 +0200] "GET /ads.txt HTTP/1.0" 404 52285 "-" "Mozilla/5.0 (Windows NT 10.0; Win64; x64; rv:86.0) Gecko/20100101 Firefox/86.0"
170.106.119.29 - - [13/May/2023:01:50:45 +0200] "POST //wp-admin/css/colors/blue/blue.php?wall=ZWNobyBhRHJpdjQ7ZXZhbCgkX1BPU1RbJ3Z6J10pOw== HTTP/1.1" 404 18023 "www.google.com" "Mozlila/5.0 (Linux; Android 7.0; SM-G892A Bulid/NRD90M; wv) AppleWebKit/537.36 (KHTML, like Gecko) Version/4.0 Chrome/60.0.3112.107 Moblie Safari/537.36"
80.249.163.145 - - [13/May/2023:01:50:46 +0200] "POST /wp-cron.php?doing_wp_cron=1683935446.5060980319976806640625 HTTP/1.1" 200 20 "http://sobarlang-terapia.hu/wp-cron.php?doing_wp_cron=1683935446.5060980319976806640625" "WordPress/5.3.14; http://sobarlang-terapia.hu"
49.12.13.109 - - [13/May/2023:02:22:23 +0200] "HEAD / HTTP/1.1" 200 - "-" "Alert_Alligator_webmonitoring_service_1.6.3_(alertalligator.com)"
49.12.13.109 - - [13/May/2023:03:36:05 +0200] "HEAD / HTTP/1.1" 200 - "-" "Alert_Alligator_webmonitoring_service_1.6.3_(alertalligator.com)"
80.249.163.145 - - [13/May/2023:03:36:06 +0200] "POST /wp-cron.php?doing_wp_cron=1683941766.6169300079345703125000 HTTP/1.1" 200 20 "http://sobarlang-terapia.hu/wp-cron.php?doing_wp_cron=1683941766.6169300079345703125000" "WordPress/5.3.14; http://sobarlang-terapia.hu"
49.12.13.109 - - [13/May/2023:04:48:52 +0200] "HEAD / HTTP/1.1" 200 - "-" "Alert_Alligator_webmonitoring_service_1.6.3_(alertalligator.com)"
80.249.163.145 - - [13/May/2023:04:48:53 +0200] "POST /wp-cron.php?doing_wp_cron=1683946133.4454689025878906250000 HTTP/1.1" 200 20 "http://sobarlang-terapia.hu/wp-cron.php?doing_wp_cron=1683946133.4454689025878906250000" "WordPress/5.3.14; http://sobarlang-terapia.hu"
4.240.80.221 - - [13/May/2023:05:37:15 +0200] "GET /wp-admin/css/ HTTP/1.1" 200 1481 "binance.com" "Mozilla/5.0 (Windows NT 10.0; Win64; x64) AppleWebKit/537.36 (KHTML, like Gecko) Chrome/90.0.4430.85 Safari/537.36"
4.240.80.221 - - [13/May/2023:05:37:18 +0200] "GET /wp-content/uploads/2023/05/ HTTP/1.1" 200 360 "binance.com" "Mozilla/5.0 (Windows NT 10.0; Win64; x64) AppleWebKit/537.36 (KHTML, like Gecko) Chrome/90.0.4430.85 Safari/537.36"
4.240.80.221 - - [13/May/2023:05:37:22 +0200] "GET /wp-content/uploads/2023/04/ HTTP/1.1" 200 361 "binance.com" "Mozilla/5.0 (Windows NT 10.0; Win64; x64) AppleWebKit/537.36 (KHTML, like Gecko) Chrome/90.0.4430.85 Safari/537.36"
4.240.80.221 - - [13/May/2023:05:37:31 +0200] "GET /wp-content/uploads/ HTTP/1.1" 200 457 "binance.com" "Mozilla/5.0 (Windows NT 10.0; Win64; x64) AppleWebKit/537.36 (KHTML, like Gecko) Chrome/90.0.4430.85 Safari/537.36"
4.240.80.221 - - [13/May/2023:05:37:36 +0200] "GET /wp-content/upgrade/ HTTP/1.1" 200 350 "binance.com" "Mozilla/5.0 (Windows NT 10.0; Win64; x64) AppleWebKit/537.36 (KHTML, like Gecko) Chrome/90.0.4430.85 Safari/537.36"
4.240.80.221 - - [13/May/2023:05:37:42 +0200] "GET /wp-content/languages/ HTTP/1.1" 200 1110 "binance.com" "Mozilla/5.0 (Windows NT 10.0; Win64; x64) AppleWebKit/537.36 (KHTML, like Gecko) Chrome/90.0.4430.85 Safari/537.36"
4.240.80.221 - - [13/May/2023:05:37:47 +0200] "GET /wp-admin/includes/ HTTP/1.1" 200 1961 "binance.com" "Mozilla/5.0 (Windows NT 10.0; Win64; x64) AppleWebKit/537.36 (KHTML, like Gecko) Chrome/90.0.4430.85 Safari/537.36"
4.240.80.221 - - [13/May/2023:05:37:51 +0200] "GET /wp-admin/includes/ HTTP/1.1" 200 1961 "binance.com" "Mozilla/5.0 (Windows NT 10.0; Win64; x64) AppleWebKit/537.36 (KHTML, like Gecko) Chrome/90.0.4430.85 Safari/537.36"
4.240.80.221 - - [13/May/2023:05:37:55 +0200] "GET /wp-admin/maint/ HTTP/1.1" 200 404 "binance.com" "Mozilla/5.0 (Windows NT 10.0; Win64; x64) AppleWebKit/537.36 (KHTML, like Gecko) Chrome/90.0.4430.85 Safari/537.36"
4.240.80.221 - - [13/May/2023:05:38:10 +0200] "GET /wp-admin/maint/ HTTP/1.1" 200 404 "binance.com" "Mozilla/5.0 (Windows NT 10.0; Win64; x64) AppleWebKit/537.36 (KHTML, like Gecko) Chrome/90.0.4430.85 Safari/537.36"
4.240.80.221 - - [13/May/2023:05:38:14 +0200] "GET /wp-admin/network/ HTTP/1.1" 302 20 "binance.com" "Mozilla/5.0 (Windows NT 10.0; Win64; x64) AppleWebKit/537.36 (KHTML, like Gecko) Chrome/90.0.4430.85 Safari/537.36"
80.249.163.145 - - [13/May/2023:05:38:15 +0200] "POST /wp-cron.php?doing_wp_cron=1683949095.5891540050506591796875 HTTP/1.1" 200 20 "http://sobarlang-terapia.hu/wp-cron.php?doing_wp_cron=1683949095.5891540050506591796875" "WordPress/5.3.14; http://sobarlang-terapia.hu"
4.240.80.221 - - [13/May/2023:05:38:16 +0200] "GET /wp-login.php?redirect_to=http%3A%2F%2Fsobarlang-terapia.hu%2Fwp-admin%2Fnetwork%2F&reauth=1 HTTP/1.1" 200 1762 "binance.com" "Mozilla/5.0 (Windows NT 10.0; Win64; x64) AppleWebKit/537.36 (KHTML, like Gecko) Chrome/90.0.4430.85 Safari/537.36"
4.240.80.221 - - [13/May/2023:05:38:19 +0200] "GET /wp-admin/user/ HTTP/1.1" 302 20 "binance.com" "Mozilla/5.0 (Windows NT 10.0; Win64; x64) AppleWebKit/537.36 (KHTML, like Gecko) Chrome/90.0.4430.85 Safari/537.36"
4.240.80.221 - - [13/May/2023:05:38:20 +0200] "GET /wp-login.php?redirect_to=http%3A%2F%2Fsobarlang-terapia.hu%2Fwp-admin%2Fuser%2F&reauth=1 HTTP/1.1" 200 1762 "binance.com" "Mozilla/5.0 (Windows NT 10.0; Win64; x64) AppleWebKit/537.36 (KHTML, like Gecko) Chrome/90.0.4430.85 Safari/537.36"
4.240.80.221 - - [13/May/2023:05:38:23 +0200] "GET /wp-admin/css/ HTTP/1.1" 200 1481 "binance.com" "Mozilla/5.0 (Windows NT 10.0; Win64; x64) AppleWebKit/537.36 (KHTML, like Gecko) Chrome/90.0.4430.85 Safari/537.36"
4.240.80.221 - - [13/May/2023:05:38:25 +0200] "GET /wp-admin/css/colors/ HTTP/1.1" 200 548 "binance.com" "Mozilla/5.0 (Windows NT 10.0; Win64; x64) AppleWebKit/537.36 (KHTML, like Gecko) Chrome/90.0.4430.85 Safari/537.36"
4.240.80.221 - - [13/May/2023:05:38:27 +0200] "GET /wp-admin/css/colors/blue/ HTTP/1.1" 200 480 "binance.com" "Mozilla/5.0 (Windows NT 10.0; Win64; x64) AppleWebKit/537.36 (KHTML, like Gecko) Chrome/90.0.4430.85 Safari/537.36"
4.240.80.221 - - [13/May/2023:05:38:30 +0200] "GET /wp-admin/css/colors/coffee/ HTTP/1.1" 200 481 "binance.com" "Mozilla/5.0 (Windows NT 10.0; Win64; x64) AppleWebKit/537.36 (KHTML, like Gecko) Chrome/90.0.4430.85 Safari/537.36"
4.240.80.221 - - [13/May/2023:05:38:33 +0200] "GET /wp-admin/css/colors/ectoplasm/ HTTP/1.1" 200 484 "binance.com" "Mozilla/5.0 (Windows NT 10.0; Win64; x64) AppleWebKit/537.36 (KHTML, like Gecko) Chrome/90.0.4430.85 Safari/537.36"
4.240.80.221 - - [13/May/2023:05:38:47 +0200] "GET /wp-admin/css/colors/light/ HTTP/1.1" 200 480 "binance.com" "Mozilla/5.0 (Windows NT 10.0; Win64; x64) AppleWebKit/537.36 (KHTML, like Gecko) Chrome/90.0.4430.85 Safari/537.36"
4.240.80.221 - - [13/May/2023:05:38:51 +0200] "GET /wp-admin/css/colors/midnight/ HTTP/1.1" 200 483 "binance.com" "Mozilla/5.0 (Windows NT 10.0; Win64; x64) AppleWebKit/537.36 (KHTML, like Gecko) Chrome/90.0.4430.85 Safari/537.36"
4.240.80.221 - - [13/May/2023:05:38:53 +0200] "GET /wp-admin/css/colors/modern/ HTTP/1.1" 404 17961 "binance.com" "Mozilla/5.0 (Windows NT 10.0; Win64; x64) AppleWebKit/537.36 (KHTML, like Gecko) Chrome/90.0.4430.85 Safari/537.36"
4.240.80.221 - - [13/May/2023:05:38:56 +0200] "GET /wp-admin/css/colors/ocean/ HTTP/1.1" 200 482 "binance.com" "Mozilla/5.0 (Windows NT 10.0; Win64; x64) AppleWebKit/537.36 (KHTML, like Gecko) Chrome/90.0.4430.85 Safari/537.36"
4.240.80.221 - - [13/May/2023:05:39:00 +0200] "GET /wp-admin/css/colors/sunrise/%20 HTTP/1.1" 404 17970 "binance.com" "Mozilla/5.0 (Windows NT 10.0; Win64; x64) AppleWebKit/537.36 (KHTML, like Gecko) Chrome/90.0.4430.85 Safari/537.36"
4.240.80.221 - - [13/May/2023:05:39:04 +0200] "GET /wp-admin/images/ HTTP/1.1" 200 1245 "binance.com" "Mozilla/5.0 (Windows NT 10.0; Win64; x64) AppleWebKit/537.36 (KHTML, like Gecko) Chrome/90.0.4430.85 Safari/537.36"
4.240.80.221 - - [13/May/2023:05:39:06 +0200] "GET /wp-admin/js/ HTTP/1.1" 200 1677 "binance.com" "Mozilla/5.0 (Windows NT 10.0; Win64; x64) AppleWebKit/537.36 (KHTML, like Gecko) Chrome/90.0.4430.85 Safari/537.36"
4.240.80.221 - - [13/May/2023:05:39:14 +0200] "GET /wp-admin/js/widgets/ HTTP/1.1" 200 621 "binance.com" "Mozilla/5.0 (Windows NT 10.0; Win64; x64) AppleWebKit/537.36 (KHTML, like Gecko) Chrome/90.0.4430.85 Safari/537.36"
4.240.80.221 - - [13/May/2023:05:39:17 +0200] "GET /wp-includes/ HTTP/1.1" 200 3365 "binance.com" "Mozilla/5.0 (Windows NT 10.0; Win64; x64) AppleWebKit/537.36 (KHTML, like Gecko) Chrome/90.0.4430.85 Safari/537.36"
4.240.80.221 - - [13/May/2023:05:39:20 +0200] "GET /wp-includes/ HTTP/1.1" 200 3365 "binance.com" "Mozilla/5.0 (Windows NT 10.0; Win64; x64) AppleWebKit/537.36 (KHTML, like Gecko) Chrome/90.0.4430.85 Safari/537.36"
4.240.80.221 - - [13/May/2023:05:39:24 +0200] "GET /wp-includes/ID3/ HTTP/1.1" 200 728 "binance.com" "Mozilla/5.0 (Windows NT 10.0; Win64; x64) AppleWebKit/537.36 (KHTML, like Gecko) Chrome/90.0.4430.85 Safari/537.36"
4.240.80.221 - - [13/May/2023:05:39:33 +0200] "GET /wp-includes/ID3/ HTTP/1.1" 200 728 "binance.com" "Mozilla/5.0 (Windows NT 10.0; Win64; x64) AppleWebKit/537.36 (KHTML, like Gecko) Chrome/90.0.4430.85 Safari/537.36"
4.240.80.221 - - [13/May/2023:05:39:39 +0200] "GET /wp-includes/IXR/ HTTP/1.1" 200 570 "binance.com" "Mozilla/5.0 (Windows NT 10.0; Win64; x64) AppleWebKit/537.36 (KHTML, like Gecko) Chrome/90.0.4430.85 Safari/537.36"
4.240.80.221 - - [13/May/2023:05:39:42 +0200] "GET /wp-includes/IXR/ HTTP/1.1" 200 570 "binance.com" "Mozilla/5.0 (Windows NT 10.0; Win64; x64) AppleWebKit/537.36 (KHTML, like Gecko) Chrome/90.0.4430.85 Safari/537.36"
4.240.80.221 - - [13/May/2023:05:39:46 +0200] "GET /wp-includes/PHPMailer/ HTTP/1.1" 404 17961 "binance.com" "Mozilla/5.0 (Windows NT 10.0; Win64; x64) AppleWebKit/537.36 (KHTML, like Gecko) Chrome/90.0.4430.85 Safari/537.36"
4.240.80.221 - - [13/May/2023:05:39:50 +0200] "GET /wp-includes/Text/ HTTP/1.1" 200 432 "binance.com" "Mozilla/5.0 (Windows NT 10.0; Win64; x64) AppleWebKit/537.36 (KHTML, like Gecko) Chrome/90.0.4430.85 Safari/537.36"
4.240.80.221 - - [13/May/2023:05:39:53 +0200] "GET /wp-includes/Text/ HTTP/1.1" 200 432 "binance.com" "Mozilla/5.0 (Windows NT 10.0; Win64; x64) AppleWebKit/537.36 (KHTML, like Gecko) Chrome/90.0.4430.85 Safari/537.36"
4.240.80.221 - - [13/May/2023:05:40:07 +0200] "GET /wp-includes/Text/Diff/ HTTP/1.1" 200 452 "binance.com" "Mozilla/5.0 (Windows NT 10.0; Win64; x64) AppleWebKit/537.36 (KHTML, like Gecko) Chrome/90.0.4430.85 Safari/537.36"
4.240.80.221 - - [13/May/2023:05:40:10 +0200] "GET /wp-includes/Text/Diff/ HTTP/1.1" 200 452 "binance.com" "Mozilla/5.0 (Windows NT 10.0; Win64; x64) AppleWebKit/537.36 (KHTML, like Gecko) Chrome/90.0.4430.85 Safari/537.36"
4.240.80.221 - - [13/May/2023:05:40:12 +0200] "GET /wp-includes/Text/Diff/Engine/ HTTP/1.1" 200 465 "binance.com" "Mozilla/5.0 (Windows NT 10.0; Win64; x64) AppleWebKit/537.36 (KHTML, like Gecko) Chrome/90.0.4430.85 Safari/537.36"
4.240.80.221 - - [13/May/2023:05:40:14 +0200] "GET /wp-includes/Text/Diff/Engine/ HTTP/1.1" 200 465 "binance.com" "Mozilla/5.0 (Windows NT 10.0; Win64; x64) AppleWebKit/537.36 (KHTML, like Gecko) Chrome/90.0.4430.85 Safari/537.36"
4.240.80.221 - - [13/May/2023:05:40:15 +0200] "GET /wp-includes/Text/Diff/Renderer/ HTTP/1.1" 200 420 "binance.com" "Mozilla/5.0 (Windows NT 10.0; Win64; x64) AppleWebKit/537.36 (KHTML, like Gecko) Chrome/90.0.4430.85 Safari/537.36"
4.240.80.221 - - [13/May/2023:05:40:17 +0200] "GET /wp-includes/Text/Diff/Renderer/ HTTP/1.1" 200 420 "binance.com" "Mozilla/5.0 (Windows NT 10.0; Win64; x64) AppleWebKit/537.36 (KHTML, like Gecko) Chrome/90.0.4430.85 Safari/537.36"
4.240.80.221 - - [13/May/2023:05:40:19 +0200] "GET /wp-includes/blocks/ HTTP/1.1" 200 596 "binance.com" "Mozilla/5.0 (Windows NT 10.0; Win64; x64) AppleWebKit/537.36 (KHTML, like Gecko) Chrome/90.0.4430.85 Safari/537.36"
4.240.80.221 - - [13/May/2023:05:40:20 +0200] "GET /wp-includes/blocks/ HTTP/1.1" 200 596 "binance.com" "Mozilla/5.0 (Windows NT 10.0; Win64; x64) AppleWebKit/537.36 (KHTML, like Gecko) Chrome/90.0.4430.85 Safari/537.36"
4.240.80.221 - - [13/May/2023:05:40:21 +0200] "GET /wp-includes/pomo/ HTTP/1.1" 200 487 "binance.com" "Mozilla/5.0 (Windows NT 10.0; Win64; x64) AppleWebKit/537.36 (KHTML, like Gecko) Chrome/90.0.4430.85 Safari/537.36"
4.240.80.221 - - [13/May/2023:05:40:22 +0200] "GET /wp-includes/pomo/ HTTP/1.1" 200 487 "binance.com" "Mozilla/5.0 (Windows NT 10.0; Win64; x64) AppleWebKit/537.36 (KHTML, like Gecko) Chrome/90.0.4430.85 Safari/537.36"
4.240.80.221 - - [13/May/2023:05:40:23 +0200] "GET /wp-includes/sitemaps/ HTTP/1.1" 404 17958 "binance.com" "Mozilla/5.0 (Windows NT 10.0; Win64; x64) AppleWebKit/537.36 (KHTML, like Gecko) Chrome/90.0.4430.85 Safari/537.36"
4.240.80.221 - - [13/May/2023:05:40:26 +0200] "GET /wp-includes/sitemaps/providers/ HTTP/1.1" 404 17967 "binance.com" "Mozilla/5.0 (Windows NT 10.0; Win64; x64) AppleWebKit/537.36 (KHTML, like Gecko) Chrome/90.0.4430.85 Safari/537.36"
4.240.80.221 - - [13/May/2023:05:40:28 +0200] "GET /wp-includes/widgets/ HTTP/1.1" 200 687 "binance.com" "Mozilla/5.0 (Windows NT 10.0; Win64; x64) AppleWebKit/537.36 (KHTML, like Gecko) Chrome/90.0.4430.85 Safari/537.36"
4.240.80.221 - - [13/May/2023:05:40:30 +0200] "GET /wp-includes/widgets/ HTTP/1.1" 200 687 "binance.com" "Mozilla/5.0 (Windows NT 10.0; Win64; x64) AppleWebKit/537.36 (KHTML, like Gecko) Chrome/90.0.4430.85 Safari/537.36"
4.240.80.221 - - [13/May/2023:05:40:32 +0200] "GET /wp-includes/css/ HTTP/1.1" 200 875 "binance.com" "Mozilla/5.0 (Windows NT 10.0; Win64; x64) AppleWebKit/537.36 (KHTML, like Gecko) Chrome/90.0.4430.85 Safari/537.36"
4.240.80.221 - - [13/May/2023:05:40:33 +0200] "GET /wp-includes/css/dist/ HTTP/1.1" 200 492 "binance.com" "Mozilla/5.0 (Windows NT 10.0; Win64; x64) AppleWebKit/537.36 (KHTML, like Gecko) Chrome/90.0.4430.85 Safari/537.36"
4.240.80.221 - - [13/May/2023:05:40:34 +0200] "GET /wp-includes/fonts/ HTTP/1.1" 200 479 "binance.com" "Mozilla/5.0 (Windows NT 10.0; Win64; x64) AppleWebKit/537.36 (KHTML, like Gecko) Chrome/90.0.4430.85 Safari/537.36"
4.240.80.221 - - [13/May/2023:05:40:47 +0200] "GET /wp-includes/images/ HTTP/1.1" 200 800 "binance.com" "Mozilla/5.0 (Windows NT 10.0; Win64; x64) AppleWebKit/537.36 (KHTML, like Gecko) Chrome/90.0.4430.85 Safari/537.36"
4.240.80.221 - - [13/May/2023:05:40:49 +0200] "GET /wp-includes/images/crystal/ HTTP/1.1" 200 570 "binance.com" "Mozilla/5.0 (Windows NT 10.0; Win64; x64) AppleWebKit/537.36 (KHTML, like Gecko) Chrome/90.0.4430.85 Safari/537.36"
4.240.80.221 - - [13/May/2023:05:40:51 +0200] "GET /wp-includes/images/media/ HTTP/1.1" 200 539 "binance.com" "Mozilla/5.0 (Windows NT 10.0; Win64; x64) AppleWebKit/537.36 (KHTML, like Gecko) Chrome/90.0.4430.85 Safari/537.36"
4.240.80.221 - - [13/May/2023:05:40:54 +0200] "GET /wp-includes/images/smilies/ HTTP/1.1" 200 749 "binance.com" "Mozilla/5.0 (Windows NT 10.0; Win64; x64) AppleWebKit/537.36 (KHTML, like Gecko) Chrome/90.0.4430.85 Safari/537.36"
4.240.80.221 - - [13/May/2023:05:40:55 +0200] "GET /wp-includes/images/wlw/ HTTP/1.1" 200 451 "binance.com" "Mozilla/5.0 (Windows NT 10.0; Win64; x64) AppleWebKit/537.36 (KHTML, like Gecko) Chrome/90.0.4430.85 Safari/537.36"
4.240.80.221 - - [13/May/2023:05:40:58 +0200] "GET /wp-includes/js/%20 HTTP/1.1" 404 17960 "binance.com" "Mozilla/5.0 (Windows NT 10.0; Win64; x64) AppleWebKit/537.36 (KHTML, like Gecko) Chrome/90.0.4430.85 Safari/537.36"
4.240.80.221 - - [13/May/2023:05:41:03 +0200] "GET /wp-includes/js/codemirror/ HTTP/1.1" 200 531 "binance.com" "Mozilla/5.0 (Windows NT 10.0; Win64; x64) AppleWebKit/537.36 (KHTML, like Gecko) Chrome/90.0.4430.85 Safari/537.36"
4.240.80.221 - - [13/May/2023:05:41:05 +0200] "GET /wp-includes/js/plupload/ HTTP/1.1" 200 549 "binance.com" "Mozilla/5.0 (Windows NT 10.0; Win64; x64) AppleWebKit/537.36 (KHTML, like Gecko) Chrome/90.0.4430.85 Safari/537.36"
4.240.80.221 - - [13/May/2023:05:41:07 +0200] "GET /.well-known/ HTTP/1.1" 404 17951 "binance.com" "Mozilla/5.0 (Windows NT 10.0; Win64; x64) AppleWebKit/537.36 (KHTML, like Gecko) Chrome/90.0.4430.85 Safari/537.36"
49.12.13.109 - - [13/May/2023:05:47:59 +0200] "HEAD / HTTP/1.1" 200 - "-" "Alert_Alligator_webmonitoring_service_1.6.3_(alertalligator.com)"
185.106.208.50 - - [13/May/2023:05:55:49 +0200] "GET /wp-login.php HTTP/1.1" 200 1762 "" "Mozilla/5.0 (Windows NT 6.3; Win64; x64; rv:109.0) Gecko/20100101 Firefox/111.0"
185.106.208.50 - - [13/May/2023:05:55:51 +0200] "GET /wp-json/wp/v2/users HTTP/1.1" 200 593 "" "Mozilla/5.0 (Windows NT 6.3; Win64; x64; rv:109.0) Gecko/20100101 Firefox/111.0"
185.106.208.50 - - [13/May/2023:05:55:52 +0200] "POST /wp-login.php HTTP/1.1" 200 2151 "http://sobarlang-terapia.hu/wp-login.php?redirect_to=http%3A%2F%2Fsobarlang-terapia.hu%2Fwp-admin%2F" "Mozilla/5.0 (Windows NT 6.3; Win64; x64; rv:109.0) Gecko/20100101 Firefox/111.0"
185.106.208.50 - - [13/May/2023:05:55:53 +0200] "POST /wp-login.php HTTP/1.1" 200 2151 "http://sobarlang-terapia.hu/wp-login.php?redirect_to=http%3A%2F%2Fsobarlang-terapia.hu%2Fwp-admin%2F" "Mozilla/5.0 (Windows NT 6.3; Win64; x64; rv:109.0) Gecko/20100101 Firefox/111.0"
49.12.13.109 - - [13/May/2023:06:47:56 +0200] "HEAD / HTTP/1.1" 200 - "-" "Alert_Alligator_webmonitoring_service_1.6.3_(alertalligator.com)"
80.249.163.145 - - [13/May/2023:06:47:57 +0200] "POST /wp-cron.php?doing_wp_cron=1683953277.2428729534149169921875 HTTP/1.1" 200 20 "http://sobarlang-terapia.hu/wp-cron.php?doing_wp_cron=1683953277.2428729534149169921875" "WordPress/5.3.14; http://sobarlang-terapia.hu"
54.36.148.43 - - [13/May/2023:07:12:57 +0200] "GET /robots.txt HTTP/1.1" 200 114 "-" "Mozilla/5.0 (compatible; AhrefsBot/7.0; +http://ahrefs.com/robot/)"
54.36.148.159 - - [13/May/2023:07:12:59 +0200] "GET / HTTP/1.1" 200 18015 "-" "Mozilla/5.0 (compatible; AhrefsBot/7.0; +http://ahrefs.com/robot/)"
212.237.51.151 - - [13/May/2023:07:47:09 +0200] "HEAD / HTTP/1.1" 200 - "-" "Alert_Alligator_webmonitoring_service_1.6.4_(alertalligator.com)"
80.249.163.145 - - [13/May/2023:07:47:13 +0200] "POST /wp-cron.php?doing_wp_cron=1683956833.7872009277343750000000 HTTP/1.1" 200 20 "http://sobarlang-terapia.hu/wp-cron.php?doing_wp_cron=1683956833.7872009277343750000000" "WordPress/5.3.14; http://sobarlang-terapia.hu"
213.186.162.154 - - [13/May/2023:08:21:06 +0200] "GET / HTTP/1.1" 200 18012 "-" "Mozilla/5.0 (Windows NT 6.1; WOW64) AppleWebKit/537.36 (KHTML, like Gecko) Chrome/101.0.4951.67 Safari/537.36"
213.186.162.154 - - [13/May/2023:08:21:12 +0200] "GET /wp-login.php HTTP/1.1" 200 1762 "-" "Mozilla/5.0 (Windows NT 6.1; WOW64) AppleWebKit/537.36 (KHTML, like Gecko) Chrome/100.0.4895.86 Safari/537.36"
117.212.32.91 - - [13/May/2023:08:27:13 +0200] "GET /?author=1 HTTP/1.1" 200 18181 "-" "Mozilla/5.0 (Windows NT 6.1; WOW64) AppleWebKit/537.36 (KHTML, like Gecko) Chrome/100.0.4758.11 Safari/537.36"
80.249.163.145 - - [13/May/2023:08:27:13 +0200] "POST /wp-cron.php?doing_wp_cron=1683959233.7284650802612304687500 HTTP/1.1" 200 20 "http://sobarlang-terapia.hu/wp-cron.php?doing_wp_cron=1683959233.7284650802612304687500" "WordPress/5.3.14; http://sobarlang-terapia.hu"
27.71.84.33 - - [13/May/2023:08:29:53 +0200] "GET /?author=2 HTTP/1.1" 404 17951 "-" "Mozilla/5.0 (Windows NT 6.1; WOW64) AppleWebKit/537.36 (KHTML, like Gecko) Chrome/100.0.4896.127 Safari/537.36"
123.22.221.120 - - [13/May/2023:08:30:11 +0200] "GET /?author=2 HTTP/1.1" 404 17951 "-" "Mozilla/5.0 (Windows NT 6.1; WOW64) AppleWebKit/537.36 (KHTML, like Gecko) Chrome/100.0.4896.127 Safari/537.36"
117.3.128.30 - - [13/May/2023:08:30:15 +0200] "GET /?author=2 HTTP/1.1" 404 17951 "-" "Mozilla/5.0 (Windows NT 6.1; WOW64) AppleWebKit/537.36 (KHTML, like Gecko) Chrome/100.0.4896.127 Safari/537.36"
27.34.71.26 - - [13/May/2023:08:30:37 +0200] "GET /?author=2 HTTP/1.1" 404 17951 "-" "Mozilla/5.0 (Windows NT 6.1; WOW64) AppleWebKit/537.36 (KHTML, like Gecko) Chrome/100.0.4896.127 Safari/537.36"
42.116.121.102 - - [13/May/2023:08:32:53 +0200] "GET /?author=2 HTTP/1.1" 404 17951 "-" "Mozilla/5.0 (Windows NT 6.1; WOW64) AppleWebKit/537.36 (KHTML, like Gecko) Chrome/100.0.4896.127 Safari/537.36"
180.251.177.136 - - [13/May/2023:08:36:03 +0200] "GET /?author=3 HTTP/1.1" 404 17951 "-" "Mozilla/5.0 (Windows NT 6.1; WOW64) AppleWebKit/537.36 (KHTML, like Gecko) Chrome/100.0.4758.11 Safari/537.36"
65.21.35.244 - - [13/May/2023:08:37:25 +0200] "GET /robots.txt HTTP/1.1" 200 117 "-" "Mozilla/5.0 (compatible; SeekportBot; +https://bot.seekport.com)"
65.21.35.244 - - [13/May/2023:08:37:26 +0200] "GET /robots.txt HTTP/1.1" 200 117 "-" "Mozilla/5.0 (compatible; SeekportBot; +https://bot.seekport.com)"
65.21.35.244 - - [13/May/2023:08:37:27 +0200] "GET / HTTP/1.1" 200 52998 "-" "Mozilla/5.0 (compatible; SeekportBot; +https://bot.seekport.com)"
65.21.35.244 - - [13/May/2023:08:39:38 +0200] "GET / HTTP/1.1" 200 52998 "http://www.sobarlang-terapia.hu/" "Mozilla/5.0 (compatible; SeekportBot; +https://bot.seekport.com)"
49.12.13.109 - - [13/May/2023:08:46:24 +0200] "HEAD / HTTP/1.1" 200 - "-" "Alert_Alligator_webmonitoring_service_1.6.3_(alertalligator.com)"
128.199.26.128 - - [13/May/2023:08:48:04 +0200] "GET /wp-login.php HTTP/1.1" 200 1762 "" "Mozilla/5.0 (Windows NT 6.3; Win64; x64; rv:109.0) Gecko/20100101 Firefox/111.0"
128.199.26.128 - - [13/May/2023:08:48:05 +0200] "GET /wp-json/wp/v2/users HTTP/1.1" 200 593 "" "Mozilla/5.0 (Windows NT 6.3; Win64; x64; rv:109.0) Gecko/20100101 Firefox/111.0"
128.199.26.128 - - [13/May/2023:08:48:06 +0200] "POST /wp-login.php HTTP/1.1" 200 2151 "http://sobarlang-terapia.hu/wp-login.php?redirect_to=http%3A%2F%2Fsobarlang-terapia.hu%2Fwp-admin%2F" "Mozilla/5.0 (Windows NT 6.3; Win64; x64; rv:109.0) Gecko/20100101 Firefox/111.0"
128.199.26.128 - - [13/May/2023:08:48:08 +0200] "POST /wp-login.php HTTP/1.1" 200 2151 "http://sobarlang-terapia.hu/wp-login.php?redirect_to=http%3A%2F%2Fsobarlang-terapia.hu%2Fwp-admin%2F" "Mozilla/5.0 (Windows NT 6.3; Win64; x64; rv:109.0) Gecko/20100101 Firefox/111.0"
34.141.213.153 - - [13/May/2023:09:15:28 +0200] "GET /wp-login.php HTTP/1.1" 200 1762 "" "Mozilla/5.0 (Windows NT 6.3; Win64; x64; rv:109.0) Gecko/20100101 Firefox/111.0"
34.141.213.153 - - [13/May/2023:09:15:29 +0200] "GET /wp-json/wp/v2/users HTTP/1.1" 200 593 "" "Mozilla/5.0 (Windows NT 6.3; Win64; x64; rv:109.0) Gecko/20100101 Firefox/111.0"
34.141.213.153 - - [13/May/2023:09:15:30 +0200] "POST /wp-login.php HTTP/1.1" 200 2151 "http://sobarlang-terapia.hu/wp-login.php?redirect_to=http%3A%2F%2Fsobarlang-terapia.hu%2Fwp-admin%2F" "Mozilla/5.0 (Windows NT 6.3; Win64; x64; rv:109.0) Gecko/20100101 Firefox/111.0"
34.141.213.153 - - [13/May/2023:09:15:31 +0200] "POST /wp-login.php HTTP/1.1" 200 2151 "http://sobarlang-terapia.hu/wp-login.php?redirect_to=http%3A%2F%2Fsobarlang-terapia.hu%2Fwp-admin%2F" "Mozilla/5.0 (Windows NT 6.3; Win64; x64; rv:109.0) Gecko/20100101 Firefox/111.0"
212.237.51.151 - - [13/May/2023:09:40:17 +0200] "HEAD / HTTP/1.1" 200 - "-" "Alert_Alligator_webmonitoring_service_1.6.4_(alertalligator.com)"
80.249.163.145 - - [13/May/2023:09:40:18 +0200] "POST /wp-cron.php?doing_wp_cron=1683963618.4161601066589355468750 HTTP/1.1" 200 20 "http://sobarlang-terapia.hu/wp-cron.php?doing_wp_cron=1683963618.4161601066589355468750" "WordPress/5.3.14; http://sobarlang-terapia.hu"
46.183.219.87 - - [13/May/2023:09:50:52 +0200] "GET /wp-login.php HTTP/1.1" 200 1762 "" "Mozilla/5.0 (Windows NT 6.3; Win64; x64; rv:109.0) Gecko/20100101 Firefox/111.0"
46.183.219.87 - - [13/May/2023:09:50:53 +0200] "GET /wp-json/wp/v2/users HTTP/1.1" 200 593 "" "Mozilla/5.0 (Windows NT 6.3; Win64; x64; rv:109.0) Gecko/20100101 Firefox/111.0"
46.183.219.87 - - [13/May/2023:09:50:54 +0200] "POST /wp-login.php HTTP/1.1" 200 2151 "http://sobarlang-terapia.hu/wp-login.php?redirect_to=http%3A%2F%2Fsobarlang-terapia.hu%2Fwp-admin%2F" "Mozilla/5.0 (Windows NT 6.3; Win64; x64; rv:109.0) Gecko/20100101 Firefox/111.0"
46.183.219.87 - - [13/May/2023:09:50:54 +0200] "POST /wp-login.php HTTP/1.1" 200 2151 "http://sobarlang-terapia.hu/wp-login.php?redirect_to=http%3A%2F%2Fsobarlang-terapia.hu%2Fwp-admin%2F" "Mozilla/5.0 (Windows NT 6.3; Win64; x64; rv:109.0) Gecko/20100101 Firefox/111.0"
216.151.184.110 - - [13/May/2023:09:57:52 +0200] "GET / HTTP/1.1" 200 18015 "-" "python-requests/2.28.2"
216.151.184.110 - - [13/May/2023:09:57:54 +0200] "GET / HTTP/1.1" 200 52998 "-" "Mozilla/5.0 (Windows NT 10.0; Win64; x64; rv:109.0) Gecko/20100101 Firefox/110.0"
216.151.184.110 - - [13/May/2023:09:57:55 +0200] "GET /feed/ HTTP/1.1" 200 442 "-" "feedparser/6.0.10 +https://github.com/kurtmckee/feedparser/"
216.151.184.110 - - [13/May/2023:09:57:56 +0200] "GET /comments/feed/ HTTP/1.1" 200 426 "-" "feedparser/6.0.10 +https://github.com/kurtmckee/feedparser/"
216.151.184.110 - - [13/May/2023:09:57:57 +0200] "GET / HTTP/1.1" 200 52940 "-" "Mozilla/5.0 (Windows NT 10.0; Win64; x64; rv:109.0) Gecko/20100101 Firefox/110.0"
5.45.207.81 - - [13/May/2023:10:23:44 +0200] "GET /robots.txt HTTP/1.1" 200 117 "-" "Mozilla/5.0 (compatible; YandexBot/3.0; +http://yandex.com/bots)"
87.250.224.241 - - [13/May/2023:10:23:45 +0200] "GET / HTTP/1.1" 200 18012 "-" "Mozilla/5.0 (compatible; YandexBot/3.0; +http://yandex.com/bots)"
49.12.13.109 - - [13/May/2023:10:40:27 +0200] "HEAD / HTTP/1.1" 200 - "-" "Alert_Alligator_webmonitoring_service_1.6.3_(alertalligator.com)"
80.249.163.145 - - [13/May/2023:10:40:28 +0200] "POST /wp-cron.php?doing_wp_cron=1683967228.2943909168243408203125 HTTP/1.1" 200 20 "http://sobarlang-terapia.hu/wp-cron.php?doing_wp_cron=1683967228.2943909168243408203125" "WordPress/5.3.14; http://sobarlang-terapia.hu"
185.191.171.44 - - [13/May/2023:11:41:33 +0200] "GET /robots.txt HTTP/1.1" 200 114 "-" "Mozilla/5.0 (compatible; SemrushBot/7~bl; +http://www.semrush.com/bot.html)"
80.249.163.145 - - [13/May/2023:11:41:34 +0200] "POST /wp-cron.php?doing_wp_cron=1683970894.6744670867919921875000 HTTP/1.1" 200 20 "http://sobarlang-terapia.hu/wp-cron.php?doing_wp_cron=1683970894.6744670867919921875000" "WordPress/5.3.14; http://sobarlang-terapia.hu"
185.191.171.24 - - [13/May/2023:11:42:25 +0200] "GET /kapcsolat-2/ HTTP/1.1" 200 18013 "-" "Mozilla/5.0 (compatible; SemrushBot/7~bl; +http://www.semrush.com/bot.html)"
49.12.13.109 - - [13/May/2023:12:07:21 +0200] "HEAD / HTTP/1.1" 200 - "-" "Alert_Alligator_webmonitoring_service_1.6.3_(alertalligator.com)"
212.237.51.151 - - [13/May/2023:13:21:55 +0200] "HEAD / HTTP/1.1" 200 - "-" "Alert_Alligator_webmonitoring_service_1.6.4_(alertalligator.com)"
80.249.163.145 - - [13/May/2023:13:21:56 +0200] "POST /wp-cron.php?doing_wp_cron=1683976916.8931729793548583984375 HTTP/1.1" 200 20 "http://sobarlang-terapia.hu/wp-cron.php?doing_wp_cron=1683976916.8931729793548583984375" "WordPress/5.3.14; http://sobarlang-terapia.hu"
34.175.73.202 - - [13/May/2023:13:44:31 +0200] "GET /wp-login.php HTTP/1.1" 200 1762 "" "Mozilla/5.0 (Windows NT 6.3; Win64; x64; rv:109.0) Gecko/20100101 Firefox/111.0"
80.249.163.145 - - [13/May/2023:13:44:32 +0200] "POST /wp-cron.php?doing_wp_cron=1683978272.0374770164489746093750 HTTP/1.1" 200 20 "http://sobarlang-terapia.hu/wp-cron.php?doing_wp_cron=1683978272.0374770164489746093750" "WordPress/5.3.14; http://sobarlang-terapia.hu"
34.175.73.202 - - [13/May/2023:13:44:33 +0200] "GET /wp-json/wp/v2/users HTTP/1.1" 200 593 "" "Mozilla/5.0 (Windows NT 6.3; Win64; x64; rv:109.0) Gecko/20100101 Firefox/111.0"
34.175.73.202 - - [13/May/2023:13:44:35 +0200] "POST /wp-login.php HTTP/1.1" 200 2151 "http://sobarlang-terapia.hu/wp-login.php?redirect_to=http%3A%2F%2Fsobarlang-terapia.hu%2Fwp-admin%2F" "Mozilla/5.0 (Windows NT 6.3; Win64; x64; rv:109.0) Gecko/20100101 Firefox/111.0"
34.175.73.202 - - [13/May/2023:13:44:36 +0200] "POST /wp-login.php HTTP/1.1" 200 2151 "http://sobarlang-terapia.hu/wp-login.php?redirect_to=http%3A%2F%2Fsobarlang-terapia.hu%2Fwp-admin%2F" "Mozilla/5.0 (Windows NT 6.3; Win64; x64; rv:109.0) Gecko/20100101 Firefox/111.0"
49.12.13.109 - - [13/May/2023:14:22:35 +0200] "HEAD / HTTP/1.1" 200 - "-" "Alert_Alligator_webmonitoring_service_1.6.3_(alertalligator.com)"
78.142.63.239 - - [13/May/2023:14:42:08 +0200] "GET /wp-login.php HTTP/1.1" 200 1762 "" "Mozilla/5.0 (Windows NT 6.3; Win64; x64; rv:109.0) Gecko/20100101 Firefox/111.0"
80.249.163.145 - - [13/May/2023:14:42:09 +0200] "POST /wp-cron.php?doing_wp_cron=1683981729.3949329853057861328125 HTTP/1.1" 200 20 "http://sobarlang-terapia.hu/wp-cron.php?doing_wp_cron=1683981729.3949329853057861328125" "WordPress/5.3.14; http://sobarlang-terapia.hu"
78.142.63.239 - - [13/May/2023:14:42:10 +0200] "GET /wp-json/wp/v2/users HTTP/1.1" 200 593 "" "Mozilla/5.0 (Windows NT 6.3; Win64; x64; rv:109.0) Gecko/20100101 Firefox/111.0"
78.142.63.239 - - [13/May/2023:14:42:11 +0200] "POST /wp-login.php HTTP/1.1" 200 2151 "http://sobarlang-terapia.hu/wp-login.php?redirect_to=http%3A%2F%2Fsobarlang-terapia.hu%2Fwp-admin%2F" "Mozilla/5.0 (Windows NT 6.3; Win64; x64; rv:109.0) Gecko/20100101 Firefox/111.0"
78.142.63.239 - - [13/May/2023:14:42:12 +0200] "POST /wp-login.php HTTP/1.1" 200 2151 "http://sobarlang-terapia.hu/wp-login.php?redirect_to=http%3A%2F%2Fsobarlang-terapia.hu%2Fwp-admin%2F" "Mozilla/5.0 (Windows NT 6.3; Win64; x64; rv:109.0) Gecko/20100101 Firefox/111.0"
93.158.90.164 - - [13/May/2023:14:47:06 +0200] "GET /robots.txt HTTP/1.1" 200 114 "-" "Mozilla/5.0 (Linux; Android 9; BDL8051C Build/BDL3552T; wv) AppleWebKit/537.36 (KHTML, like Gecko) Version/4.0 Chrome/66.0.3359.158 Safari/537.36"
93.158.90.164 - - [13/May/2023:14:47:07 +0200] "GET /ads.txt HTTP/1.1" 404 17950 "-" "Mozilla/5.0 (Linux; Android 9; BDL8051C Build/BDL3552T; wv) AppleWebKit/537.36 (KHTML, like Gecko) Version/4.0 Chrome/66.0.3359.158 Safari/537.36"
128.199.26.128 - - [13/May/2023:15:04:45 +0200] "GET /wp-login.php HTTP/1.1" 200 1762 "" "Mozilla/5.0 (Windows NT 6.3; Win64; x64; rv:109.0) Gecko/20100101 Firefox/111.0"
128.199.26.128 - - [13/May/2023:15:04:46 +0200] "GET /wp-json/wp/v2/users HTTP/1.1" 200 593 "" "Mozilla/5.0 (Windows NT 6.3; Win64; x64; rv:109.0) Gecko/20100101 Firefox/111.0"
128.199.26.128 - - [13/May/2023:15:04:48 +0200] "POST /wp-login.php HTTP/1.1" 200 2151 "http://sobarlang-terapia.hu/wp-login.php?redirect_to=http%3A%2F%2Fsobarlang-terapia.hu%2Fwp-admin%2F" "Mozilla/5.0 (Windows NT 6.3; Win64; x64; rv:109.0) Gecko/20100101 Firefox/111.0"
128.199.26.128 - - [13/May/2023:15:04:49 +0200] "POST /wp-login.php HTTP/1.1" 200 2151 "http://sobarlang-terapia.hu/wp-login.php?redirect_to=http%3A%2F%2Fsobarlang-terapia.hu%2Fwp-admin%2F" "Mozilla/5.0 (Windows NT 6.3; Win64; x64; rv:109.0) Gecko/20100101 Firefox/111.0"
49.12.13.109 - - [13/May/2023:15:24:55 +0200] "HEAD / HTTP/1.1" 200 - "-" "Alert_Alligator_webmonitoring_service_1.6.3_(alertalligator.com)"
80.249.163.145 - - [13/May/2023:15:24:56 +0200] "POST /wp-cron.php?doing_wp_cron=1683984296.0200610160827636718750 HTTP/1.1" 200 20 "http://sobarlang-terapia.hu/wp-cron.php?doing_wp_cron=1683984296.0200610160827636718750" "WordPress/5.3.14; http://sobarlang-terapia.hu"
114.119.150.56 - - [13/May/2023:16:05:14 +0200] "GET /icons/unknown.gif HTTP/1.1" 200 245 "http://sobarlang-terapia.hu/log/2021/?C=M%3BO%3DA" "Mozilla/5.0 (Linux; Android 7.0;) AppleWebKit/537.36 (KHTML, like Gecko) Mobile Safari/537.36 (compatible; PetalBot;+https://webmaster.petalsearch.com/site/petalbot)"
49.12.13.109 - - [13/May/2023:16:24:25 +0200] "HEAD / HTTP/1.1" 200 - "-" "Alert_Alligator_webmonitoring_service_1.6.3_(alertalligator.com)"
80.249.163.145 - - [13/May/2023:16:24:25 +0200] "POST /wp-cron.php?doing_wp_cron=1683987865.7984490394592285156250 HTTP/1.1" 200 20 "http://sobarlang-terapia.hu/wp-cron.php?doing_wp_cron=1683987865.7984490394592285156250" "WordPress/5.3.14; http://sobarlang-terapia.hu"
34.122.87.82 - - [13/May/2023:17:07:15 +0200] "GET /wp-login.php HTTP/1.1" 200 1762 "" "Mozilla/5.0 (Windows NT 6.3; Win64; x64; rv:109.0) Gecko/20100101 Firefox/111.0"
80.249.163.145 - - [13/May/2023:17:07:16 +0200] "POST /wp-cron.php?doing_wp_cron=1683990436.5047171115875244140625 HTTP/1.1" 200 20 "http://sobarlang-terapia.hu/wp-cron.php?doing_wp_cron=1683990436.5047171115875244140625" "WordPress/5.3.14; http://sobarlang-terapia.hu"
34.122.87.82 - - [13/May/2023:17:07:17 +0200] "GET /wp-json/wp/v2/users HTTP/1.1" 200 593 "" "Mozilla/5.0 (Windows NT 6.3; Win64; x64; rv:109.0) Gecko/20100101 Firefox/111.0"
34.122.87.82 - - [13/May/2023:17:07:19 +0200] "POST /wp-login.php HTTP/1.1" 200 2151 "http://sobarlang-terapia.hu/wp-login.php?redirect_to=http%3A%2F%2Fsobarlang-terapia.hu%2Fwp-admin%2F" "Mozilla/5.0 (Windows NT 6.3; Win64; x64; rv:109.0) Gecko/20100101 Firefox/111.0"
34.122.87.82 - - [13/May/2023:17:07:20 +0200] "POST /wp-login.php HTTP/1.1" 200 2151 "http://sobarlang-terapia.hu/wp-login.php?redirect_to=http%3A%2F%2Fsobarlang-terapia.hu%2Fwp-admin%2F" "Mozilla/5.0 (Windows NT 6.3; Win64; x64; rv:109.0) Gecko/20100101 Firefox/111.0"
212.237.51.151 - - [13/May/2023:17:21:27 +0200] "HEAD / HTTP/1.1" 200 - "-" "Alert_Alligator_webmonitoring_service_1.6.4_(alertalligator.com)"
45.55.129.194 - - [13/May/2023:17:43:36 +0200] "GET /wp-login.php HTTP/1.1" 200 1762 "" "Mozilla/5.0 (Windows NT 6.3; Win64; x64; rv:109.0) Gecko/20100101 Firefox/111.0"
80.249.163.145 - - [13/May/2023:17:43:37 +0200] "POST /wp-cron.php?doing_wp_cron=1683992617.4463250637054443359375 HTTP/1.1" 200 20 "http://sobarlang-terapia.hu/wp-cron.php?doing_wp_cron=1683992617.4463250637054443359375" "WordPress/5.3.14; http://sobarlang-terapia.hu"
45.55.129.194 - - [13/May/2023:17:43:38 +0200] "GET /wp-json/wp/v2/users HTTP/1.1" 200 593 "" "Mozilla/5.0 (Windows NT 6.3; Win64; x64; rv:109.0) Gecko/20100101 Firefox/111.0"
45.55.129.194 - - [13/May/2023:17:43:40 +0200] "POST /wp-login.php HTTP/1.1" 200 2151 "http://sobarlang-terapia.hu/wp-login.php?redirect_to=http%3A%2F%2Fsobarlang-terapia.hu%2Fwp-admin%2F" "Mozilla/5.0 (Windows NT 6.3; Win64; x64; rv:109.0) Gecko/20100101 Firefox/111.0"
45.55.129.194 - - [13/May/2023:17:43:41 +0200] "POST /wp-login.php HTTP/1.1" 200 2151 "http://sobarlang-terapia.hu/wp-login.php?redirect_to=http%3A%2F%2Fsobarlang-terapia.hu%2Fwp-admin%2F" "Mozilla/5.0 (Windows NT 6.3; Win64; x64; rv:109.0) Gecko/20100101 Firefox/111.0"
49.12.13.109 - - [13/May/2023:18:28:28 +0200] "HEAD / HTTP/1.1" 200 - "-" "Alert_Alligator_webmonitoring_service_1.6.3_(alertalligator.com)"
80.249.163.145 - - [13/May/2023:18:28:29 +0200] "POST /wp-cron.php?doing_wp_cron=1683995309.0618588924407958984375 HTTP/1.1" 200 20 "http://sobarlang-terapia.hu/wp-cron.php?doing_wp_cron=1683995309.0618588924407958984375" "WordPress/5.3.14; http://sobarlang-terapia.hu"
35.166.42.251 - - [13/May/2023:19:22:53 +0200] "GET / HTTP/1.1" 200 18012 "-" "Mozilla/5.0 (X11; Linux x86_64) AppleWebKit/537.36 (KHTML, like Gecko) Chrome/83.0.4103.97 Safari/537.36"
35.86.248.204 - - [13/May/2023:19:23:04 +0200] "GET /favicon.ico HTTP/1.1" 200 - "-" "Mozilla/5.0 (X11; Linux x86_64) AppleWebKit/537.36 (KHTML, like Gecko) Chrome/83.0.4103.97 Safari/537.36"
49.12.13.109 - - [13/May/2023:19:43:06 +0200] "HEAD / HTTP/1.1" 200 - "-" "Alert_Alligator_webmonitoring_service_1.6.3_(alertalligator.com)"
80.249.163.145 - - [13/May/2023:19:43:06 +0200] "POST /wp-cron.php?doing_wp_cron=1683999786.8457961082458496093750 HTTP/1.1" 200 20 "http://sobarlang-terapia.hu/wp-cron.php?doing_wp_cron=1683999786.8457961082458496093750" "WordPress/5.3.14; http://sobarlang-terapia.hu"
194.169.175.14 - - [13/May/2023:19:53:35 +0200] "GET /wp-content/plugins/wp-daft/miin.php HTTP/1.1" 200 18338 "-" "Mozilla/5.0 (Windows; U; Windows NT 6.1; en-US; rv:1.9.1.5) Gecko/20091102 Firefox/3.5.5 (.NET CLR 3.5.30729)"
49.12.13.109 - - [13/May/2023:20:28:34 +0200] "HEAD / HTTP/1.1" 200 - "-" "Alert_Alligator_webmonitoring_service_1.6.4_(alertalligator.com)"
80.249.163.145 - - [13/May/2023:20:28:36 +0200] "POST /wp-cron.php?doing_wp_cron=1684002516.1850109100341796875000 HTTP/1.1" 200 20 "http://sobarlang-terapia.hu/wp-cron.php?doing_wp_cron=1684002516.1850109100341796875000" "WordPress/5.3.14; http://sobarlang-terapia.hu"
88.99.168.159 - - [13/May/2023:21:09:11 +0200] "GET / HTTP/1.1" 200 52940 "-" "Mozilla/5.0 (Macintosh; Intel Mac OS X 10_10_1) AppleWebKit/537.36 (KHTML, like Gecko) Chrome/39.0.2171.95 Safari/537.36"
