66.249.66.39 - - [04/May/2023:22:19:12 +0200] "GET /robots.txt HTTP/1.1" 200 114 "-" "Mozilla/5.0 (compatible; Googlebot/2.1; +http://www.google.com/bot.html)"
66.249.66.14 - - [04/May/2023:22:19:13 +0200] "GET /sitemap-pt-page-2019-12.xml HTTP/1.1" 200 514 "-" "Mozilla/5.0 (compatible; Googlebot/2.1; +http://www.google.com/bot.html)"
89.253.225.164 - - [04/May/2023:22:26:18 +0200] "GET /wp-login.php HTTP/1.1" 200 1762 "" "Mozilla/5.0 (Windows NT 6.3; Win64; x64; rv:109.0) Gecko/20100101 Firefox/111.0"
80.249.163.145 - - [04/May/2023:22:26:19 +0200] "POST /wp-cron.php?doing_wp_cron=1683231979.7599620819091796875000 HTTP/1.1" 200 20 "http://sobarlang-terapia.hu/wp-cron.php?doing_wp_cron=1683231979.7599620819091796875000" "WordPress/5.3.14; http://sobarlang-terapia.hu"
89.253.225.164 - - [04/May/2023:22:26:20 +0200] "POST /wp-login.php HTTP/1.1" 200 2151 "http://sobarlang-terapia.hu/wp-login.php?redirect_to=http%3A%2F%2Fsobarlang-terapia.hu%2Fwp-admin%2F" "Mozilla/5.0 (Windows NT 6.3; Win64; x64; rv:109.0) Gecko/20100101 Firefox/111.0"
49.12.13.109 - - [04/May/2023:22:47:29 +0200] "HEAD / HTTP/1.1" 200 - "-" "Alert_Alligator_webmonitoring_service_1.6.3_(alertalligator.com)"
212.237.51.151 - - [04/May/2023:23:34:42 +0200] "HEAD / HTTP/1.1" 200 - "-" "Alert_Alligator_webmonitoring_service_1.6.4_(alertalligator.com)"
80.249.163.145 - - [04/May/2023:23:34:43 +0200] "POST /wp-cron.php?doing_wp_cron=1683236083.0843319892883300781250 HTTP/1.1" 200 20 "http://sobarlang-terapia.hu/wp-cron.php?doing_wp_cron=1683236083.0843319892883300781250" "WordPress/5.3.14; http://sobarlang-terapia.hu"
49.12.13.109 - - [05/May/2023:00:33:02 +0200] "HEAD / HTTP/1.1" 200 - "-" "Alert_Alligator_webmonitoring_service_1.6.4_(alertalligator.com)"
80.249.163.145 - - [05/May/2023:00:33:05 +0200] "POST /wp-cron.php?doing_wp_cron=1683239584.9818809032440185546875 HTTP/1.1" 200 20 "http://sobarlang-terapia.hu/wp-cron.php?doing_wp_cron=1683239584.9818809032440185546875" "WordPress/5.3.14; http://sobarlang-terapia.hu"
212.237.51.151 - - [05/May/2023:01:20:22 +0200] "HEAD / HTTP/1.1" 200 - "-" "Alert_Alligator_webmonitoring_service_1.6.4_(alertalligator.com)"
80.249.163.145 - - [05/May/2023:01:20:22 +0200] "POST /wp-cron.php?doing_wp_cron=1683242422.8898279666900634765625 HTTP/1.1" 200 20 "http://sobarlang-terapia.hu/wp-cron.php?doing_wp_cron=1683242422.8898279666900634765625" "WordPress/5.3.14; http://sobarlang-terapia.hu"
68.194.169.109 - - [05/May/2023:01:24:35 +0200] "GET /backup.zip HTTP/1.1" 404 17952 "-" "Mozilla/5.0 (X11; Ubuntu; Linux x86_64; rv:62.0) Gecko/20100101 Firefox/62.0"
80.249.163.145 - - [05/May/2023:01:24:36 +0200] "POST /wp-cron.php?doing_wp_cron=1683242676.8512089252471923828125 HTTP/1.1" 200 20 "http://sobarlang-terapia.hu/wp-cron.php?doing_wp_cron=1683242676.8512089252471923828125" "WordPress/5.3.14; http://sobarlang-terapia.hu"
49.12.13.109 - - [05/May/2023:02:19:27 +0200] "HEAD / HTTP/1.1" 200 - "-" "Alert_Alligator_webmonitoring_service_1.6.3_(alertalligator.com)"
49.12.13.109 - - [05/May/2023:03:17:59 +0200] "HEAD / HTTP/1.1" 200 - "-" "Alert_Alligator_webmonitoring_service_1.6.3_(alertalligator.com)"
80.249.163.145 - - [05/May/2023:03:17:59 +0200] "POST /wp-cron.php?doing_wp_cron=1683249479.8133020401000976562500 HTTP/1.1" 200 20 "http://sobarlang-terapia.hu/wp-cron.php?doing_wp_cron=1683249479.8133020401000976562500" "WordPress/5.3.14; http://sobarlang-terapia.hu"
52.167.144.133 - - [05/May/2023:03:24:27 +0200] "GET /robots.txt HTTP/1.1" 200 114 "-" "Mozilla/5.0 AppleWebKit/537.36 (KHTML, like Gecko; compatible; bingbot/2.0; +http://www.bing.com/bingbot.htm) Chrome/103.0.5060.134 Safari/537.36"
40.77.167.117 - - [05/May/2023:03:24:33 +0200] "GET /sitemap-misc.xml.gz HTTP/1.1" 200 505 "-" "Mozilla/5.0 AppleWebKit/537.36 (KHTML, like Gecko; compatible; bingbot/2.0; +http://www.bing.com/bingbot.htm) Chrome/103.0.5060.134 Safari/537.36"
80.249.163.145 - - [05/May/2023:03:24:33 +0200] "POST /wp-cron.php?doing_wp_cron=1683249873.9460639953613281250000 HTTP/1.1" 200 20 "http://sobarlang-terapia.hu/wp-cron.php?doing_wp_cron=1683249873.9460639953613281250000" "WordPress/5.3.14; http://sobarlang-terapia.hu"
40.77.167.131 - - [05/May/2023:03:48:35 +0200] "GET /sitemap.xml.gz HTTP/1.1" 200 498 "-" "Mozilla/5.0 AppleWebKit/537.36 (KHTML, like Gecko; compatible; bingbot/2.0; +http://www.bing.com/bingbot.htm) Chrome/103.0.5060.134 Safari/537.36"
80.249.163.145 - - [05/May/2023:03:48:36 +0200] "POST /wp-cron.php?doing_wp_cron=1683251316.3303189277648925781250 HTTP/1.1" 200 20 "http://sobarlang-terapia.hu/wp-cron.php?doing_wp_cron=1683251316.3303189277648925781250" "WordPress/5.3.14; http://sobarlang-terapia.hu"
40.77.167.162 - - [05/May/2023:04:14:57 +0200] "GET /sitemap-pt-page-2019-12.xml.gz HTTP/1.1" 200 515 "-" "Mozilla/5.0 AppleWebKit/537.36 (KHTML, like Gecko; compatible; bingbot/2.0; +http://www.bing.com/bingbot.htm) Chrome/103.0.5060.134 Safari/537.36"
49.12.13.109 - - [05/May/2023:04:17:19 +0200] "HEAD / HTTP/1.1" 200 - "-" "Alert_Alligator_webmonitoring_service_1.6.3_(alertalligator.com)"
40.77.167.131 - - [05/May/2023:04:17:58 +0200] "GET /sitemap-pt-page-2012-01.xml.gz HTTP/1.1" 200 488 "-" "Mozilla/5.0 AppleWebKit/537.36 (KHTML, like Gecko; compatible; bingbot/2.0; +http://www.bing.com/bingbot.htm) Chrome/103.0.5060.134 Safari/537.36"
170.106.197.52 - - [05/May/2023:04:22:14 +0200] "GET /wp-admin/css/ HTTP/1.1" 200 1481 "binance.com" "Mozilla/5.0 (Windows NT 10.0; Win64; x64) AppleWebKit/537.36 (KHTML, like Gecko) Chrome/90.0.4430.85 Safari/537.36"
170.106.197.52 - - [05/May/2023:04:22:21 +0200] "GET /wp-content/uploads/2023/05/ HTTP/1.1" 200 360 "binance.com" "Mozilla/5.0 (Windows NT 10.0; Win64; x64) AppleWebKit/537.36 (KHTML, like Gecko) Chrome/90.0.4430.85 Safari/537.36"
170.106.197.52 - - [05/May/2023:04:22:26 +0200] "GET /wp-content/uploads/2023/04/ HTTP/1.1" 200 361 "binance.com" "Mozilla/5.0 (Windows NT 10.0; Win64; x64) AppleWebKit/537.36 (KHTML, like Gecko) Chrome/90.0.4430.85 Safari/537.36"
170.106.197.52 - - [05/May/2023:04:22:30 +0200] "GET /wp-content/uploads/ HTTP/1.1" 200 457 "binance.com" "Mozilla/5.0 (Windows NT 10.0; Win64; x64) AppleWebKit/537.36 (KHTML, like Gecko) Chrome/90.0.4430.85 Safari/537.36"
170.106.197.52 - - [05/May/2023:04:22:33 +0200] "GET /wp-content/upgrade/ HTTP/1.1" 200 350 "binance.com" "Mozilla/5.0 (Windows NT 10.0; Win64; x64) AppleWebKit/537.36 (KHTML, like Gecko) Chrome/90.0.4430.85 Safari/537.36"
170.106.197.52 - - [05/May/2023:04:22:35 +0200] "GET /wp-content/languages/ HTTP/1.1" 200 1110 "binance.com" "Mozilla/5.0 (Windows NT 10.0; Win64; x64) AppleWebKit/537.36 (KHTML, like Gecko) Chrome/90.0.4430.85 Safari/537.36"
170.106.197.52 - - [05/May/2023:04:22:38 +0200] "GET /wp-admin/includes/ HTTP/1.1" 200 1961 "binance.com" "Mozilla/5.0 (Windows NT 10.0; Win64; x64) AppleWebKit/537.36 (KHTML, like Gecko) Chrome/90.0.4430.85 Safari/537.36"
170.106.197.52 - - [05/May/2023:04:22:41 +0200] "GET /wp-admin/includes/ HTTP/1.1" 200 1961 "binance.com" "Mozilla/5.0 (Windows NT 10.0; Win64; x64) AppleWebKit/537.36 (KHTML, like Gecko) Chrome/90.0.4430.85 Safari/537.36"
170.106.197.52 - - [05/May/2023:04:22:43 +0200] "GET /wp-admin/maint/ HTTP/1.1" 200 404 "binance.com" "Mozilla/5.0 (Windows NT 10.0; Win64; x64) AppleWebKit/537.36 (KHTML, like Gecko) Chrome/90.0.4430.85 Safari/537.36"
170.106.197.52 - - [05/May/2023:04:22:46 +0200] "GET /wp-admin/maint/ HTTP/1.1" 200 404 "binance.com" "Mozilla/5.0 (Windows NT 10.0; Win64; x64) AppleWebKit/537.36 (KHTML, like Gecko) Chrome/90.0.4430.85 Safari/537.36"
170.106.197.52 - - [05/May/2023:04:22:50 +0200] "GET /wp-admin/network/ HTTP/1.1" 302 20 "binance.com" "Mozilla/5.0 (Windows NT 10.0; Win64; x64) AppleWebKit/537.36 (KHTML, like Gecko) Chrome/90.0.4430.85 Safari/537.36"
170.106.197.52 - - [05/May/2023:04:22:51 +0200] "GET /wp-login.php?redirect_to=http%3A%2F%2Fsobarlang-terapia.hu%2Fwp-admin%2Fnetwork%2F&reauth=1 HTTP/1.1" 200 1762 "binance.com" "Mozilla/5.0 (Windows NT 10.0; Win64; x64) AppleWebKit/537.36 (KHTML, like Gecko) Chrome/90.0.4430.85 Safari/537.36"
170.106.197.52 - - [05/May/2023:04:22:53 +0200] "GET /wp-admin/user/ HTTP/1.1" 302 20 "binance.com" "Mozilla/5.0 (Windows NT 10.0; Win64; x64) AppleWebKit/537.36 (KHTML, like Gecko) Chrome/90.0.4430.85 Safari/537.36"
170.106.197.52 - - [05/May/2023:04:22:55 +0200] "GET /wp-login.php?redirect_to=http%3A%2F%2Fsobarlang-terapia.hu%2Fwp-admin%2Fuser%2F&reauth=1 HTTP/1.1" 200 1762 "binance.com" "Mozilla/5.0 (Windows NT 10.0; Win64; x64) AppleWebKit/537.36 (KHTML, like Gecko) Chrome/90.0.4430.85 Safari/537.36"
170.106.197.52 - - [05/May/2023:04:23:07 +0200] "GET /wp-admin/css/ HTTP/1.1" 200 1481 "binance.com" "Mozilla/5.0 (Windows NT 10.0; Win64; x64) AppleWebKit/537.36 (KHTML, like Gecko) Chrome/90.0.4430.85 Safari/537.36"
170.106.197.52 - - [05/May/2023:04:23:12 +0200] "GET /wp-admin/css/colors/ HTTP/1.1" 200 548 "binance.com" "Mozilla/5.0 (Windows NT 10.0; Win64; x64) AppleWebKit/537.36 (KHTML, like Gecko) Chrome/90.0.4430.85 Safari/537.36"
170.106.197.52 - - [05/May/2023:04:23:14 +0200] "GET /wp-admin/css/colors/blue/ HTTP/1.1" 200 480 "binance.com" "Mozilla/5.0 (Windows NT 10.0; Win64; x64) AppleWebKit/537.36 (KHTML, like Gecko) Chrome/90.0.4430.85 Safari/537.36"
170.106.197.52 - - [05/May/2023:04:23:18 +0200] "GET /wp-admin/css/colors/coffee/ HTTP/1.1" 200 481 "binance.com" "Mozilla/5.0 (Windows NT 10.0; Win64; x64) AppleWebKit/537.36 (KHTML, like Gecko) Chrome/90.0.4430.85 Safari/537.36"
170.106.197.52 - - [05/May/2023:04:23:22 +0200] "GET /wp-admin/css/colors/ectoplasm/ HTTP/1.1" 200 484 "binance.com" "Mozilla/5.0 (Windows NT 10.0; Win64; x64) AppleWebKit/537.36 (KHTML, like Gecko) Chrome/90.0.4430.85 Safari/537.36"
170.106.197.52 - - [05/May/2023:04:23:24 +0200] "GET /wp-admin/css/colors/light/ HTTP/1.1" 200 480 "binance.com" "Mozilla/5.0 (Windows NT 10.0; Win64; x64) AppleWebKit/537.36 (KHTML, like Gecko) Chrome/90.0.4430.85 Safari/537.36"
170.106.197.52 - - [05/May/2023:04:23:26 +0200] "GET /wp-admin/css/colors/midnight/ HTTP/1.1" 200 483 "binance.com" "Mozilla/5.0 (Windows NT 10.0; Win64; x64) AppleWebKit/537.36 (KHTML, like Gecko) Chrome/90.0.4430.85 Safari/537.36"
170.106.197.52 - - [05/May/2023:04:23:28 +0200] "GET /wp-admin/css/colors/modern/ HTTP/1.1" 404 17961 "binance.com" "Mozilla/5.0 (Windows NT 10.0; Win64; x64) AppleWebKit/537.36 (KHTML, like Gecko) Chrome/90.0.4430.85 Safari/537.36"
170.106.197.52 - - [05/May/2023:04:23:31 +0200] "GET /wp-admin/css/colors/ocean/ HTTP/1.1" 200 482 "binance.com" "Mozilla/5.0 (Windows NT 10.0; Win64; x64) AppleWebKit/537.36 (KHTML, like Gecko) Chrome/90.0.4430.85 Safari/537.36"
170.106.197.52 - - [05/May/2023:04:23:33 +0200] "GET /wp-admin/css/colors/sunrise/%20 HTTP/1.1" 404 17970 "binance.com" "Mozilla/5.0 (Windows NT 10.0; Win64; x64) AppleWebKit/537.36 (KHTML, like Gecko) Chrome/90.0.4430.85 Safari/537.36"
170.106.197.52 - - [05/May/2023:04:23:35 +0200] "GET /wp-admin/images/ HTTP/1.1" 200 1245 "binance.com" "Mozilla/5.0 (Windows NT 10.0; Win64; x64) AppleWebKit/537.36 (KHTML, like Gecko) Chrome/90.0.4430.85 Safari/537.36"
170.106.197.52 - - [05/May/2023:04:23:37 +0200] "GET /wp-admin/js/ HTTP/1.1" 200 1677 "binance.com" "Mozilla/5.0 (Windows NT 10.0; Win64; x64) AppleWebKit/537.36 (KHTML, like Gecko) Chrome/90.0.4430.85 Safari/537.36"
170.106.197.52 - - [05/May/2023:04:23:38 +0200] "GET /wp-admin/js/widgets/ HTTP/1.1" 200 621 "binance.com" "Mozilla/5.0 (Windows NT 10.0; Win64; x64) AppleWebKit/537.36 (KHTML, like Gecko) Chrome/90.0.4430.85 Safari/537.36"
170.106.197.52 - - [05/May/2023:04:23:42 +0200] "GET /wp-includes/ HTTP/1.1" 200 3365 "binance.com" "Mozilla/5.0 (Windows NT 10.0; Win64; x64) AppleWebKit/537.36 (KHTML, like Gecko) Chrome/90.0.4430.85 Safari/537.36"
170.106.197.52 - - [05/May/2023:04:23:44 +0200] "GET /wp-includes/ HTTP/1.1" 200 3365 "binance.com" "Mozilla/5.0 (Windows NT 10.0; Win64; x64) AppleWebKit/537.36 (KHTML, like Gecko) Chrome/90.0.4430.85 Safari/537.36"
170.106.197.52 - - [05/May/2023:04:23:45 +0200] "GET /wp-includes/ID3/ HTTP/1.1" 200 728 "binance.com" "Mozilla/5.0 (Windows NT 10.0; Win64; x64) AppleWebKit/537.36 (KHTML, like Gecko) Chrome/90.0.4430.85 Safari/537.36"
170.106.197.52 - - [05/May/2023:04:23:46 +0200] "GET /wp-includes/ID3/ HTTP/1.1" 200 728 "binance.com" "Mozilla/5.0 (Windows NT 10.0; Win64; x64) AppleWebKit/537.36 (KHTML, like Gecko) Chrome/90.0.4430.85 Safari/537.36"
170.106.197.52 - - [05/May/2023:04:23:48 +0200] "GET /wp-includes/IXR/ HTTP/1.1" 200 570 "binance.com" "Mozilla/5.0 (Windows NT 10.0; Win64; x64) AppleWebKit/537.36 (KHTML, like Gecko) Chrome/90.0.4430.85 Safari/537.36"
170.106.197.52 - - [05/May/2023:04:23:49 +0200] "GET /wp-includes/IXR/ HTTP/1.1" 200 570 "binance.com" "Mozilla/5.0 (Windows NT 10.0; Win64; x64) AppleWebKit/537.36 (KHTML, like Gecko) Chrome/90.0.4430.85 Safari/537.36"
170.106.197.52 - - [05/May/2023:04:23:50 +0200] "GET /wp-includes/PHPMailer/ HTTP/1.1" 404 17961 "binance.com" "Mozilla/5.0 (Windows NT 10.0; Win64; x64) AppleWebKit/537.36 (KHTML, like Gecko) Chrome/90.0.4430.85 Safari/537.36"
170.106.197.52 - - [05/May/2023:04:23:52 +0200] "GET /wp-includes/Text/ HTTP/1.1" 200 432 "binance.com" "Mozilla/5.0 (Windows NT 10.0; Win64; x64) AppleWebKit/537.36 (KHTML, like Gecko) Chrome/90.0.4430.85 Safari/537.36"
170.106.197.52 - - [05/May/2023:04:23:53 +0200] "GET /wp-includes/Text/ HTTP/1.1" 200 432 "binance.com" "Mozilla/5.0 (Windows NT 10.0; Win64; x64) AppleWebKit/537.36 (KHTML, like Gecko) Chrome/90.0.4430.85 Safari/537.36"
170.106.197.52 - - [05/May/2023:04:23:54 +0200] "GET /wp-includes/Text/Diff/ HTTP/1.1" 200 452 "binance.com" "Mozilla/5.0 (Windows NT 10.0; Win64; x64) AppleWebKit/537.36 (KHTML, like Gecko) Chrome/90.0.4430.85 Safari/537.36"
170.106.197.52 - - [05/May/2023:04:23:54 +0200] "GET /wp-includes/Text/Diff/ HTTP/1.1" 200 452 "binance.com" "Mozilla/5.0 (Windows NT 10.0; Win64; x64) AppleWebKit/537.36 (KHTML, like Gecko) Chrome/90.0.4430.85 Safari/537.36"
170.106.197.52 - - [05/May/2023:04:23:56 +0200] "GET /wp-includes/Text/Diff/Engine/ HTTP/1.1" 200 465 "binance.com" "Mozilla/5.0 (Windows NT 10.0; Win64; x64) AppleWebKit/537.36 (KHTML, like Gecko) Chrome/90.0.4430.85 Safari/537.36"
170.106.197.52 - - [05/May/2023:04:23:57 +0200] "GET /wp-includes/Text/Diff/Engine/ HTTP/1.1" 200 465 "binance.com" "Mozilla/5.0 (Windows NT 10.0; Win64; x64) AppleWebKit/537.36 (KHTML, like Gecko) Chrome/90.0.4430.85 Safari/537.36"
170.106.197.52 - - [05/May/2023:04:23:58 +0200] "GET /wp-includes/Text/Diff/Renderer/ HTTP/1.1" 200 420 "binance.com" "Mozilla/5.0 (Windows NT 10.0; Win64; x64) AppleWebKit/537.36 (KHTML, like Gecko) Chrome/90.0.4430.85 Safari/537.36"
170.106.197.52 - - [05/May/2023:04:23:59 +0200] "GET /wp-includes/Text/Diff/Renderer/ HTTP/1.1" 200 420 "binance.com" "Mozilla/5.0 (Windows NT 10.0; Win64; x64) AppleWebKit/537.36 (KHTML, like Gecko) Chrome/90.0.4430.85 Safari/537.36"
170.106.197.52 - - [05/May/2023:04:24:01 +0200] "GET /wp-includes/blocks/ HTTP/1.1" 200 596 "binance.com" "Mozilla/5.0 (Windows NT 10.0; Win64; x64) AppleWebKit/537.36 (KHTML, like Gecko) Chrome/90.0.4430.85 Safari/537.36"
170.106.197.52 - - [05/May/2023:04:24:02 +0200] "GET /wp-includes/blocks/ HTTP/1.1" 200 596 "binance.com" "Mozilla/5.0 (Windows NT 10.0; Win64; x64) AppleWebKit/537.36 (KHTML, like Gecko) Chrome/90.0.4430.85 Safari/537.36"
170.106.197.52 - - [05/May/2023:04:24:03 +0200] "GET /wp-includes/pomo/ HTTP/1.1" 200 487 "binance.com" "Mozilla/5.0 (Windows NT 10.0; Win64; x64) AppleWebKit/537.36 (KHTML, like Gecko) Chrome/90.0.4430.85 Safari/537.36"
170.106.197.52 - - [05/May/2023:04:24:05 +0200] "GET /wp-includes/pomo/ HTTP/1.1" 200 487 "binance.com" "Mozilla/5.0 (Windows NT 10.0; Win64; x64) AppleWebKit/537.36 (KHTML, like Gecko) Chrome/90.0.4430.85 Safari/537.36"
170.106.197.52 - - [05/May/2023:04:24:07 +0200] "GET /wp-includes/sitemaps/ HTTP/1.1" 404 17958 "binance.com" "Mozilla/5.0 (Windows NT 10.0; Win64; x64) AppleWebKit/537.36 (KHTML, like Gecko) Chrome/90.0.4430.85 Safari/537.36"
170.106.197.52 - - [05/May/2023:04:24:12 +0200] "GET /wp-includes/sitemaps/providers/ HTTP/1.1" 404 17967 "binance.com" "Mozilla/5.0 (Windows NT 10.0; Win64; x64) AppleWebKit/537.36 (KHTML, like Gecko) Chrome/90.0.4430.85 Safari/537.36"
170.106.197.52 - - [05/May/2023:04:24:21 +0200] "GET /wp-includes/widgets/ HTTP/1.1" 200 687 "binance.com" "Mozilla/5.0 (Windows NT 10.0; Win64; x64) AppleWebKit/537.36 (KHTML, like Gecko) Chrome/90.0.4430.85 Safari/537.36"
170.106.197.52 - - [05/May/2023:04:24:24 +0200] "GET /wp-includes/widgets/ HTTP/1.1" 200 687 "binance.com" "Mozilla/5.0 (Windows NT 10.0; Win64; x64) AppleWebKit/537.36 (KHTML, like Gecko) Chrome/90.0.4430.85 Safari/537.36"
170.106.197.52 - - [05/May/2023:04:24:30 +0200] "GET /wp-includes/css/ HTTP/1.1" 200 875 "binance.com" "Mozilla/5.0 (Windows NT 10.0; Win64; x64) AppleWebKit/537.36 (KHTML, like Gecko) Chrome/90.0.4430.85 Safari/537.36"
170.106.197.52 - - [05/May/2023:04:24:33 +0200] "GET /wp-includes/css/dist/ HTTP/1.1" 200 492 "binance.com" "Mozilla/5.0 (Windows NT 10.0; Win64; x64) AppleWebKit/537.36 (KHTML, like Gecko) Chrome/90.0.4430.85 Safari/537.36"
170.106.197.52 - - [05/May/2023:04:24:36 +0200] "GET /wp-includes/fonts/ HTTP/1.1" 200 479 "binance.com" "Mozilla/5.0 (Windows NT 10.0; Win64; x64) AppleWebKit/537.36 (KHTML, like Gecko) Chrome/90.0.4430.85 Safari/537.36"
170.106.197.52 - - [05/May/2023:04:24:41 +0200] "GET /wp-includes/images/ HTTP/1.1" 200 800 "binance.com" "Mozilla/5.0 (Windows NT 10.0; Win64; x64) AppleWebKit/537.36 (KHTML, like Gecko) Chrome/90.0.4430.85 Safari/537.36"
170.106.197.52 - - [05/May/2023:04:24:46 +0200] "GET /wp-includes/images/crystal/ HTTP/1.1" 200 570 "binance.com" "Mozilla/5.0 (Windows NT 10.0; Win64; x64) AppleWebKit/537.36 (KHTML, like Gecko) Chrome/90.0.4430.85 Safari/537.36"
170.106.197.52 - - [05/May/2023:04:24:49 +0200] "GET /wp-includes/images/media/ HTTP/1.1" 200 539 "binance.com" "Mozilla/5.0 (Windows NT 10.0; Win64; x64) AppleWebKit/537.36 (KHTML, like Gecko) Chrome/90.0.4430.85 Safari/537.36"
170.106.197.52 - - [05/May/2023:04:24:52 +0200] "GET /wp-includes/images/smilies/ HTTP/1.1" 200 749 "binance.com" "Mozilla/5.0 (Windows NT 10.0; Win64; x64) AppleWebKit/537.36 (KHTML, like Gecko) Chrome/90.0.4430.85 Safari/537.36"
170.106.197.52 - - [05/May/2023:04:24:54 +0200] "GET /wp-includes/images/wlw/ HTTP/1.1" 200 451 "binance.com" "Mozilla/5.0 (Windows NT 10.0; Win64; x64) AppleWebKit/537.36 (KHTML, like Gecko) Chrome/90.0.4430.85 Safari/537.36"
170.106.197.52 - - [05/May/2023:04:24:57 +0200] "GET /wp-includes/js/%20 HTTP/1.1" 404 17960 "binance.com" "Mozilla/5.0 (Windows NT 10.0; Win64; x64) AppleWebKit/537.36 (KHTML, like Gecko) Chrome/90.0.4430.85 Safari/537.36"
80.249.163.145 - - [05/May/2023:04:24:58 +0200] "POST /wp-cron.php?doing_wp_cron=1683253497.9895789623260498046875 HTTP/1.1" 200 20 "http://sobarlang-terapia.hu/wp-cron.php?doing_wp_cron=1683253497.9895789623260498046875" "WordPress/5.3.14; http://sobarlang-terapia.hu"
170.106.197.52 - - [05/May/2023:04:25:01 +0200] "GET /wp-includes/js/codemirror/ HTTP/1.1" 200 531 "binance.com" "Mozilla/5.0 (Windows NT 10.0; Win64; x64) AppleWebKit/537.36 (KHTML, like Gecko) Chrome/90.0.4430.85 Safari/537.36"
170.106.197.52 - - [05/May/2023:04:25:05 +0200] "GET /wp-includes/js/plupload/ HTTP/1.1" 200 549 "binance.com" "Mozilla/5.0 (Windows NT 10.0; Win64; x64) AppleWebKit/537.36 (KHTML, like Gecko) Chrome/90.0.4430.85 Safari/537.36"
170.106.197.52 - - [05/May/2023:04:25:10 +0200] "GET /.well-known/ HTTP/1.1" 404 17951 "binance.com" "Mozilla/5.0 (Windows NT 10.0; Win64; x64) AppleWebKit/537.36 (KHTML, like Gecko) Chrome/90.0.4430.85 Safari/537.36"
94.182.153.220 - - [05/May/2023:04:54:38 +0200] "GET /wp-login.php HTTP/1.1" 200 1762 "" "Mozilla/5.0 (Windows NT 6.3; Win64; x64; rv:109.0) Gecko/20100101 Firefox/111.0"
94.182.153.220 - - [05/May/2023:04:54:40 +0200] "POST /wp-login.php HTTP/1.1" 200 2151 "http://sobarlang-terapia.hu/wp-login.php?redirect_to=http%3A%2F%2Fsobarlang-terapia.hu%2Fwp-admin%2F" "Mozilla/5.0 (Windows NT 6.3; Win64; x64; rv:109.0) Gecko/20100101 Firefox/111.0"
212.237.51.151 - - [05/May/2023:05:18:33 +0200] "HEAD / HTTP/1.1" 200 - "-" "Alert_Alligator_webmonitoring_service_1.6.4_(alertalligator.com)"
45.252.251.43 - - [05/May/2023:05:31:23 +0200] "GET /wp-login.php HTTP/1.1" 200 1762 "" "Mozilla/5.0 (Windows NT 6.3; Win64; x64; rv:109.0) Gecko/20100101 Firefox/111.0"
80.249.163.145 - - [05/May/2023:05:31:24 +0200] "POST /wp-cron.php?doing_wp_cron=1683257484.5432350635528564453125 HTTP/1.1" 200 20 "http://sobarlang-terapia.hu/wp-cron.php?doing_wp_cron=1683257484.5432350635528564453125" "WordPress/5.3.14; http://sobarlang-terapia.hu"
45.252.251.43 - - [05/May/2023:05:31:26 +0200] "POST /wp-login.php HTTP/1.1" 200 2151 "http://sobarlang-terapia.hu/wp-login.php?redirect_to=http%3A%2F%2Fsobarlang-terapia.hu%2Fwp-admin%2F" "Mozilla/5.0 (Windows NT 6.3; Win64; x64; rv:109.0) Gecko/20100101 Firefox/111.0"
49.12.13.109 - - [05/May/2023:05:45:38 +0200] "HEAD / HTTP/1.1" 200 - "-" "Alert_Alligator_webmonitoring_service_1.6.4_(alertalligator.com)"
49.12.13.109 - - [05/May/2023:06:47:46 +0200] "HEAD / HTTP/1.1" 200 - "-" "Alert_Alligator_webmonitoring_service_1.6.3_(alertalligator.com)"
80.249.163.145 - - [05/May/2023:06:47:47 +0200] "POST /wp-cron.php?doing_wp_cron=1683262067.2670199871063232421875 HTTP/1.1" 200 20 "http://sobarlang-terapia.hu/wp-cron.php?doing_wp_cron=1683262067.2670199871063232421875" "WordPress/5.3.14; http://sobarlang-terapia.hu"
49.12.13.109 - - [05/May/2023:07:14:09 +0200] "HEAD / HTTP/1.1" 200 - "-" "Alert_Alligator_webmonitoring_service_1.6.4_(alertalligator.com)"
78.135.107.183 - - [05/May/2023:07:40:55 +0200] "GET /wp-login.php HTTP/1.1" 200 1762 "" "Mozilla/5.0 (Windows NT 6.3; Win64; x64; rv:109.0) Gecko/20100101 Firefox/111.0"
80.249.163.145 - - [05/May/2023:07:40:57 +0200] "POST /wp-cron.php?doing_wp_cron=1683265257.8744750022888183593750 HTTP/1.1" 200 20 "http://sobarlang-terapia.hu/wp-cron.php?doing_wp_cron=1683265257.8744750022888183593750" "WordPress/5.3.14; http://sobarlang-terapia.hu"
78.135.107.183 - - [05/May/2023:07:40:59 +0200] "POST /wp-login.php HTTP/1.1" 200 2151 "http://sobarlang-terapia.hu/wp-login.php?redirect_to=http%3A%2F%2Fsobarlang-terapia.hu%2Fwp-admin%2F" "Mozilla/5.0 (Windows NT 6.3; Win64; x64; rv:109.0) Gecko/20100101 Firefox/111.0"
49.12.13.109 - - [05/May/2023:08:13:16 +0200] "HEAD / HTTP/1.1" 200 - "-" "Alert_Alligator_webmonitoring_service_1.6.3_(alertalligator.com)"
49.12.13.109 - - [05/May/2023:09:12:49 +0200] "HEAD / HTTP/1.1" 200 - "-" "Alert_Alligator_webmonitoring_service_1.6.3_(alertalligator.com)"
80.249.163.145 - - [05/May/2023:09:12:50 +0200] "POST /wp-cron.php?doing_wp_cron=1683270770.2820050716400146484375 HTTP/1.1" 200 20 "http://sobarlang-terapia.hu/wp-cron.php?doing_wp_cron=1683270770.2820050716400146484375" "WordPress/5.3.14; http://sobarlang-terapia.hu"
34.150.240.133 - - [05/May/2023:09:27:13 +0200] "GET /wp-login.php HTTP/1.1" 200 4807 "-" "Mozilla/5.0 (Windows NT 6.1) AppleWebKit/537.36 (KHTML, like Gecko) Chrome/45.0.2454.85 Safari/537.36 OPR/32.0.1948.45"
80.249.163.145 - - [05/May/2023:09:27:13 +0200] "POST /wp-cron.php?doing_wp_cron=1683271633.9396409988403320312500 HTTP/1.1" 200 20 "http://sobarlang-terapia.hu/wp-cron.php?doing_wp_cron=1683271633.9396409988403320312500" "WordPress/5.3.14; http://sobarlang-terapia.hu"
34.150.240.133 - - [05/May/2023:09:27:16 +0200] "POST /wp-login.php HTTP/1.1" 200 5717 "http://sobarlang-terapia.hu/wp-login.php" "Mozilla/5.0 (Windows NT 6.1) AppleWebKit/537.36 (KHTML, like Gecko) Chrome/45.0.2454.85 Safari/537.36 OPR/32.0.1948.45"
68.183.25.83 - - [05/May/2023:10:04:23 +0200] "GET /wp-login.php HTTP/1.1" 200 1762 "" "Mozilla/5.0 (Windows NT 6.3; Win64; x64; rv:109.0) Gecko/20100101 Firefox/111.0"
68.183.25.83 - - [05/May/2023:10:04:26 +0200] "POST /wp-login.php HTTP/1.1" 200 2151 "http://sobarlang-terapia.hu/wp-login.php?redirect_to=http%3A%2F%2Fsobarlang-terapia.hu%2Fwp-admin%2F" "Mozilla/5.0 (Windows NT 6.3; Win64; x64; rv:109.0) Gecko/20100101 Firefox/111.0"
80.249.163.145 - - [05/May/2023:10:04:24 +0200] "POST /wp-cron.php?doing_wp_cron=1683273864.8926160335540771484375 HTTP/1.1" 200 20 "http://sobarlang-terapia.hu/wp-cron.php?doing_wp_cron=1683273864.8926160335540771484375" "WordPress/5.3.14; http://sobarlang-terapia.hu"
49.12.13.109 - - [05/May/2023:10:11:56 +0200] "HEAD / HTTP/1.1" 200 - "-" "Alert_Alligator_webmonitoring_service_1.6.3_(alertalligator.com)"
128.199.26.128 - - [05/May/2023:10:49:30 +0200] "GET /wp-login.php HTTP/1.1" 200 1762 "" "Mozilla/5.0 (Windows NT 6.3; Win64; x64; rv:109.0) Gecko/20100101 Firefox/111.0"
80.249.163.145 - - [05/May/2023:10:49:31 +0200] "POST /wp-cron.php?doing_wp_cron=1683276571.4657700061798095703125 HTTP/1.1" 200 20 "http://sobarlang-terapia.hu/wp-cron.php?doing_wp_cron=1683276571.4657700061798095703125" "WordPress/5.3.14; http://sobarlang-terapia.hu"
128.199.26.128 - - [05/May/2023:10:49:33 +0200] "POST /wp-login.php HTTP/1.1" 200 2151 "http://sobarlang-terapia.hu/wp-login.php?redirect_to=http%3A%2F%2Fsobarlang-terapia.hu%2Fwp-admin%2F" "Mozilla/5.0 (Windows NT 6.3; Win64; x64; rv:109.0) Gecko/20100101 Firefox/111.0"
212.237.51.151 - - [05/May/2023:10:58:46 +0200] "HEAD / HTTP/1.1" 200 - "-" "Alert_Alligator_webmonitoring_service_1.6.4_(alertalligator.com)"
95.214.26.15 - - [05/May/2023:11:05:10 +0200] "GET /wp-content/updates.php HTTP/1.1" 200 18334 "-" "Mozilla/5.0 (Windows; U; Windows NT 6.1; en-US; rv:1.9.1.5) Gecko/20091102 Firefox/3.5.5 (.NET CLR 3.5.30729)"
49.12.13.109 - - [05/May/2023:11:24:38 +0200] "HEAD / HTTP/1.1" 200 - "-" "Alert_Alligator_webmonitoring_service_1.6.4_(alertalligator.com)"
80.249.163.145 - - [05/May/2023:11:24:39 +0200] "POST /wp-cron.php?doing_wp_cron=1683278679.6262249946594238281250 HTTP/1.1" 200 20 "http://sobarlang-terapia.hu/wp-cron.php?doing_wp_cron=1683278679.6262249946594238281250" "WordPress/5.3.14; http://sobarlang-terapia.hu"
212.237.51.151 - - [05/May/2023:12:22:42 +0200] "HEAD / HTTP/1.1" 200 - "-" "Alert_Alligator_webmonitoring_service_1.6.4_(alertalligator.com)"
89.253.225.164 - - [05/May/2023:13:12:30 +0200] "GET /wp-login.php HTTP/1.1" 200 1762 "" "Mozilla/5.0 (Windows NT 6.3; Win64; x64; rv:109.0) Gecko/20100101 Firefox/111.0"
80.249.163.145 - - [05/May/2023:13:12:31 +0200] "POST /wp-cron.php?doing_wp_cron=1683285151.2502210140228271484375 HTTP/1.1" 200 20 "http://sobarlang-terapia.hu/wp-cron.php?doing_wp_cron=1683285151.2502210140228271484375" "WordPress/5.3.14; http://sobarlang-terapia.hu"
89.253.225.164 - - [05/May/2023:13:12:32 +0200] "POST /wp-login.php HTTP/1.1" 200 2151 "http://sobarlang-terapia.hu/wp-login.php?redirect_to=http%3A%2F%2Fsobarlang-terapia.hu%2Fwp-admin%2F" "Mozilla/5.0 (Windows NT 6.3; Win64; x64; rv:109.0) Gecko/20100101 Firefox/111.0"
49.12.13.109 - - [05/May/2023:13:24:45 +0200] "HEAD / HTTP/1.1" 200 - "-" "Alert_Alligator_webmonitoring_service_1.6.3_(alertalligator.com)"
80.249.163.145 - - [05/May/2023:13:24:46 +0200] "POST /wp-cron.php?doing_wp_cron=1683285886.5332880020141601562500 HTTP/1.1" 200 20 "http://sobarlang-terapia.hu/wp-cron.php?doing_wp_cron=1683285886.5332880020141601562500" "WordPress/5.3.14; http://sobarlang-terapia.hu"
49.12.13.109 - - [05/May/2023:14:22:02 +0200] "HEAD / HTTP/1.1" 200 - "-" "Alert_Alligator_webmonitoring_service_1.6.3_(alertalligator.com)"
49.12.13.109 - - [05/May/2023:15:21:07 +0200] "HEAD / HTTP/1.1" 200 - "-" "Alert_Alligator_webmonitoring_service_1.6.3_(alertalligator.com)"
80.249.163.145 - - [05/May/2023:15:21:08 +0200] "POST /wp-cron.php?doing_wp_cron=1683292868.1981530189514160156250 HTTP/1.1" 200 20 "http://sobarlang-terapia.hu/wp-cron.php?doing_wp_cron=1683292868.1981530189514160156250" "WordPress/5.3.14; http://sobarlang-terapia.hu"
212.237.51.151 - - [05/May/2023:16:07:29 +0200] "HEAD / HTTP/1.1" 200 - "-" "Alert_Alligator_webmonitoring_service_1.6.4_(alertalligator.com)"
80.249.163.145 - - [05/May/2023:16:07:30 +0200] "POST /wp-cron.php?doing_wp_cron=1683295650.6305470466613769531250 HTTP/1.1" 200 20 "http://sobarlang-terapia.hu/wp-cron.php?doing_wp_cron=1683295650.6305470466613769531250" "WordPress/5.3.14; http://sobarlang-terapia.hu"
49.12.13.109 - - [05/May/2023:16:34:56 +0200] "HEAD / HTTP/1.1" 200 - "-" "Alert_Alligator_webmonitoring_service_1.6.4_(alertalligator.com)"
80.249.163.145 - - [05/May/2023:16:34:57 +0200] "POST /wp-cron.php?doing_wp_cron=1683297297.6756660938262939453125 HTTP/1.1" 200 20 "http://sobarlang-terapia.hu/wp-cron.php?doing_wp_cron=1683297297.6756660938262939453125" "WordPress/5.3.14; http://sobarlang-terapia.hu"
212.237.51.151 - - [05/May/2023:17:18:53 +0200] "HEAD / HTTP/1.1" 200 - "-" "Alert_Alligator_webmonitoring_service_1.6.4_(alertalligator.com)"
4.150.8.248 - - [05/May/2023:17:38:37 +0200] "GET /.env HTTP/1.1" 404 52282 "-" "Mozilla/5.0 (Windows NT 10.0; Win64; x64) AppleWebKit/537.36 (KHTML, like Gecko) Chrome/93.0.4577.63 Safari/537.3"
49.12.13.109 - - [05/May/2023:17:45:43 +0200] "HEAD / HTTP/1.1" 200 - "-" "Alert_Alligator_webmonitoring_service_1.6.4_(alertalligator.com)"
80.249.163.145 - - [05/May/2023:17:45:44 +0200] "POST /wp-cron.php?doing_wp_cron=1683301544.6432108879089355468750 HTTP/1.1" 200 20 "http://sobarlang-terapia.hu/wp-cron.php?doing_wp_cron=1683301544.6432108879089355468750" "WordPress/5.3.14; http://sobarlang-terapia.hu"
49.12.13.109 - - [05/May/2023:18:42:43 +0200] "HEAD / HTTP/1.1" 200 - "-" "Alert_Alligator_webmonitoring_service_1.6.3_(alertalligator.com)"
80.249.163.145 - - [05/May/2023:18:42:43 +0200] "POST /wp-cron.php?doing_wp_cron=1683304963.8129570484161376953125 HTTP/1.1" 200 20 "http://sobarlang-terapia.hu/wp-cron.php?doing_wp_cron=1683304963.8129570484161376953125" "WordPress/5.3.14; http://sobarlang-terapia.hu"
49.12.13.109 - - [05/May/2023:19:40:29 +0200] "HEAD / HTTP/1.1" 200 - "-" "Alert_Alligator_webmonitoring_service_1.6.3_(alertalligator.com)"
80.249.163.145 - - [05/May/2023:19:40:30 +0200] "POST /wp-cron.php?doing_wp_cron=1683308430.0367920398712158203125 HTTP/1.1" 200 20 "http://sobarlang-terapia.hu/wp-cron.php?doing_wp_cron=1683308430.0367920398712158203125" "WordPress/5.3.14; http://sobarlang-terapia.hu"
49.12.13.109 - - [05/May/2023:20:40:17 +0200] "HEAD / HTTP/1.1" 200 - "-" "Alert_Alligator_webmonitoring_service_1.6.3_(alertalligator.com)"
80.249.163.145 - - [05/May/2023:20:40:20 +0200] "POST /wp-cron.php?doing_wp_cron=1683312020.1222488880157470703125 HTTP/1.1" 200 20 "http://sobarlang-terapia.hu/wp-cron.php?doing_wp_cron=1683312020.1222488880157470703125" "WordPress/5.3.14; http://sobarlang-terapia.hu"
3.6.23.70 - - [05/May/2023:21:00:36 +0200] "GET /wp-login.php HTTP/1.1" 200 1762 "" "Mozilla/5.0 (Windows NT 6.3; Win64; x64; rv:109.0) Gecko/20100101 Firefox/111.0"
3.6.23.70 - - [05/May/2023:21:00:40 +0200] "POST /wp-login.php HTTP/1.1" 200 2151 "http://sobarlang-terapia.hu/wp-login.php?redirect_to=http%3A%2F%2Fsobarlang-terapia.hu%2Fwp-admin%2F" "Mozilla/5.0 (Windows NT 6.3; Win64; x64; rv:109.0) Gecko/20100101 Firefox/111.0"
49.12.13.109 - - [05/May/2023:21:39:27 +0200] "HEAD / HTTP/1.1" 200 - "-" "Alert_Alligator_webmonitoring_service_1.6.3_(alertalligator.com)"
80.249.163.145 - - [05/May/2023:21:39:29 +0200] "POST /wp-cron.php?doing_wp_cron=1683315569.6940860748291015625000 HTTP/1.1" 200 20 "http://sobarlang-terapia.hu/wp-cron.php?doing_wp_cron=1683315569.6940860748291015625000" "WordPress/5.3.14; http://sobarlang-terapia.hu"
49.12.13.109 - - [05/May/2023:22:05:28 +0200] "HEAD / HTTP/1.1" 200 - "-" "Alert_Alligator_webmonitoring_service_1.6.4_(alertalligator.com)"
54.36.149.44 - - [05/May/2023:22:08:40 +0200] "GET / HTTP/1.1" 200 18012 "-" "Mozilla/5.0 (compatible; AhrefsBot/7.0; +http://ahrefs.com/robot/)"
54.36.148.231 - - [05/May/2023:22:08:46 +0200] "GET /wp-includes/js/wp-embed.min.js?ver=5.3.14 HTTP/1.1" 200 739 "-" "Mozilla/5.0 (compatible; AhrefsBot/7.0; +http://ahrefs.com/robot/)"
54.36.148.216 - - [05/May/2023:22:08:49 +0200] "GET /wp-content/themes/twentyseventeen/assets/js/jquery.scrollTo.js?ver=2.1.2 HTTP/1.1" 200 2409 "-" "Mozilla/5.0 (compatible; AhrefsBot/7.0; +http://ahrefs.com/robot/)"
54.36.149.85 - - [05/May/2023:22:08:50 +0200] "GET /wp-content/themes/twentyseventeen/style.css?ver=20190507 HTTP/1.1" 200 15806 "-" "Mozilla/5.0 (compatible; AhrefsBot/7.0; +http://ahrefs.com/robot/)"
54.36.148.28 - - [05/May/2023:22:08:54 +0200] "GET /wp-content/themes/twentyseventeen/assets/css/blocks.css?ver=20190105 HTTP/1.1" 200 1862 "-" "Mozilla/5.0 (compatible; AhrefsBot/7.0; +http://ahrefs.com/robot/)"
54.36.148.210 - - [05/May/2023:22:08:55 +0200] "GET /wp-includes/css/dist/block-library/theme.min.css?ver=5.3.14 HTTP/1.1" 200 639 "-" "Mozilla/5.0 (compatible; AhrefsBot/7.0; +http://ahrefs.com/robot/)"
54.36.149.20 - - [05/May/2023:22:08:57 +0200] "GET /wp-includes/css/dist/block-library/style.min.css?ver=5.3.14 HTTP/1.1" 200 6132 "-" "Mozilla/5.0 (compatible; AhrefsBot/7.0; +http://ahrefs.com/robot/)"
54.36.148.59 - - [05/May/2023:22:09:00 +0200] "GET /wp-includes/js/jquery/jquery.js?ver=1.12.4-wp HTTP/1.1" 200 33776 "-" "Mozilla/5.0 (compatible; AhrefsBot/7.0; +http://ahrefs.com/robot/)"
54.36.148.35 - - [05/May/2023:22:09:11 +0200] "GET /wp-includes/js/jquery/jquery-migrate.min.js?ver=1.4.1 HTTP/1.1" 200 4014 "-" "Mozilla/5.0 (compatible; AhrefsBot/7.0; +http://ahrefs.com/robot/)"
54.36.148.213 - - [05/May/2023:22:09:12 +0200] "GET /wp-content/themes/twentyseventeen/assets/js/skip-link-focus-fix.js?ver=20161114 HTTP/1.1" 200 416 "-" "Mozilla/5.0 (compatible; AhrefsBot/7.0; +http://ahrefs.com/robot/)"
54.36.148.55 - - [05/May/2023:22:09:15 +0200] "GET /wp-content/themes/twentyseventeen/assets/js/global.js?ver=20190121 HTTP/1.1" 200 2612 "-" "Mozilla/5.0 (compatible; AhrefsBot/7.0; +http://ahrefs.com/robot/)"
52.167.144.133 - - [05/May/2023:22:51:12 +0200] "GET /robots.txt HTTP/1.1" 200 114 "-" "Mozilla/5.0 AppleWebKit/537.36 (KHTML, like Gecko; compatible; bingbot/2.0; +http://www.bing.com/bingbot.htm) Chrome/103.0.5060.134 Safari/537.36"
80.249.163.145 - - [05/May/2023:22:51:13 +0200] "POST /wp-cron.php?doing_wp_cron=1683319873.5458939075469970703125 HTTP/1.1" 200 20 "http://sobarlang-terapia.hu/wp-cron.php?doing_wp_cron=1683319873.5458939075469970703125" "WordPress/5.3.14; http://sobarlang-terapia.hu"
40.77.167.117 - - [05/May/2023:22:51:22 +0200] "GET /asztma-sobarlang-terapia.htm HTTP/1.1" 404 17962 "-" "Mozilla/5.0 AppleWebKit/537.36 (KHTML, like Gecko; compatible; bingbot/2.0; +http://www.bing.com/bingbot.htm) Chrome/103.0.5060.134 Safari/537.36"
49.12.13.109 - - [05/May/2023:23:04:35 +0200] "HEAD / HTTP/1.1" 200 - "-" "Alert_Alligator_webmonitoring_service_1.6.3_(alertalligator.com)"
40.77.167.162 - - [05/May/2023:23:14:56 +0200] "GET /otthonihasznalat.htm HTTP/1.1" 404 17959 "-" "Mozilla/5.0 AppleWebKit/537.36 (KHTML, like Gecko; compatible; bingbot/2.0; +http://www.bing.com/bingbot.htm) Chrome/103.0.5060.134 Safari/537.36"
212.237.51.151 - - [05/May/2023:23:49:56 +0200] "HEAD / HTTP/1.1" 200 - "-" "Alert_Alligator_webmonitoring_service_1.6.4_(alertalligator.com)"
80.249.163.145 - - [05/May/2023:23:49:57 +0200] "POST /wp-cron.php?doing_wp_cron=1683323397.0277230739593505859375 HTTP/1.1" 200 20 "http://sobarlang-terapia.hu/wp-cron.php?doing_wp_cron=1683323397.0277230739593505859375" "WordPress/5.3.14; http://sobarlang-terapia.hu"
62.168.39.202 - - [06/May/2023:00:20:47 +0200] "GET / HTTP/1.1" 200 18012 "-" "Mozilla/5.0 (Windows NT 10.0; Win64; x64) AppleWebKit/537.36 (KHTML, like Gecko) Chrome/69.0.3497.100 Safari/537.36"
80.249.163.145 - - [06/May/2023:00:20:48 +0200] "POST /wp-cron.php?doing_wp_cron=1683325248.3965990543365478515625 HTTP/1.1" 200 20 "http://sobarlang-terapia.hu/wp-cron.php?doing_wp_cron=1683325248.3965990543365478515625" "WordPress/5.3.14; http://sobarlang-terapia.hu"
62.168.39.202 - - [06/May/2023:00:21:21 +0200] "GET / HTTP/1.1" 200 18012 "-" "Mozilla/5.0 (Windows NT 10.0; Win64; x64) AppleWebKit/537.36 (KHTML, like Gecko) Chrome/69.0.3497.100 Safari/537.36"
212.237.51.151 - - [06/May/2023:00:39:27 +0200] "HEAD / HTTP/1.1" 200 - "-" "Alert_Alligator_webmonitoring_service_1.6.4_(alertalligator.com)"
80.249.163.145 - - [06/May/2023:00:39:29 +0200] "POST /wp-cron.php?doing_wp_cron=1683326369.0237970352172851562500 HTTP/1.1" 200 20 "http://sobarlang-terapia.hu/wp-cron.php?doing_wp_cron=1683326369.0237970352172851562500" "WordPress/5.3.14; http://sobarlang-terapia.hu"
212.237.51.151 - - [06/May/2023:01:30:26 +0200] "HEAD / HTTP/1.1" 200 - "-" "Alert_Alligator_webmonitoring_service_1.6.4_(alertalligator.com)"
80.249.163.145 - - [06/May/2023:01:30:26 +0200] "POST /wp-cron.php?doing_wp_cron=1683329426.8178920745849609375000 HTTP/1.1" 200 20 "http://sobarlang-terapia.hu/wp-cron.php?doing_wp_cron=1683329426.8178920745849609375000" "WordPress/5.3.14; http://sobarlang-terapia.hu"
54.36.148.231 - - [06/May/2023:01:41:55 +0200] "GET /robots.txt HTTP/1.1" 200 114 "-" "Mozilla/5.0 (compatible; AhrefsBot/7.0; +http://ahrefs.com/robot/)"
54.36.148.59 - - [06/May/2023:01:42:04 +0200] "GET / HTTP/1.1" 200 18015 "-" "Mozilla/5.0 (compatible; AhrefsBot/7.0; +http://ahrefs.com/robot/)"
49.12.13.109 - - [06/May/2023:02:29:30 +0200] "HEAD / HTTP/1.1" 200 - "-" "Alert_Alligator_webmonitoring_service_1.6.3_(alertalligator.com)"
80.249.163.145 - - [06/May/2023:02:29:31 +0200] "POST /wp-cron.php?doing_wp_cron=1683332971.0278570652008056640625 HTTP/1.1" 200 20 "http://sobarlang-terapia.hu/wp-cron.php?doing_wp_cron=1683332971.0278570652008056640625" "WordPress/5.3.14; http://sobarlang-terapia.hu"
49.12.13.109 - - [06/May/2023:03:50:16 +0200] "HEAD / HTTP/1.1" 200 - "-" "Alert_Alligator_webmonitoring_service_1.6.3_(alertalligator.com)"
80.249.163.145 - - [06/May/2023:03:50:17 +0200] "POST /wp-cron.php?doing_wp_cron=1683337817.2955300807952880859375 HTTP/1.1" 200 20 "http://sobarlang-terapia.hu/wp-cron.php?doing_wp_cron=1683337817.2955300807952880859375" "WordPress/5.3.14; http://sobarlang-terapia.hu"
34.175.73.202 - - [06/May/2023:04:00:15 +0200] "GET /wp-login.php HTTP/1.1" 200 1762 "" "Mozilla/5.0 (Windows NT 6.3; Win64; x64; rv:109.0) Gecko/20100101 Firefox/111.0"
34.175.73.202 - - [06/May/2023:04:00:17 +0200] "POST /wp-login.php HTTP/1.1" 200 2151 "http://sobarlang-terapia.hu/wp-login.php?redirect_to=http%3A%2F%2Fsobarlang-terapia.hu%2Fwp-admin%2F" "Mozilla/5.0 (Windows NT 6.3; Win64; x64; rv:109.0) Gecko/20100101 Firefox/111.0"
212.237.51.151 - - [06/May/2023:04:39:27 +0200] "HEAD / HTTP/1.1" 200 - "-" "Alert_Alligator_webmonitoring_service_1.6.4_(alertalligator.com)"
80.249.163.145 - - [06/May/2023:04:39:28 +0200] "POST /wp-cron.php?doing_wp_cron=1683340768.0957429409027099609375 HTTP/1.1" 200 20 "http://sobarlang-terapia.hu/wp-cron.php?doing_wp_cron=1683340768.0957429409027099609375" "WordPress/5.3.14; http://sobarlang-terapia.hu"
66.249.66.14 - - [06/May/2023:04:41:22 +0200] "GET /robots.txt HTTP/1.1" 200 114 "-" "Mozilla/5.0 (compatible; Googlebot/2.1; +http://www.google.com/bot.html)"
66.249.66.39 - - [06/May/2023:04:41:23 +0200] "GET /sitemap-pt-page-2012-01.xml HTTP/1.1" 200 487 "-" "Mozilla/5.0 (compatible; Googlebot/2.1; +http://www.google.com/bot.html)"
212.237.51.151 - - [06/May/2023:06:22:05 +0200] "HEAD / HTTP/1.1" 200 - "-" "Alert_Alligator_webmonitoring_service_1.6.4_(alertalligator.com)"
80.249.163.145 - - [06/May/2023:06:22:07 +0200] "POST /wp-cron.php?doing_wp_cron=1683346927.4999849796295166015625 HTTP/1.1" 200 20 "http://sobarlang-terapia.hu/wp-cron.php?doing_wp_cron=1683346927.4999849796295166015625" "WordPress/5.3.14; http://sobarlang-terapia.hu"
49.12.13.109 - - [06/May/2023:07:29:46 +0200] "HEAD / HTTP/1.1" 200 - "-" "Alert_Alligator_webmonitoring_service_1.6.3_(alertalligator.com)"
80.249.163.145 - - [06/May/2023:07:29:53 +0200] "POST /wp-cron.php?doing_wp_cron=1683350993.6730389595031738281250 HTTP/1.1" 200 20 "http://sobarlang-terapia.hu/wp-cron.php?doing_wp_cron=1683350993.6730389595031738281250" "WordPress/5.3.14; http://sobarlang-terapia.hu"
212.237.51.151 - - [06/May/2023:08:21:13 +0200] "HEAD / HTTP/1.1" 200 - "-" "Alert_Alligator_webmonitoring_service_1.6.4_(alertalligator.com)"
42.236.10.73 - - [06/May/2023:08:49:18 +0200] "GET / HTTP/1.1" 200 18015 "http://www.sobarlang-terapia.hu/" "Mozilla/5.0 (Windows NT 6.1; WOW64) AppleWebKit/537.36 (KHTML, like Gecko) Chrome/50.0.2661.102 Safari/537.36; 360Spider"
80.249.163.145 - - [06/May/2023:08:49:19 +0200] "POST /wp-cron.php?doing_wp_cron=1683355759.8530681133270263671875 HTTP/1.1" 200 20 "http://sobarlang-terapia.hu/wp-cron.php?doing_wp_cron=1683355759.8530681133270263671875" "WordPress/5.3.14; http://sobarlang-terapia.hu"
49.12.13.109 - - [06/May/2023:09:20:20 +0200] "HEAD / HTTP/1.1" 200 - "-" "Alert_Alligator_webmonitoring_service_1.6.3_(alertalligator.com)"
49.12.13.109 - - [06/May/2023:10:16:08 +0200] "HEAD / HTTP/1.1" 200 - "-" "Alert_Alligator_webmonitoring_service_1.6.4_(alertalligator.com)"
80.249.163.145 - - [06/May/2023:10:16:08 +0200] "POST /wp-cron.php?doing_wp_cron=1683360968.8001830577850341796875 HTTP/1.1" 200 20 "http://sobarlang-terapia.hu/wp-cron.php?doing_wp_cron=1683360968.8001830577850341796875" "WordPress/5.3.14; http://sobarlang-terapia.hu"
34.93.101.183 - - [06/May/2023:10:26:41 +0200] "GET /wp-admin/css/colors/coffee/index.php HTTP/1.1" 404 17973 "-" "Mozilla/5.0 (Linux; Android 7.0; SM-G892A Build/NRD90M; wv) AppleWebKit/537.36 (KHTML, like Gecko) Version/4.0 Chrome/60.0.3112.107 Mobile Safari/537.36"
80.249.163.145 - - [06/May/2023:10:26:42 +0200] "POST /wp-cron.php?doing_wp_cron=1683361602.2686119079589843750000 HTTP/1.1" 200 20 "http://sobarlang-terapia.hu/wp-cron.php?doing_wp_cron=1683361602.2686119079589843750000" "WordPress/5.3.14; http://sobarlang-terapia.hu"
95.213.186.158 - - [06/May/2023:10:36:05 +0200] "GET /wp-login.php HTTP/1.1" 200 1762 "" "Mozilla/5.0 (Windows NT 6.3; Win64; x64; rv:109.0) Gecko/20100101 Firefox/111.0"
95.213.186.158 - - [06/May/2023:10:36:06 +0200] "POST /wp-login.php HTTP/1.1" 200 2151 "http://sobarlang-terapia.hu/wp-login.php?redirect_to=http%3A%2F%2Fsobarlang-terapia.hu%2Fwp-admin%2F" "Mozilla/5.0 (Windows NT 6.3; Win64; x64; rv:109.0) Gecko/20100101 Firefox/111.0"
52.167.144.133 - - [06/May/2023:11:10:19 +0200] "GET /robots.txt HTTP/1.1" 200 114 "-" "Mozilla/5.0 AppleWebKit/537.36 (KHTML, like Gecko; compatible; bingbot/2.0; +http://www.bing.com/bingbot.htm) Chrome/103.0.5060.134 Safari/537.36"
49.12.13.109 - - [06/May/2023:11:15:27 +0200] "HEAD / HTTP/1.1" 200 - "-" "Alert_Alligator_webmonitoring_service_1.6.3_(alertalligator.com)"
49.12.13.109 - - [06/May/2023:12:14:30 +0200] "HEAD / HTTP/1.1" 200 - "-" "Alert_Alligator_webmonitoring_service_1.6.3_(alertalligator.com)"
80.249.163.145 - - [06/May/2023:12:14:30 +0200] "POST /wp-cron.php?doing_wp_cron=1683368070.8384759426116943359375 HTTP/1.1" 200 20 "http://sobarlang-terapia.hu/wp-cron.php?doing_wp_cron=1683368070.8384759426116943359375" "WordPress/5.3.14; http://sobarlang-terapia.hu"
49.12.13.109 - - [06/May/2023:13:15:40 +0200] "HEAD / HTTP/1.1" 200 - "-" "Alert_Alligator_webmonitoring_service_1.6.3_(alertalligator.com)"
80.249.163.145 - - [06/May/2023:13:15:40 +0200] "POST /wp-cron.php?doing_wp_cron=1683371740.9280490875244140625000 HTTP/1.1" 200 20 "http://sobarlang-terapia.hu/wp-cron.php?doing_wp_cron=1683371740.9280490875244140625000" "WordPress/5.3.14; http://sobarlang-terapia.hu"
49.12.13.109 - - [06/May/2023:14:14:46 +0200] "HEAD / HTTP/1.1" 200 - "-" "Alert_Alligator_webmonitoring_service_1.6.3_(alertalligator.com)"
80.249.163.145 - - [06/May/2023:14:14:47 +0200] "POST /wp-cron.php?doing_wp_cron=1683375287.1659080982208251953125 HTTP/1.1" 200 20 "http://sobarlang-terapia.hu/wp-cron.php?doing_wp_cron=1683375287.1659080982208251953125" "WordPress/5.3.14; http://sobarlang-terapia.hu"
49.12.13.109 - - [06/May/2023:15:16:16 +0200] "HEAD / HTTP/1.1" 200 - "-" "Alert_Alligator_webmonitoring_service_1.6.3_(alertalligator.com)"
80.249.163.145 - - [06/May/2023:15:16:17 +0200] "POST /wp-cron.php?doing_wp_cron=1683378977.0340449810028076171875 HTTP/1.1" 200 20 "http://sobarlang-terapia.hu/wp-cron.php?doing_wp_cron=1683378977.0340449810028076171875" "WordPress/5.3.14; http://sobarlang-terapia.hu"
128.199.26.128 - - [06/May/2023:15:18:03 +0200] "GET /wp-login.php HTTP/1.1" 200 1762 "" "Mozilla/5.0 (Windows NT 6.3; Win64; x64; rv:109.0) Gecko/20100101 Firefox/111.0"
128.199.26.128 - - [06/May/2023:15:18:04 +0200] "POST /wp-login.php HTTP/1.1" 200 2151 "http://sobarlang-terapia.hu/wp-login.php?redirect_to=http%3A%2F%2Fsobarlang-terapia.hu%2Fwp-admin%2F" "Mozilla/5.0 (Windows NT 6.3; Win64; x64; rv:109.0) Gecko/20100101 Firefox/111.0"
49.12.13.109 - - [06/May/2023:16:15:20 +0200] "HEAD / HTTP/1.1" 200 - "-" "Alert_Alligator_webmonitoring_service_1.6.3_(alertalligator.com)"
80.249.163.145 - - [06/May/2023:16:15:21 +0200] "POST /wp-cron.php?doing_wp_cron=1683382521.7968120574951171875000 HTTP/1.1" 200 20 "http://sobarlang-terapia.hu/wp-cron.php?doing_wp_cron=1683382521.7968120574951171875000" "WordPress/5.3.14; http://sobarlang-terapia.hu"
188.6.97.202 - - [06/May/2023:16:17:11 +0200] "GET / HTTP/1.1" 200 52940 "-" "Mozilla/5.0"
35.235.91.27 - - [06/May/2023:16:33:55 +0200] "GET /wp-login.php HTTP/1.1" 200 4807 "-" "Mozilla/5.0 (Windows NT 6.1) AppleWebKit/537.36 (KHTML, like Gecko) Chrome/45.0.2454.85 Safari/537.36 OPR/32.0.1948.45"
80.249.163.145 - - [06/May/2023:16:33:56 +0200] "POST /wp-cron.php?doing_wp_cron=1683383636.0990169048309326171875 HTTP/1.1" 200 20 "http://sobarlang-terapia.hu/wp-cron.php?doing_wp_cron=1683383636.0990169048309326171875" "WordPress/5.3.14; http://sobarlang-terapia.hu"
35.235.91.27 - - [06/May/2023:16:33:57 +0200] "POST /wp-login.php HTTP/1.1" 200 5717 "http://sobarlang-terapia.hu/wp-login.php" "Mozilla/5.0 (Windows NT 6.1) AppleWebKit/537.36 (KHTML, like Gecko) Chrome/45.0.2454.85 Safari/537.36 OPR/32.0.1948.45"
35.236.53.12 - - [06/May/2023:16:39:56 +0200] "GET /wp-login.php HTTP/1.1" 200 4807 "-" "Mozilla/5.0 (Windows NT 6.1) AppleWebKit/537.36 (KHTML, like Gecko) Chrome/45.0.2454.85 Safari/537.36 OPR/32.0.1948.45"
43.156.115.250 - - [06/May/2023:17:11:41 +0200] "GET //wp-content/themes/seotheme/db.php?u HTTP/1.1" 404 17966 "-" "Go-http-client/1.1"
49.12.13.109 - - [06/May/2023:17:14:26 +0200] "HEAD / HTTP/1.1" 200 - "-" "Alert_Alligator_webmonitoring_service_1.6.3_(alertalligator.com)"
49.12.13.109 - - [06/May/2023:17:43:13 +0200] "HEAD / HTTP/1.1" 200 - "-" "Alert_Alligator_webmonitoring_service_1.6.4_(alertalligator.com)"
80.249.163.145 - - [06/May/2023:17:43:14 +0200] "POST /wp-cron.php?doing_wp_cron=1683387794.0556099414825439453125 HTTP/1.1" 200 20 "http://sobarlang-terapia.hu/wp-cron.php?doing_wp_cron=1683387794.0556099414825439453125" "WordPress/5.3.14; http://sobarlang-terapia.hu"
49.12.13.109 - - [06/May/2023:18:46:24 +0200] "HEAD / HTTP/1.1" 200 - "-" "Alert_Alligator_webmonitoring_service_1.6.3_(alertalligator.com)"
80.249.163.145 - - [06/May/2023:18:46:25 +0200] "POST /wp-cron.php?doing_wp_cron=1683391585.3699080944061279296875 HTTP/1.1" 200 20 "http://sobarlang-terapia.hu/wp-cron.php?doing_wp_cron=1683391585.3699080944061279296875" "WordPress/5.3.14; http://sobarlang-terapia.hu"
194.1.192.34 - - [06/May/2023:19:06:40 +0200] "GET /wp-login.php HTTP/1.1" 200 1762 "-" "Mozilla/5.0 (X11; Ubuntu; Linux x86_64; rv:62.0) Gecko/20100101 Firefox/62.0"
194.1.192.34 - - [06/May/2023:19:06:41 +0200] "GET ///?author=1 HTTP/1.1" 200 18181 "-" "Mozilla/5.0 (X11; Ubuntu; Linux x86_64; rv:62.0) Gecko/20100101 Firefox/62.0"
194.1.192.34 - - [06/May/2023:19:06:42 +0200] "GET ///wp-json/wp/v2/users/ HTTP/1.1" 200 593 "-" "Mozilla/5.0 (X11; Ubuntu; Linux x86_64; rv:62.0) Gecko/20100101 Firefox/62.0"
194.1.192.34 - - [06/May/2023:19:06:43 +0200] "GET ///?author=2 HTTP/1.1" 404 17952 "-" "Mozilla/5.0 (X11; Ubuntu; Linux x86_64; rv:62.0) Gecko/20100101 Firefox/62.0"
172.104.47.193 - - [06/May/2023:19:30:50 +0200] "GET /wp-login.php HTTP/1.1" 200 1762 "" "Mozilla/5.0 (Windows NT 6.3; Win64; x64; rv:109.0) Gecko/20100101 Firefox/111.0"
80.249.163.145 - - [06/May/2023:19:30:51 +0200] "POST /wp-cron.php?doing_wp_cron=1683394251.3513920307159423828125 HTTP/1.1" 200 20 "http://sobarlang-terapia.hu/wp-cron.php?doing_wp_cron=1683394251.3513920307159423828125" "WordPress/5.3.14; http://sobarlang-terapia.hu"
172.104.47.193 - - [06/May/2023:19:30:53 +0200] "POST /wp-login.php HTTP/1.1" 200 2151 "http://sobarlang-terapia.hu/wp-login.php?redirect_to=http%3A%2F%2Fsobarlang-terapia.hu%2Fwp-admin%2F" "Mozilla/5.0 (Windows NT 6.3; Win64; x64; rv:109.0) Gecko/20100101 Firefox/111.0"
212.237.51.151 - - [06/May/2023:19:36:40 +0200] "HEAD / HTTP/1.1" 200 - "-" "Alert_Alligator_webmonitoring_service_1.6.4_(alertalligator.com)"
49.12.13.109 - - [06/May/2023:20:35:48 +0200] "HEAD / HTTP/1.1" 200 - "-" "Alert_Alligator_webmonitoring_service_1.6.3_(alertalligator.com)"
80.249.163.145 - - [06/May/2023:20:35:49 +0200] "POST /wp-cron.php?doing_wp_cron=1683398149.4684939384460449218750 HTTP/1.1" 200 20 "http://sobarlang-terapia.hu/wp-cron.php?doing_wp_cron=1683398149.4684939384460449218750" "WordPress/5.3.14; http://sobarlang-terapia.hu"
185.191.171.1 - - [06/May/2023:20:40:11 +0200] "GET /robots.txt HTTP/1.1" 200 114 "-" "Mozilla/5.0 (compatible; SemrushBot/7~bl; +http://www.semrush.com/bot.html)"
185.191.171.8 - - [06/May/2023:20:40:13 +0200] "GET / HTTP/1.1" 200 18012 "-" "Mozilla/5.0 (compatible; SemrushBot/7~bl; +http://www.semrush.com/bot.html)"
212.237.51.151 - - [06/May/2023:21:35:18 +0200] "HEAD / HTTP/1.1" 200 - "-" "Alert_Alligator_webmonitoring_service_1.6.4_(alertalligator.com)"
80.249.163.145 - - [06/May/2023:21:35:21 +0200] "POST /wp-cron.php?doing_wp_cron=1683401720.9735469818115234375000 HTTP/1.1" 200 20 "http://sobarlang-terapia.hu/wp-cron.php?doing_wp_cron=1683401720.9735469818115234375000" "WordPress/5.3.14; http://sobarlang-terapia.hu"
